-- https://www.phpmyadmin.net/
--

START TRANSACTION;



--
-- Database: `sahabat-genpro`
--

-- --------------------------------------------------------

--
-- Table structure for table `about_us`
--

CREATE TABLE `about_us` (
  `id` bigint(20) UNSIGNED NOT NULL,
  `about` text NOT NULL,
  `image_about_us` varchar(255) NOT NULL,
  `image_vision_mission` varchar(255) NOT NULL,
  `vision` text NOT NULL,
  `mission` text NOT NULL,
  `slider` varchar(255) NOT NULL,
  `slider_mobile` varchar(255) NOT NULL,
  `created_at` timestamp NULL DEFAULT NULL,
  `updated_at` timestamp NULL DEFAULT NULL
) ENGINE=InnoDB DEFAULT CHARSET=utf8mb4 COLLATE=utf8mb4_general_ci;

--
-- Dumping data for table `about_us`
--

INSERT INTO `about_us` (`id`, `about`, `image_about_us`, `image_vision_mission`, `vision`, `mission`, `slider`, `slider_mobile`, `created_at`, `updated_at`) VALUES
(1, '<p><strong>Genpro</strong> (Global Entrepreuner Profesional) adalah komunitas pengusaha profesional yang memiliki tujuan membangun peradaban dunia. Jaringan profesional di semua jenis usaha dan berjejaring untuk saling bersinergi menguatkan satu sama lain. Genpro didirikan di Jakarta pada tanggal 14 November 2014</p><p>Genpro berasal dari kata<strong> Gen</strong> (Gen, Genus, Generasi) dan <strong>Pro</strong> (Produktif, Proaktif, Profesional). <strong>GenPro</strong> memiliki makna, Generasi Pengusaha Muslim yang<strong> Produktif, Proaktif dan Profesional.</strong></p><p><strong>Manfaat</strong></p><ol><li>Sarana silaturahim para pengusaha muslim untuk bersinergi dalam kebaikan.</li><li>Sarana konsultasi khususnya bagi para ukm dan startup, untuk memecahkan berbagai macam problem yg muncul dalam bisnisnya.</li><li>Supporting system yang mengintegrasikan learning management system, program mentoring (pendampingan) dari para expert, pemberdayaan komunitas dalam satu platform digital</li></ol>', 'tentang/tentang-kami/01HFXB15DZV2M25RW2RD3SBNGW.jpg', 'tentang/misi/01HFXB15E5HVW3A17CWKM7KFJG.jpg', '<p>Menjadi organisasi pengusaha yang kokoh, melahirkan entrepreneur muslim sebagai penyokong peradaban dunia.</p>', '<p>Memberikan kesempatan yang memberdayakan pengusaha muslim untuk membuat perubahan yang positif</p>', 'tentang/slider/01HG0BDZ53291E1N818NPC4APG.jpg', 'tentang/slider-mobile/01HG0BDZ54DEW1NHXKJNH2Z4KY.jpg', '2023-11-22 05:17:38', '2023-11-24 02:44:51');

-- --------------------------------------------------------

--
-- Table structure for table `addresses`
--

CREATE TABLE `addresses` (
  `id` bigint(20) UNSIGNED NOT NULL,
  `address` text NOT NULL,
  `country` varchar(255) NOT NULL,
  `member_id` bigint(20) UNSIGNED NOT NULL,
  `province_id` bigint(20) UNSIGNED DEFAULT NULL,
  `created_at` timestamp NULL DEFAULT NULL,
  `updated_at` timestamp NULL DEFAULT NULL
) ENGINE=InnoDB DEFAULT CHARSET=utf8mb4 COLLATE=utf8mb4_unicode_ci;

--
-- Dumping data for table `addresses`
--

INSERT INTO `addresses` (`id`, `address`, `country`, `member_id`, `province_id`, `created_at`, `updated_at`) VALUES
(1, 'Jl. Batu ampar 1 RT 07 RW 01. Batu Ampar, Kramat jati, Jakarta Timur.', 'Indonesia', 3331, 31, '2024-12-08 19:48:52', '2024-12-08 19:48:52'),
(2, 'Jl. RA. Kartini no. 9B Pandanwangi Cinunuk Bandunh', 'Indonesia', 3330, 32, '2024-12-08 19:48:52', '2024-12-08 19:48:52'),
(3, 'Depok', 'Indonesia', 3328, 32, '2024-12-08 19:48:52', '2024-12-08 19:48:52'),
(4, 'Jambi', 'Indonesia', 3327, 15, '2024-12-08 19:48:52', '2024-12-08 19:48:52'),
(5, 'Sukabumi', 'Indonesia', 3326, 32, '2024-12-08 19:48:52', '2024-12-08 19:48:52'),
(6, 'Jln. Cisarua km 03 Kadudampit Kab. Sukabumi', 'Indonesia', 3323, 32, '2024-12-08 19:48:52', '2024-12-08 19:48:52'),
(7, 'Jl. Margonda No.535 A, Pondok Cina, Kecamatan Beji, Kota Depok, Jawa Barat 16424', 'Indonesia', 3320, 32, '2024-12-08 19:48:52', '2024-12-08 19:48:52'),
(8, 'Jl. Batuampar 1, Condet, Jakarta Timur', 'Indonesia', 3316, 31, '2024-12-08 19:48:52', '2024-12-08 19:48:52'),
(9, '-', 'Indonesia', 3314, 31, '2024-12-08 19:48:52', '2024-12-08 19:48:52'),
(10, 'GDC ruko Cluster Anggrek 1 blok C1 no 5 depok', 'Indonesia', 3310, 32, '2024-12-08 19:48:52', '2024-12-08 19:48:52'),
(11, 'Kota Bogor', 'Indonesia', 3304, 32, '2024-12-08 19:48:52', '2024-12-08 19:48:52'),
(12, 'No.6, Jalan Sutera 3, Taman Sutera, Seberang Jaya, 13700 Perai, Pulau Pinang, Malaysia', 'Malaysia', 3302, NULL, '2024-12-08 19:48:52', '2024-12-08 19:48:52'),
(13, 'ezaabdullah68@gmail.com', 'Indonesia', 3300, 32, '2024-12-08 19:48:52', '2024-12-08 19:48:52'),
(14, 'Seri Kembangan, Selangor', 'Malaysia', 3295, NULL, '2024-12-08 19:48:52', '2024-12-08 19:48:52'),
(15, 'Perumahan Bukit Cimanggu City Kencana Residence Cluster Greenwood Blok KA 9 No. 1 Kel. Kencana Kec. Tanah Sareal', 'Indonesia', 3293, 32, '2024-12-08 19:48:52', '2024-12-08 19:48:52'),
(16, 'Bukit Cimanggu City Blok V7/30 Mekarwangi Tanah Sareal Bogor 16168 Jawa Barat - Indonesia', 'Indonesia', 3292, 32, '2024-12-08 19:48:52', '2024-12-08 19:48:52'),
(17, 'Jl. Komp. Bogor Raya Permai No.4, RT.03/RW.07, Curug, Kec. Bogor Bar., Kota Bogor, Jawa Barat 16113', 'Indonesia', 3290, 32, '2024-12-08 19:48:52', '2024-12-08 19:48:52'),
(18, 'Jl Kacapiring IV Blok V-5 No 1 Kedungwaringin Tanah Sareal Kota Bogor', 'Indonesia', 3288, 32, '2024-12-08 19:48:52', '2024-12-08 19:48:52'),
(19, '1, Jalan 14, Taman Batu, 68100 Batu Caves, Selangor', 'Malaysia', 3286, NULL, '2024-12-08 19:48:52', '2024-12-08 19:48:52'),
(20, 'Graha Mampang Lantai 3 Kv 31', 'Indonesia', 3282, 32, '2024-12-08 19:48:52', '2024-12-08 19:48:52'),
(21, 'Jl.RA.Kartini no.9B Pandanwangi Cinunuk Bandung 40393', 'Indonesia', 2483, NULL, '2024-12-08 19:48:52', '2024-12-08 19:48:52'),
(22, 'Komp. Puspiptek blok 2G-10', 'Indonesia', 1239, 36, '2024-12-08 19:48:52', '2024-12-08 19:48:52');

-- --------------------------------------------------------

--
-- Table structure for table `articles`
--

CREATE TABLE `articles` (
  `id` int(11) NOT NULL,
  `title` varchar(255) DEFAULT NULL,
  `slug` varchar(200) DEFAULT NULL,
  `description` text DEFAULT NULL,
  `image` varchar(250) DEFAULT NULL,
  `views` int(11) DEFAULT 0,
  `category_article_id` bigint(20) UNSIGNED NOT NULL,
  `created_at` timestamp NULL DEFAULT NULL,
  `updated_at` timestamp NULL DEFAULT NULL
) ENGINE=InnoDB DEFAULT CHARSET=latin1 COLLATE=latin1_swedish_ci;

--
-- Dumping data for table `articles`
--

INSERT INTO `articles` (`id`, `title`, `slug`, `description`, `image`, `views`, `category_article_id`, `created_at`, `updated_at`) VALUES
(1, 'Rahasia Hidup Bahagia Tanpa Syarat', 'rahasia-hidup-bahagia-tanpa-syarat', '<p>Sampai suatu ketika, ia bertemu dengan orang tua berusia 80 tahun yang hidup sendirian bersama pelayannya. Istrinya sudah meninggal 10 tahun lalu. Bukan hanya tua dan sendirian, ia juga buta dan hanya bisa duduk di kursi roda karena lumpuh.</p>\r\nAnak muda ini melihat orang tua tersebut selalu tersenyum dan sinar wajahnya terlihat bahagia walaupun keadaannya seperti itu.\r\n\r\n<p>Karena penasaran, anak muda ini bertanya padanya bagaimana ia bisa tetap bahagia meski buta dan tak bisa berjalan. Di sisi lain ia masih muda dan kondisinya lebih baik, tapi malah tidak bahagia.</p>\r\nOrang tua tersebut menjawab, &ldquo;Aku bahagia karena aku memilih untuk bahagia. Kebahagiaan itu adalah keputusan. Tidak peduli apakah Anda sedih atau bahagia, yang penting aku bisa memutuskan untuk sedih atau bahagia. Dan aku memilih untuk bahagia. Itulah keputusan yang kubuat meski menghadapi masa sulit. Aku bisa saja mengeluh tentang diriku yang sekarang ini, atau bersyukur atas apa yang masih kumiliki dan bisa kuperbuat saat ini. Kita hanya hidup sekali. Dan saranku adalah simpanlah kebahagiaanmu dan keluarkan semua kesedihanmu dari dalam pikiranmu.&rdquo;\r\n\r\n<p>Pembaca sekalian, Apa pun keadaan yang Anda miliki, senang atau sedih, Anda punya kendali. Anda bisa memilih. Anda bisa memilih untuk merasa sedih atau memilih untuk merasa senang di sini juga dan detik ini juga. Apa yang terjadi pada diri Anda memang tidak bisa berubah, tapi pilihan Anda bisa berubah. Itu yang harus Anda sadari.</p>\r\n\r\n<p>Ada&nbsp;beberapa tips untuk menjadi orang yang bahagia tanpa syarat. Tanpa syarat maksudnya adalah tanpa embel-embel apa pun. Banyak orang kepingin bahagia, tanpa ada syarat dan ketentuan berlaku.</p>\r\nPernah dengan orang mengatakan, &ldquo;Aku baru bahagia kalau punya banyak uang.&rdquo;?\r\n\r\n<p>&ldquo;Gimana gak sedih, gak punya duit, pacar pun tak punya.&rdquo;</p>\r\n&ldquo;Aku senang kalau punya duit banyak, pacar cantik, rumah gede, punya pesawat jet dan bla bla bla.&rdquo;\r\n\r\n<p>Akrab dengan perkataan seperti itu?</p>\r\nItulah bahagia dengan syarat tertentu. Dan biasanya orang jadi sedih jika syarat itu tak terpenuhi. Padahal bahagia bisa diraih tanpa itu semua.\r\n\r\n<p>Yang pertama adalah putuskan untuk bahagia detik ini juga. Kalau selama ini Anda suka bergalau ria, itu karena Anda memilih untuk galau. Nah, sebaliknya, Anda juga bisa memilih untuk berhepi ria.</p>\r\nYang kedua, hargai dan syukuri apa yang dimiliki saat ini. banyak orang tidak menghargai apa yang dimiliki sampai itu semua direnggut darinya. Ketika Anda bersyukur, Anda merasakan kebahagiaan dan kekayaan batin. Kencangkan sabuk syukur Anda dengan menghargai apa yang sudah dimiliki.\r\n\r\n<p>Yang ketiga, jauhkan pikiran dari hal negatif. Anda mungkin sudah mengerti ini. bagaimana mungkin bisa bahagia kalau pikiran terus memikirkan sesuatu yang galau? Ya, ujung-ujungnya meraung-raung.</p>\r\nYang keempat, berikan sebagian milik Anda pada orang lain. Istilah kerennya sedekah. Khusus untuk ini, saya tak perlu lagi menjelaskan sampai mulut berbuih. Banyak yang membahas tentang sedekah ini. Sedekah, apabila bisa membantu apalagi membuat orang bahagia, otomatis kita akan lebih bahagia.&nbsp;Ada&nbsp;rasa bahagia tersendiri ketika melihat orang lain bahagia karena pemberian kita.\r\n\r\n<p>Yang terpenting adalah kebahagiaan sejati yang datang dari dalam diri Anda lebih bertahan lama ketimbang kebahagiaan semua yang ada syarat dan ketentuan berlaku. Ketika kebahagiaan diraih tanpa syarat, kondisi separah apa pun tidak akan sanggup membuat Anda bersedih.</p>\r\n', 'artikel-rahasia-hidup-bahagia-tanpa-syarat-1.jpg', 430, 0, '2015-03-26 00:48:49', '2020-08-30 23:39:58'),
(2, 'Cara Memahami Anak Dari Apa Yang Mereka Suka', 'cara-memahami-anak-dari-apa-yang-mereka-suka', '<p><strong>Mendukung keputusan mereka sebaik mungkin</strong></p>\r\nSebagai orang tua, kita memiliki tanggung jawab untuk mendukung anak-anak kita. Kadang-kadang kita ingin anak kita menyukai apa yang kita sukai. Anak Anda menyukai apa yang mereka sukai dan kita harus mendukung mereka. Ini hanya sebuah contoh, tapi saya telah bertemu banyak orang yang mengejar karir tertentu karena orang tua mereka menginginkannya. Sekarang mereka bekerja sesuai dengan keinginan orangtua mereka tapi mereka membenci pekerjaan tersebut. Hidup mereka sengsara sekali karena mereka merasa seolah-olah mereka harus menyenangkan orang tua mereka dalam hal itu. Biarkan anak-anak Anda menyukai apa yang mereka sukai.\r\n\r\n<p>Beberapa orang tua mengintimidasi anak-anak mereka untuk melakukan apa yang orang tua inginkan. Saya tahu orang-orang yang memiliki anak-anak yang menyukai olahraga dan benci musik. Orang tua melarang anak untuk bermain olahraga, tetapi memaksa anak untuk bermain musik. Jika Anda ingin menjadi efektif sebagai orangtua, Anda harus baik-baik saja dengan membiarkan anak Anda untuk mengejar hal-hal yang paling mereka inginkan.</p>\r\n<strong>Berbagi pengalaman sebanyak mungkin</strong>\r\n\r\n<p>Anak Anda akan merasa senang dengan partisipasi Anda dalam kegiatan mereka . Bila Anda tahu anak Anda suka hal tertentu, buatlah sebuah momen untuk melakukan hal-hal tertentu dengan mereka. Anda sudah menyediakan waktu dan mereka akan berterima kasih karena mereka dapat berbagi pengalaman dengan Anda. Berbagi pengalaman dengan anak-anak Anda membuka komunikasi, pemahaman dan kepercayaan yang lebih baik dalam hubungan orangtua dan anak Anda.&nbsp;</p>\r\n<strong>Bersedia untuk mempelajari lebih lanjut</strong><br />\r\n<br />\r\nSaya akan jujur. Saya suka basket, tapi saya tidak terlalu bisa bermain basket. Saya melihat tim Bulls setiap pertandingan basket ketika Michael Jordan bermain. Saya menyukai permainan playoff dari tim yang saya suka. Tapi selain itu, saya bukan penggemar basket fanatik. Namun, saya telah membeli dan membaca beberapa buku untuk anak-anak tentang basket karena itu permainaan kesenangan anak saya.&nbsp;&nbsp;Kami sekarang dapat melakukan percakapan tentang basket. Jika anak Anda sangat tertarik dengan mata pelajarantertentu sedangkan Anda tidak mengetahui atau tidak tertarik, maka pelajarilah lebih lanjut tentang topik itu sehingga Anda dan anak Anda dapat berbagi kesamaan ketika Anda berbicara kepada mereka.', 'artikel-cara-memahami-anak-dari-apa-yang-mereka-suka-2.jpg', 372, 0, '2015-03-26 01:27:01', '2020-08-17 15:04:59'),
(3, '1O Kesalahan Mendidik Anak', '1o-kesalahan-mendidik-anak', 'Baru kemudian, ketika anak-anak berbuat durhaka, melawan orang tua, atau menyimpang dari aturan agama dan tatanan sosial, banyak orang tua mulai kebakaran jenggot atau justru menyalahkan anaknya. Tragisnya, banyak yang tidak sadar, bahwa sebenarnya orang tuanyalah yang menjadi penyebab utama munculnya sikap durhaka itu.<br />\r\n<br />\r\nLalai atau salah dalam mendidik anak itu bermacam-macam bentuknya ; yang tanpa kita sadari memberi andil munculnya sikap durhaka kepada orang tua, maupun kenakalan remaja. Berikut ini sepuluh bentuk kesalahan yang sering dilakukan oleh orang tua dalam mendidik anak-anaknya.<br />\r\n<br />\r\n[1]. Menumbuhkan Rasa Takut Dan Minder Pada Anak<br />\r\nKadang, ketika anak menangis, kita menakut-nakuti mereka agar berhenti menangis. Kita takuti mereka dengan gambaran hantu, jin, suara angin dan lain-lain. Dampaknya, anak akan tumbuh menjadi seorang penakut : Takut pada bayangannya sendiri, takut pada sesuatu yang sebenarnya tidak perlu ditakuti. Misalnya takut ke kamar mandi sendiri, takut tidur sendiri karena seringnya mendengar cerita-cerita tentang hantu, jin dan lain-lain.<br />\r\n<br />\r\nDan yang paling parah tanpa disadari, kita telah menanamkan rasa takut kepada dirinya sendiri. Atau misalnya, kita khawatir ketika mereka jatuh dan ada darah di wajahnya, tangan atau lututnya. Padahal semestinya, kita bersikap tenang dan menampakkan senyuman menghadapi ketakutan anak tersebut. Bukannya justru menakut-nakutinya, menampar wajahnya, atau memarahinya serta membesar-besarkan masalah. Akibatnya, anak-anak semakin keras tangisnya, dan akan terbiasa menjadi takut apabila melihat darah atau merasa sakit.<br />\r\n<br />\r\n[2]. Mendidiknya Menjadi Sombong, Panjang Lidah, Congkak Terhadap Orang Lain. Dan Itu Dianggap Sebagai Sikap Pemberani.<br />\r\nKesalahan ini merupakan kebalikan point pertama. Yang benar ialah bersikap tengah-tengah, tidak berlebihan dan tidak dikurang-kurangi. Berani tidak harus dengan bersikap sombong atau congkak kepada orang lain. Tetapi, sikap berani yang selaras tempatnya dan rasa takut apabila memang sesuatu itu harus ditakuti. Misalnya : takut berbohong, karena ia tahu, jika Allah tidak suka kepada anak yang suka berbohong, atau rasa takut kepada binatang buas yang membahayakan. Kita didik anak kita untuk berani dan tidak takut dalam mengamalkan kebenaran.<br />\r\n<br />\r\n[3]. Membiasakan Anak-Anak Hidup Berfoya-foya, Bermewah-mewah Dan Sombong.<br />\r\nDengan kebiasaan ini, sang anak bisa tumbuh menjadi anak yang suka kemewahan, suka bersenang-senang. Hanya mementingkan dirinya sendiri, tidak peduli terhadap keadaan orang lain. Mendidik anak seperti ini dapat merusak fitrah, membunuh sikap istiqomah dalam bersikap zuhud di dunia, membinasakah muru&rsquo;ah (harga diri) dan kebenaran.<br />\r\n<br />\r\n[4]. Selalu Memenuhi Permintaan Anak<br />\r\nSebagian orang tua ada yang selalu memberi setiap yang diinginkan anaknya, tanpa memikirkan baik dan buruknya bagi anak. Padahal, tidak setiap yang diinginkan anaknya itu bermanfaat atau sesuai dengan usia dan kebutuhannya. Misalnya si anak minta tas baru yang sedang trend, padahal baru sebulan yang lalu orang tua membelikannya tas baru. Hal ini hanya akan menghambur-hamburkan uang. Kalau anak terbiasa terpenuhi segala permintaanya, maka mereka akan tumbuh menjadi anak yang tidak peduli pada nilai uang dan beratnya mencari nafkah. Serta mereka akan menjadi orang yang tidak bisa membelanjakan uangnya dengan baik.<br />\r\n<br />\r\n[5]. Selalu Memenuhi Permintaan Anak, Ketika Menangis, Terutama Anak Yang Masih Kecil.<br />\r\nSering terjadi, anak kita yang masih kecil minta sesuatu. Jika kita menolaknya karena suatu alasan, ia akan memaksa atau mengeluarkan senjatanya, yaitu menangis. Akhirnya, orang tua akan segera memenuhi permintaannya karena kasihan atau agar anak segera berhenti menangis. Hal ini dapat menyebabkan sang anak menjadi lemah, cengeng dan tidak punya jati diri.<br />\r\n<br />\r\n[6]. Terlalu Keras Dan Kaku Dalam Menghadapi Mereka, Melebihi Batas Kewajaran.<br />\r\nMisalnya dengan memukul mereka hingga memar, memarahinya dengan bentakan dan cacian, ataupun dengan cara-cara keras lainnya. Ini kadang terjadi ketika sang anak sengaja berbuat salah. Padahal ia (mungkin) baru sekali melakukannya.<br />\r\n<br />\r\n[7]. Terlalu Pelit Pada Anak-Anak, Melebihi Batas Kewajaran<br />\r\nAda juga orang tua yang terlalu pelit kepada anak-anaknya, hingga anak-anaknya merasa kurang terpenuhi kebutuhannya. Pada akhirnya mendorong anak-anak itu untuk mencari uang sendiri dengan bebagai cara. Misalnya : dengan mencuri, meminta-minta pada orang lain, atau dengan cara lain. Yang lebih parah lagi, ada orang tua yang tega menitipkan anaknya ke panti asuhan untuk mengurangi beban dirinya. Bahkan, ada pula yang tega menjual anaknya, karena merasa tidak mampu membiayai hidup. Naa&rsquo;udzubillah mindzalik<br />\r\n<br />\r\n<img alt=\"https://fbexternal-a.akamaihd.net/safe_image.php?d=AQC_zl-Ddky4dZDX&amp;url=http%3A%2F%2Fwb3.itrademarket.com%2Fpdimage%2F02%2F430102_gencintarasul.jpg\" src=\"https://lh3.googleusercontent.com/8y1JSzgUx41a6nevaC7ANCi9W3Oh1PWY5ByMYSm1b-Px6sHFgEsub-W_7IBSQamD56dddJoSa94eIilRGxqxMVCSGyHfmVUFcXHAZr547afs3MYmbd3P_40JABvpTtM4QDAEog3J9AIIDYVo\" style=\"height:379px; width:306px\" /><img src=\"https://docs.google.com/drawings/d/sfARhQpXmWPizwqyHUV-i2g/image?w=32&amp;h=32&amp;rev=1&amp;ac=1\" style=\"height:32px; width:32px\" /><br />\r\n<br />\r\n[8]. Tidak Mengasihi Dan Menyayangi Mereka, Sehingga Membuat Mereka Mencari Kasih Sayang Diluar Rumah Hingga Menemukan Yang Dicarinya.<br />\r\nFenomena demikian ini banyak terjadi. Telah menyebabkan anak-anak terjerumus ke dalam pergaulan bebas &ndash;waiyadzubillah-. Seorang anak perempuan misalnya, karena tidak mendapat perhatian dari keluarganya ia mencari perhatian dari laki-laki di luar lingkungan keluarganya. Dia merasa senang mendapatkan perhatian dari laki-laki itu, karena sering memujinya, merayu dan sebagainya. Hingga ia rela menyerahkan kehormatannya demi cinta semu.<br />\r\n<br />\r\n[9]. Hanya Memperhatikan Kebutuhan Jasmaninya Saja.<br />\r\nBanyak orang tua yang mengira, bahwa mereka telah memberikan yang terbaik untuk anak-anaknya. Banyak orang tua merasa telah memberikan pendidikan yang baik, makanan dan minuman yang bergizi, pakaian yang bagus dan sekolah yang berkualitas. Sementara itu, tidak ada upaya untuk mendidik anak-anaknya agar beragama secara benar serta berakhlak mulia. Orang tua lupa, bahwa anak tidak cukup hanya diberi materi saja. Anak-anak juga membutuhkan perhatian dan kasih sayang. Bila kasih sayang tidak di dapatkan dirumahnya, maka ia akan mencarinya dari orang lain.<br />\r\n<br />\r\n[10]. Terlalu Berprasangka Baik Kepada Anak-Anaknya<br />\r\nAda sebagian orang tua yang selalu berprasangka baik kepada anak-anaknya. Menyangka, bila anak-anaknya baik-baik saja dan merasa tidak perlu ada yang dikhawatirkan, tidak pernah mengecek keadaan anak-anaknya, tidak mengenal teman dekat anaknya, atau apa saja aktifitasnya. Sangat percaya kepada anak-anaknya. Ketika tiba-tiba, mendapati anaknya terkena musibah atau gejala menyimpang, misalnya terkena narkoba, barulah orang tua tersentak kaget. Berusaha menutup-nutupinya serta segera memaafkannya. Akhirnya yang tersisa hanyalan penyesalan tak berguna.<br />\r\n<br />\r\nDemikianlah sepuluh kesalahan yang sering dilakukan orang tua. Yang mungkin kita juga tidak menyadari bila telah melakukannya. Untuk itu, marilah berusaha untuk terus menerus mencari ilmu, terutama berkaitan dengan pendidikan anak, agar kita terhindar dari kesalahan-kesalahan dalam mendidik anak, yang bisa menjadi fatal akibatnya bagi masa depan mereka. Kita selalu berdo&rsquo;a, semoga anak-anak kita tumbuh menjadi generasi shalih dan shalihah serta berakhlak mulia. Wallahu a&rsquo;lam bishshawab.', 'artikel-1o-kesalahan-mendidik-anak-3.jpg', 630, 0, '2015-03-26 05:57:16', '2020-08-23 23:12:16'),
(4, '6 Kiat Mengatasi Anak Yang Susah Makan', '6-kiat-mengatasi-anak-yang-susah-makan', '<p>Sebagai orang tua yang bertanggung jawab pasti akan berupaya dengan sebaik mungkin supaya anak-anaknya dapat tumbuh sehat dan kuat, berbagai macam cara akan dilakukan termasuk dengan memberikan asupan gizi melalui makanan yang terbaik. Namun, harapan dari orang tua terkadang tidak mendapatkan tanggapan yang positif dari si anak, kerapkali orang tua justru dibuat resah karena tiba-tiba buah hatinya menolak untuk makan.</p>\r\n\r\n<p>Sebuah jurnal informasi kesehatan menjelaskan bahwa anak-anak usia 1 hingga 3 tahun yang sedang mengalami susah makan sebenarnya adalah hal yang wajar. Tetapi orang tua tetap perlu mencari penyebab buah hatinya mengalami susah makan. Bagaimana pun adalah tidak baik untuk memaksa atau memarahi anak-anak hanya sekedar untuk menyuruhnya makan.</p>\r\n\r\n<p><strong>Kenali Penyebabnya</strong></p>\r\n\r\n<p><strong>1. Masa Peralihan</strong></p>\r\n\r\n<p>Dalam setiap periode tumbuh kembang seorang anak selalu ada masa peralihan dan hal ini perlu mendapatkan perhatian khusus dari orang tuanya. Sebagai contoh, masa peralihan dari bentuk makanan lembek yang biasa dikonsumsi oleh si anak dan tiba-tiba harus diganti ke bentuk makanan padat.</p>\r\n\r\n<p><strong>2. Masalah Kesehatan</strong></p>\r\n\r\n<p>Umumnya sering dialami oleh anak-anak yang habis sembuh dari sakit, di mana tubuh mereka butuh waktu untuk melakukan pemulihan, sehingga selezat apa pun makanan yang diberikan oleh orang tuanya kadang jarang ada yang disentuhnya.</p>\r\n\r\n<p><strong>3. Masalah Psikis</strong></p>\r\n\r\n<p>Tidak hanya orang dewasa saja yang mengalami stres tetapi anak-anak pun bisa mengalaminya, sehingga hal ini dapat memengaruhi pola makannya. Stres yang sedang dialami oleh seorang anak umumnya terjadi akibat perceraian orang tua, beban pelajaran di sekolah, masalah pergaulan dan sebagainya.</p>\r\n\r\n<p>Berikut ini adalah beberapa saran yang setiap orang tua bisa lakukan supaya anak-anak Anda bisa mendapatkan kembali nafsu makannya.</p>\r\n\r\n<p><strong>1. Sajikan makanan dalam porsi kecil</strong></p>\r\n\r\n<p>Ketika selera makan anak Anda menurun atau bahkan hilang sama sekali, tentunya Anda tidak ingin kalau sampai dia tidak mengisi perutnya sama sekali. Sajikan makanan dalam porsi kecil supaya anak Anda tidak merasa terbebani untuk menghabiskannya.</p>\r\n\r\n<p><strong>2. Buatlah makanan bervariasi</strong></p>\r\n\r\n<p>Untuk menghindari rasa bosan usahakan untuk tidak memasak makanan yang sama setiap harinya. Buatlah makanan bervariasi dan sesuaikan dengan selera yang disukai oleh anak, juga tidak ada salahnya bila Anda terlebih dahulu menanyakan makanan apa yang ingin dia makan hari ini.</p>\r\n\r\n<p><strong>3. Perhatikan cara penyajiannya</strong></p>\r\n\r\n<p>Cara penyajian yang monoton terkadang juga bisa membuat anak merasa bosan dengan menu makanan yang akan dia makan. Untuk mengatasi hal ini orang tua bisa menyiasatinya dengan cara membuat kreasi pada makanan, seperti mencetak nasi menggunakan cetak kue atau menaruh makanan pada piring/tempat yang lucu.</p>\r\n\r\n<p><strong>4. Buat suasana makan jadi menyenangkan</strong></p>\r\n\r\n<p>Ketika anak Anda menolak untuk makan, sebisa mungkin hindari memarahi atau menghukumnya, bujuklah dia dengan penuh kesabaran dan buatlah suasana makannya jadi menyenangkan.</p>\r\n\r\n<p><strong>5. Berikan camilan sehat</strong></p>\r\n\r\n<p>Anak-anak yang mengalami susah makan umumnya hanya mau mengonsumsi sesuatu yang disukainya seperti es krim, kue, permen, makanan ringan dan sebagainya. Seperti yang Anda ketahui makanan-makanan tersebut tidak sehat, untuk mengatasinya Anda dapat membuat sendiri camilan sehat yang pasti akan jauh lebih aman bagi kesehatan anak Anda.</p>\r\n\r\n<p><strong>6. Melibatkan anak dalam proses pembuatan makanan</strong></p>\r\nAnak-anak paling suka bila dilibatkan dalam proses pembuatan makanan yang akan dia konsumsi. Karena itu, ajaklah dia dan biarkan dia mengerjakannya sendiri dan tentunya tetap dengan bantuan serta pengawasan dari Anda.', 'artikel-6-kiat-mengatasi-anak-yang-susah-makan-4.jpg', 237, 0, '2015-03-26 06:01:16', '2020-09-19 01:54:25'),
(6, 'Manfaat Rebung Bagi Kesehatan', 'manfaat-rebung-bagi-kesehatan', '<br />\r\nIstilah itu yang sebenarnya tidak ada sangkut pautnya jika kita mengkonsumsinya, Padahal rebung menawarkan banyak manfaat yang besar bagi kesehatan tubuh.<br />\r\n<br />\r\nBerikut beberapa manfaat yang bisa diperoleh jika kita mengkonsumsi rebung :<br />\r\n&nbsp;\r\n<div style=\"margin-left: 40px;\"><strong>1. Menurunkan berat badan</strong><br />\r\n<br />\r\nRebung bisa membantu menurunkan berat badan. Hal ini berkat kandungan kalorinya yang rendah. Selain itu, rebung juga mengandung serat yang tinggi sehingga akan membuat perut ada cepat kenyang ketika mengkonsumsinya.<br />\r\n<br />\r\n<br />\r\n<strong>2. Menurunkan kolesterol</strong><br />\r\n<br />\r\nDalam setiap 100 gram porsinya, rebung mengandung gula sebesar 2,5 gram. Sementara itu, kandungan lemak tak jenuh dan lemak jenuhnya sekitar 0,49 gram. Kedua hal tersebut membuat rebung menjadi makanan yang mampu membantu mengurangi kadar kolesterol darah dan menyehatkan jantung.<br />\r\n<br />\r\n<br />\r\n<strong>3. Meningkatkan sistem kekebalan tubuh</strong><br />\r\n<br />\r\nRebung juga mengandung banyak vitamin seperti vitamin A, vitamin E, vitamin B6, asam folat, thiamine, riboflavin, dan niasin. Rebung juga mengandung mineral penting seperti zat besi, mangan, tembaga, kalium, fosfor, natrium, seng, magnesium, dan kalsium. Semua nutrisi tersebut sangat penting untuk meningkatkan sistem kekebalan tubuh.<br />\r\n<br />\r\n<br />\r\n<strong>4. Mengatasi masalah pernapasan</strong><br />\r\n<br />\r\nRebung mengandung asam amino dan merupakan sumber protein yang baik. Hal ini membuat rebung memiliki potensi untuk mengatasi masalah pernapasan seperti pilek, batuk, atau hidung tersumbat.<br />\r\n<br />\r\n<br />\r\n<strong>5. Menyehatkan pencernaan</strong><br />\r\n<br />\r\nRebung dapat membantu mengatasi masalah pencernaan seperti diare dan gastroenteritis. Selain itu, rebung juga bisa dimanfaatkan sebagai obat untuk mengobati cacingan.<br />\r\n<br />\r\n<br />\r\n<strong>6. Melawan kanker</strong><br />\r\n<br />\r\nRebung mengandung fitosterol seperti flavone, amilasi, dan klorofil yang dapat membantu melawan kanker.<br />\r\n<br />\r\n<br />\r\n<strong>7. Menurunkan tekanan darah</strong><br />\r\n<br />\r\nTingginya kandungan kalium di dalamnya, membuat rebung menjadi salah satu makanan yang dapat membantu menurunkan tekanan darah serta menjaganya agar tetap normal. Mengkonsumsi rebung juga dikaitkan dengan penurunan depresi, penyakit mental, dan kecemasan.<br />\r\n<br />\r\n<br />\r\n<strong>8. Melancarkan siklus menstruasi</strong><br />\r\n<br />\r\nApabila siklus menstruasi anda tidak lancar, cobalah untuk mengkonsumsi rebung. Hal ini karena rebung mengandung bahan alami yang dapat membantu memperlancar siklus menstruasi serta dapat mengurangi nyeri.<br />\r\n<br />\r\n<br />\r\n<strong>9. Menyembukan bisul dan luka</strong><br />\r\n<br />\r\nBerdasarkan penelitian terbaru, rebung mempunyai sifat anti inflamasi dan analgesik yang dapat membantu mempercepat proses penyembuhan bisul dan luka.<br />\r\n<br />\r\n<br />\r\n<strong>10. Memperlancar proses kelahiran</strong><br />\r\n<br />\r\nRebung termasuk tanaman jenis uterotonika yang mampu membantu meningkatkan kontrasi rahim sehingga dapat memperlancar proses kelahiran.<br />\r\n&nbsp;</div>\r\nBanyak bukan manfaat yang kita peroleh dari REBUNG jadi jangan segan &ndash; segan lagi untuk mengolah Rebung menjadi masakan yang Sehat dan juga Ekonomis karena harganya yang tidak terlalu mahal bahkan bisa kita dapatkan secara &nbsp;&nbsp;Gratisss di sekitar tempat tinggal kita.<br />\r\n&nbsp;', 'artikel-manfaat-rebung-bagi-kesehatan-6.jpg', 5582, 0, '2015-04-07 04:17:59', '2022-12-16 17:50:14'),
(8, 'Mencari Funding Dulu atau Membuat Produk Dulu?', 'mencari-funding-dulu-atau-membuat-produk-dulu', '<p>Setiap startup pasti membutuhkan modal, pertanyaannya dari mana Anda mendapat sumber modal? Jika Anda masih muda atau tidak memiliki banyak aset yang bisa dijaminkan maka mengajukan kredit usaha ke Bank hampir mustahil. Pilihan paling bijak untuk startup adalah dengan mencari investor startup.</p>\r\n\r\n<p>Investor startup ada beberapa karakteristik, berikut penjelasannya:</p>\r\n\r\n<ul>\r\n	<li>Investor Inkubator: Ini adalah jenis investor yang memberikan pelatihan, pendanaan dan akses lebih untuk mempermudah kelancaran bisnis kepada calon startup.</li>\r\n	<li>Angel investor: Angel investor adalah orang-orang yang memberikan Anda modal, seperti keluarga dan teman. Angel investor biasanya mengatasnamakan nama perorangan dan tidak berbadan hukum.</li>\r\n	<li>Early stage investor: Investor tipe ini adalah investor yang memberikan dana investasi saat startup baru berdiri.</li>\r\n</ul>\r\n\r\n<p>Ke tiga karakteristik investor di atas mempunyai beberapa kesamaan, yaitu:</p>\r\n\r\n<ul>\r\n	<li>High risk: Investasi pada awal perusahaan berdiri sangatlah beresiko.</li>\r\n	<li>High return: Investor mengambil porsi saham yang lumayan besar 20-30%.</li>\r\n	<li>Investor teknologi mempunyai wawasan yang luas akan industri ini.</li>\r\n</ul>\r\n\r\n<p>Investasi pada startup memiliki pola yang terstruktur, berikut ini pola investasi pada startup:</p>\r\n\r\n<ol>\r\n	<li>Seed funding: Ini adalah tahap awal pendanaan pada startup, pada seed funding ini investor akan meminta bagian yang lebih besar karena resiko yang lebih tinggi.</li>\r\n	<li>Stage A Investment: Investasi ini adalah kelanjutan investasi dari seed funding, investasi ini dapat dilakukan oleh investor yang sama atau investor yang berbeda setelah mencapai KPI (key indicator performance) yang disepakati.</li>\r\n	<li>Stage B: Investasi ini adalah investasi yang dilakukan investor setelah stage A, biasanya jumlah yang diberikan lebih besar dari stage A.</li>\r\n	<li>Stage C: Pada umumnya ini adalah investasi terakhir yang dilakukan investor kepada suatu perusahaan.</li>\r\n</ol>\r\n\r\n<p>Dengan mendapatkan investasi Anda dapat mengembangkan bisnis Anda lebih jauh lagi. Saat Anda menerima investasi tentunya persentase saham Anda akan turun dibanding sebelumnya namun penurunan persentase saham diikuti oleh kenaikan value perusahaan.</p>\r\n\r\n<p>Berikut ini informasi beberapa venture capital yang telah melakukan investasi di perusahaan Indonesia beserta portfolionya.</p>\r\n', 'blog-201505-1-8-l.jpg', 75, 0, '2015-05-31 23:25:16', '2017-11-16 08:04:27'),
(9, 'Kiat Sukses Membangun Sebuah Startup', 'kiat-sukses-membangun-sebuah-startup', 'Bisnis startup dirasa menjanjikan seiring dengan tren teknologi informasi dan komunikasi yang berkembang. Biasanya, anak muda mencari-cari informasi mengenai langkah apa yang harus dilakukan untuk menggeluti bisnis startup.<br />\r\n<br />\r\n<br />\r\nBeberapa perusahaan atau komunitas menggelar acara yang bertemakan startup. Bagi yang sudah memulai bisnis startup, berikut kiat untuk membangun tim startup yang sukses.<br />\r\n<br />\r\nStartup bisa menghasilkan keuntungan berlipat, namun tim yang tidak solid, membuat bisnis startup menjadi melorot. Lynn LeBlanc, seorang&nbsp;<em>entrepreneur</em>&nbsp;teknologi mengungkap tips membangun tim startup yang baik.\r\n<blockquote>&quot;Sebelum menjadi emas, pastikan tim Anda memiliki kemampuan untuk menciptakan sukses,&quot; kata LeBlanc, CEO dan pendiri HotLink.</blockquote>\r\n<br />\r\n<br />\r\n<strong><em>1. Pekerjakan Orang yang Dikenal</em></strong><br />\r\nLeBlanc mengungkap salah satu kunci sukses membangun startup, ialah memilih orang yang telah dikenal baik kemampuannya. &quot;Semakin Anda mengetahui keunggulan (anggota tim), semakin dapat diprediksi keberhasilan apa yang Anda coba capai,&quot; tuturnya.<br />\r\n<br />\r\n<strong><em>2. Partner Jangka Panjang</em></strong><br />\r\nLeBlanc bisa meraup USD10 juta untuk pembiayaan HotLink. HotLink merupakan startup teknologi yang menyederhanakan manajemen IT dan hybrid cloud.<br />\r\n<br />\r\nMenemukan partner ini tentunya yang memiliki sumber daya untuk membantu meng-cover biaya. Sehingga, Anda tidak perlu membawa investor &#39;penyelamat&#39; saat perusahaan sedang krisis.<br />\r\n<br />\r\n<strong><em>3. Hindari Pekerja Minim Pengalaman&nbsp;</em></strong><br />\r\nLeBlanc menyarankan agar jangan sampai mempekerjakan karyawan yang belum memiliki akumulasi pengalaman selama beberapa tahun. Sumber daya manusia menjadi salah satu kunci dalam membangun kesuksesan perusahaan.<br />\r\n<br />\r\n<strong><em>4. Integrasi Antar Bidang</em></strong><br />\r\nMenurut LeBlanc, harus diperlukan koordinasi antara bagian dalam tubuh perusahaan startup. Masing-masing harus memiliki peran dan bertanggungjawab terhadap bidang pekerjaannya.&nbsp;<br />\r\n<br />\r\nMisalnya, bagian teknik fokus pada urusannya. Sementara, ada bagian yang mengurusi kepekaan terhadap kebutuhan konsumen selama fase pengembangan produk atau jasa. Sehingga, Anda bisa menyimpan lebih banyak waktu serta mencegah stres.<br />\r\n<br />\r\n<strong><em>5. Bangun Passion Perusahaan</em></strong><br />\r\nLeBlanc mengungkap, startup bisa saja sedang mengalami penurunan atau kenaikan pada pendapatan. Jika seseorang hanya berorientasi pada gaji yang ia peroleh, tanpa memiliki passion atau semangat bekerja di perusahaan, maka ini bisa menjadi penghalang untuk membuat perusahaan menjadi berkembang. Diperlukan kesabaran hingga bertahun-tahun untuk membangun startup yang sukses.<br />\r\n<br />\r\nNah, itulah 5 kiat sukses memulai bisnis startup. Semoga bisa menjadi pertimbangan kita jika ingin membangun bisnis startup.', 'blog-201505-1-9-l.jpg', 49, 0, '2015-05-31 23:25:16', '2017-01-16 00:30:40'),
(10, 'Cari Domainnya Dulu Baru Bangun Perusahaannya', 'cari-domainnya-dulu-baru-bangun-perusahaannya', '<p>Ada hal yang menarik saat ini dimana domain menjadi salah satu acuan dalam membangun sebuah nama yang akan dibesarkan, baik itu untuk sebuah perusahaan atau brand lain. Kalau dulu orang memulai dengan nama perusahaannya dulu baru mendaftarkan domain, sekarang ada kecenderungan dibalik. Brand atau nama yang mudah diingat adalah faktor utama kenapa sebagian orang memilih untuk mencari domain untuk situsnya terlebih dahulu ketimbang membuat namanya terlebih dahulu.</p><p><iframe allowfullscreen=\"\" frameborder=\"0\" height=\"360\" src=\"//www.youtube.com/embed/ydOfDDs_cBE\" width=\"640\"></iframe></p><p><br /><br />Dulu saat masih bekerja di PT. Manajemen Qolbu ada hal menarik dimana kita berupaya untuk dapat mendapatkan domain yang sangat mudah diingat orang yaitu www.mq.com tapi ternyata tidak bisa karena sudah ada perusahaan yang berlokasi di amerika serikat bernama Music Quest yang memiliki domain tersebut dan akhirnya memutuskan untuk menggunakan nama lain. Seorang teman yang menjual berbagai aksesoris khas pantai berusaha untuk mencari kata-kata yang berhubungan dengan pantai mulai dari kerang, pasir dan isi didalam laut semalaman hanya untuk mendapatkan sebuah nama yang diingat sekaligus akan menjadi nama perusahaanya.<br /><br />Hasilnya nihil, hampir semua jenis binatang laut dan pantai sudah dibeli domainnya walaupun banyak yang di parking. Banyak kejadian dimana domain yang indah dan mudah diingat telah dimiliki oleh orang maka sebagian dari kita memutuskan untuk mencari domainnya dulu baru bentuk nama perusahaan. Walaupun nama domain adalah salah satu faktor dari cara memperkuat brand tapi akan menjadi hal yang menarik apabila orang jadi salah alamat.<br /><br />Kejadian itu benar menimpa salah satu kerjasama yang saya lakukan dengan Yellow Pages Indonesia, asalnya kami mengusulkan sebuah nama yang mudah diingat, namun berbau sedikit muslim sehingga terpaksa kami rubah dan brand itu menjadi Yellow Pages Trading disingkat yptradin dan lalu dituangkan dalam nokes. Setelah nokes ditanda tangani otomatis kami beli domain, hahay...ternyata yptrading.com sudah ada yang punya...akhirnya kami menggunakan yptrading.co.id dan alhasil banyak orang yang mencari YPTrading nyasar ke situs tetangga. Ini semua pilihan, dari mana untuk memulainya.<br /><br />Apakah bentuk nama perusahaan lalu mencari domainnya atau sebaliknya? dua duanya mempunyai keuntungan dan kelebihan masing-masing. Tips dari saya ketika kita terpaksa untuk menggunakan nama domain lain maka kita harus memperkuat konten dan optimasi SEO supaya di search enggine tetap bertengger di posisi paling atas. Ini sudah saya buktikan saat saya membuat www.mypangandaran.com, saya tidak harus menggunakan pangandaran.com atau .net, tetapi saya bisa bertengger di halaman teratas di google.com untuk keyword Pangandaran.</p>', 'blog-201505-1-1-l.jpg', 95, 0, '2015-05-31 23:25:40', '2018-05-09 17:18:16'),
(11, 'Tanaman Ini Ternyata Dapat mengusir Serangga', 'tanaman-ini-ternyata-dapat-mengusir-serangga', '<p>Siapa yang tidak suka memiliki rumah bersih, harum, dan bebas serangga? Menggunakan pengharum ruangan instan memang membantu, namun zat kimia dalam pengharum tersebut tentulah tidak aman jika digunakan dalam jangka panjang.</p>\r\n\r\n<p>Untuk menyiasatinya, kita bisa menggunakan pengharum ruangan alami yang ada di sekitar kita, yakni tanaman. Beberapa tanaman tidak hanya berkhasiat mengharumkan ruangan Anda, tapi juga membebaskan dari serangga berbahaya.</p>\r\n\r\n<p>Jadi, tidak perlu mengeluarkan banyak uang untuk pengharum ruangan dan pengusir serangga, karena dari beberapa tanaman ini, Anda akan mendapatkan dua manfaat sekaligus.</p>\r\n', 'blog-201505-1-2-l.jpg', 35, 0, '2015-05-31 23:25:40', '2017-02-19 11:27:35'),
(13, 'Evaluasi Diri', 'evaluasi-diri', '<p>Kematian akan datang kepada manusia baik secara sendiri-sendiri maupun secara berkelompok atau serentak. Musibah Tsunami, gempa bumi, longsor, badai, gunung meletus, kecelakaan pesawat terbang, kereta api dan kendaraan lainnya telah merenggut ratusan ribu nyawa secara serentak.. Bahkan kematian yang disebabkan karena musibah lebih banyak dari yang disebabkan oleh perang. Malaikat maut tidak pernah merasa lelah mengerjakan tugas ini dari Allah SWT. Dan tidak akan menunda-nunda waktu barang satu menitpun. Pada gilirannya malaikat maut akan menyapa dan mendatangi kita, dimana saja kita berada.</p>\r\n\r\n<p>&rdquo;Di mana saja kamu berada, kematian akan mendapatkan kamu, kendatipun kamu di dalam benteng yang tinggi lagi kokoh&rdquo; (QS An-Nisa 78).</p>\r\n', 'blog-201505-4-4-l.jpg', 91, 0, '2015-05-31 23:25:40', '2017-10-11 20:10:50'),
(14, 'Selamat jalan Kang Bahar &quot;Didi Petet&quot;', 'selamat-jalan-kang-bahar-quot-didi-petet-quot', 'Kabar duka kembali menyelimuti jagat hiburan Tanah Air. Artis peran Didi Widiatmoko atau lebih dikenal dengan panggilan Didi Petet meninggal dunia dalam usia 58 tahun pada Jumat (15/5/2015) pagi tadi di rumahnya karena sakit.&nbsp;<br />\r\n<br />\r\n&quot;Benar, Om Didi meninggal pagi ini,&quot; kata Muthia Kautsar, keponakan Didi Petet, ketika dihubungi&nbsp;<em>Kompas.com</em>&nbsp;lewat telepon pada Jumat pagi.&nbsp;<br />\r\n<br />\r\nMenurut Muthia, Didi Petet, yang baru pulang dari Milan, Italia, guna menghadiri sebuah pameran, sempat pingsan ketika berada di kota tersebut.&nbsp;<br />\r\n<br />\r\n&quot;Om Didi kan baru pulang ke Indonesia tanggal 10 (Mei) kemarin dari Milan setelah menghadiri sebuah pameran di sana. Di Milan, beliau sempat pingsan dan ketika pulang, sampai di bandara pun harus memakai kursi roda,&quot; tuturnya.&nbsp;<br />\r\n<br />\r\nMuthia juga menambahkan bahwa Didi Petet pada Selasa (12/5/2015) sempat dibawa ke Bandung untuk menjalani pengobatan.&nbsp;<br />\r\n<br />\r\n&quot;Selasa kemarin, sempat dibawa ke Bandung untuk pengobatan, tetapi ya karena kondisinya sudah<em>&nbsp;drop</em>, jadi semakin memburuk terus keadaannya, sampai akhirnya meninggal pagi ini,&quot; kata Muthia.&nbsp;<br />\r\n<br />\r\nSampai saat ini, belum diperoleh keterangan mengenai sakit yang menjadi penyebab meninggalnya artis senior tersebut. Jenazah Didi Petet sendiri saat ini disemayamkan di rumah duka di Jalan Bambu Apus, No 76, Sasak Tinggi, Ciputat.<br />\r\n<br />\r\n<br />\r\nSumber ; kompas.com', 'blog-201505-4-5-l.jpg', 35, 0, '2015-05-31 23:25:40', '2018-09-25 00:59:28'),
(15, '6 KHASIAT JUS KULIT MANGGIS', '6-khasiat-jus-kulit-manggis', 'Buah manggis atau yang memiliki nama latin&nbsp;<em>garcinia</em>&nbsp;ini merupakan buah yang terdapat di sekitar Asia Tenggara sejak dahulu. Indonesia merupakan negara bagian Asia Tenggara yang sangat beruntung karena memiliki berbagai macam buah yang kaya akan manfaat, salah satunya adalah buah Manggis. Buah manggis sangat mudah sekali dijumpai di Indonesia, bahkan di pasar tradisional pun banyak sekali yang menjualnya, jadi anda tidak perlu khawatir karena kesusahan untuk mendapatkan buah yang kaya akan manfaat ini. Buah manggis memiliki bentuk yang unik dan tidak ada buah yang menyamainya. Bagian luarnya berwarna ungu kemerahan dan berkulit keras, pohonnya bisa tumbuh hingga sekitar 65 meter. Buah manggis sendiri merupakan salah satu buah yang masuk kategori buah terlezat karena memiliki keunikan tersendiri mengenai bentuk dan rasanya ketika di makan.<br />\r\n&nbsp;<br />\r\nDan berikut adalah beberapa fakta unik dan menarik tentang buah manggis :<br />\r\n1.&nbsp;&nbsp;&nbsp; Buah manggis yang kaya akan manfaat ini dipercaya mampu menyembuhkan lebih dari 70 penyakit ringan sampai penyakit berat seperti darah tinggi, diabetes, kanker dan stroke.<br />\r\n2.&nbsp;&nbsp;&nbsp; Bagian yang dapat dimanfaatkan bukan hanya daging buahnya saja, namun kulit, daun dan batang pohonnya pun juga memiliki manfaat yang sangat luar biasa untuk kesehatan tubuh maupun menyembuhkan penyakit.<br />\r\n3.&nbsp;&nbsp;&nbsp; Kulit buahnya memiliki kandungan senyawa antioksidan terbaik, yaitu Xanthone.<br />\r\n4.&nbsp;&nbsp;&nbsp; Buah manggis ini berasal dari kota Jambi, yaitu kota di negara Indonesia tercinta ini. Banyak yang menyebutkan bahwa buah manggis ini berasal dari Malaysia, namun faktanya buah manggis sejak dulu diturunkan oleh Hombroinina dan Malaccensis di Jambi.<br />\r\n5.&nbsp;&nbsp;&nbsp; Banyak sekali di cari orang karena&nbsp;<a href=\"http://sejutamanfaatbuahmanggis.blogspot.com/\"><strong>manfaat buah manggis</strong></a>&nbsp;yang sangat luar biasa.<br />\r\n6.&nbsp;&nbsp;&nbsp; Mudah ditemukan di berbagai tempat, seperti pasar tradisional maupun supermarket.<br />\r\n&nbsp;<br />\r\nItulah beberapa&nbsp;<a href=\"http://sejutamanfaatbuahmanggis.blogspot.com/2013/08/fakta-unik-dan-menarik-tentang-buah-manggis.html\"><strong>fakta unik dan menarik tentang buah manggis</strong></a>&nbsp;yang bisa anda simak. Banyak sekali manfaat buah manggis yang bisa kita dapatkan dengan mengkonsumsinya setiap hari. Namun harus tetap dengan aturan, bukan karena kaya akan manfaat anda setiap hari mengkonsumsinya secara berlebihan. Hal itu akan membuat perut anda sakit dan akhirnya sakit perut. Tetap konsumsi buah manggis sesuai dengan kebutuhan dan porsi yang wajar.', 'blog-201505-4-6-l.jpg', 27, 0, '2015-05-31 23:25:40', '2018-09-29 12:35:01'),
(16, '9 BAHAYA MEROKOK', '9-bahaya-merokok', '<strong>Bahaya merokok</strong>. Merokok dapat membahayakan hampir semua organ tubuh dan akan menimbulkan berbagai penyakit yang tentunya dapat memengaruhi kesehatan perokok secara umum. Dengan berhenti melakukan kebiasaan merokok, manfaatnya dapat dirasakan secara langsung maupun dalam jangka panjang.<br />\r\n<br />\r\nBesarnya bahaya merokok sebenarnya sudah disadari oleh para perokok, hal ini karena pada setiap bungkus rokok terdapat peringatan mengenai bahaya yang ditimbulkan dari merokok. Tetapi, hal tersebut seringkali kuatnya ketergantungan terhadap rokok bagi perokok yang dapat membuat tidak mau berhenti untuk menghisapnya. Berikut ini 9 bahaya merokok yang dapat mengancam kesehatan.<br />\r\n<br />\r\n1.&nbsp;&nbsp;&nbsp;&nbsp;&nbsp;&nbsp;&nbsp;&nbsp; Kanker<br />\r\nMerokok dapat menyebabkan sekitar 90% kematian akibat kanker paru-paru pada pria serta 80% pada wanita. Resiko kematian karena faktor kanker paru-paru dapat 23 kali lebih tinggi pada pria perokok dan 13 kali lebih tinggi pada wanita yang merokok dibandingkan pada mereka yang bukan tidak merokok.&nbsp;<br />\r\n<br />\r\nPada sebuah riset menunjukkan bahwa bukan perokok yang tinggal bersama perokok memiliki resiko 24% lebih tinggi untuk terkena penyakit kanker paru-paru dibandingkan bukan perokok pada umumnya. Bahaya merokok juga dapat menyebabkan kanker kantung kencing, ginjal, faring, esopagus, rongga mulut, serviks, pita suara, pankreas, dan perut.<br />\r\n<br />\r\n2.&nbsp;&nbsp;&nbsp;&nbsp;&nbsp;&nbsp;&nbsp;&nbsp; Gangguan pernafasan<br />\r\nBahaya merokok dapat meningkatkan resiko kematian karena penyakit paru-paru yang kronis sampai 10 kali lipat. Sekitar 90% kematian karena penyakit paru-paru kronis disebabkan karena merokok.<br />\r\n3.&nbsp;&nbsp;&nbsp;&nbsp;&nbsp;&nbsp;&nbsp;&nbsp; Gangguan janin<br />\r\nKebiasaan merokok juga akan berdampak buruk terhadap kesehatan reproduksi dan janin yang terdapat dalam kandungan, termasuk kemandulan, keguguran, kematian janin, bayi lahir dengan berat badan rendah, serta sindrom kematian mendadak bayi.<br />\r\n<br />\r\n4.&nbsp;&nbsp;&nbsp;&nbsp;&nbsp;&nbsp;&nbsp;&nbsp; Penyakit jantung<br />\r\nMerokok dapat menimbulkan aterosklerosis atau terjadi pengerasan pada pembuluh darah. Kondisi seperti ini merupakan penumpukan zat lemak pada arteri, lemak dan plak memblok aliran darah serta dapat membuat penyempitan pembuluh darah. Hal ini yang dapat menyebabkan penyakit jantung.<br />\r\n<br />\r\nJantung dipaksa untuk bekerja lebih keras dan tekanan ekstra yang pada akhirnya menyebabkan angina atau nyeri dada. Jika salah satu arteri atau bahkan lebih menjadi benar-benar terblokir, serangan jantung mungkin dapat terjadi.<br />\r\n<br />\r\nSemakin banyak rokok yang telah dihisap dan semakin lama seseorang tersebut merokok, semakin besar pula kesempatan untuk mengembangkan penyakit jantung atau stroke.<br />\r\n5.&nbsp;&nbsp;&nbsp;&nbsp;&nbsp;&nbsp;&nbsp;&nbsp; Penyakit paru-paru<br />\r\nRisiko terkena penyakit seperti pneumonia, emfisema, atau bronkitis kronis dapat meningkat karena kebiasaan merokok. Penyakit ini disebut sebagai penyakit paru obstruktif kronik (PPOK).<br />\r\n<br />\r\nPenyakit paru-paru tersebut dapat berlangsung dan bertambah buruk seiring dari waktu ke waktu sampai orang tersebut akhirnya meninggal karena kondisi tersebut. Menurut&nbsp;<a href=\"http://en.wikipedia.org/wiki/American_Cancer_Society\" target=\"_blank\">American Cancer Society</a>, orang yang telah berumur 40 tahun dapat menderita emfisema atau bronkitis, tetapi dengan gejala yang jauh lebih buruk pada kemudian hari.<br />\r\n6.&nbsp;&nbsp;&nbsp;&nbsp;&nbsp;&nbsp;&nbsp;&nbsp; Diabetes<br />\r\nMenurut Cleveland Clinic, kebiasaan merokok dapat meningkatkan resiko terkena&nbsp;<a href=\"http://ayokesehatan.blogspot.com/2014/05/kenali-kebiasaan-penyebab-diabetes.html\" target=\"_blank\">diabetes</a>. Bahaya rokok juga menyebabkan komplikasi dari diabetes, seperti penyakit jantung,&nbsp;<a href=\"http://ayokesehatan.blogspot.com/2014/01/8-tips-cara-menjaga-kesehatan-mata.html\" target=\"_blank\">penyakit mata</a>, stroke, penyakit ginjal, penyakit pembuluh darah, dan masalah kaki.<br />\r\n7.&nbsp;&nbsp;&nbsp;&nbsp;&nbsp;&nbsp;&nbsp;&nbsp; Menyebabkan kebutaan<br />\r\nBahaya merokok dapat meningkatkan resiko degenerasi makula yaitu penyebab kebutaan yang dialami pada orang tua. Dalam studi yg diterbitkan &#39;Archives of Ophthalmology&#39; orang yang merokok 4 kali lebih mungkin dibandingkan dengan orang-orang yang bukan perokok untuk mengembangkan degenerasi makula, yangg merusak makula, pusat retina, serta dapat menghancurkan penglihatan sentral tajam.<br />\r\n8.&nbsp;&nbsp;&nbsp;&nbsp;&nbsp;&nbsp;&nbsp;&nbsp; Penyakit mulut<br />\r\nPenyakit mulut yang disebabkan karena rokok antara lain seperti kanker mulut, kanker leher, penyakit gigi, dan nafas.<br />\r\n9.&nbsp;&nbsp;&nbsp;&nbsp;&nbsp;&nbsp;&nbsp;&nbsp; Impotensi<br />\r\nRokok adalah faktor resiko utama penyakit pembuluh darah perifer yang akan mempersempit pembuluh darah pembawa darah ke seluruh tubuh. Pembuluh darah pada alat reproduksi pria kemungkinan dapat terpengaruh karena merupakan pembuluh darah yang berukuran kecil dan dapat mengakibatkan disfungsi impoten.<br />\r\n&nbsp;', 'blog-201505-4-7-l.jpg', 32, 0, '2015-05-31 23:25:40', '2018-09-30 22:53:44'),
(17, 'Mencari Funding Dulu atau Membuat Produk Dulu?', 'mencari-funding-dulu-atau-membuat-produk-dulu', '<p>Setiap startup pasti membutuhkan modal, pertanyaannya dari mana Anda mendapat sumber modal? Jika Anda masih muda atau tidak memiliki banyak aset yang bisa dijaminkan maka mengajukan kredit usaha ke Bank hampir mustahil. Pilihan paling bijak untuk startup adalah dengan mencari investor startup.</p>\r\n\r\n<p>Investor startup ada beberapa karakteristik, berikut penjelasannya:</p>\r\n\r\n<ul>\r\n	<li>Investor Inkubator: Ini adalah jenis investor yang memberikan pelatihan, pendanaan dan akses lebih untuk mempermudah kelancaran bisnis kepada calon startup.</li>\r\n	<li>Angel investor: Angel investor adalah orang-orang yang memberikan Anda modal, seperti keluarga dan teman. Angel investor biasanya mengatasnamakan nama perorangan dan tidak berbadan hukum.</li>\r\n	<li>Early stage investor: Investor tipe ini adalah investor yang memberikan dana investasi saat startup baru berdiri.</li>\r\n</ul>\r\n\r\n<p>Ke tiga karakteristik investor di atas mempunyai beberapa kesamaan, yaitu:</p>\r\n\r\n<ul>\r\n	<li>High risk: Investasi pada awal perusahaan berdiri sangatlah beresiko.</li>\r\n	<li>High return: Investor mengambil porsi saham yang lumayan besar 20-30%.</li>\r\n	<li>Investor teknologi mempunyai wawasan yang luas akan industri ini.</li>\r\n</ul>\r\n\r\n<p>Investasi pada startup memiliki pola yang terstruktur, berikut ini pola investasi pada startup:</p>\r\n\r\n<ol>\r\n	<li>Seed funding: Ini adalah tahap awal pendanaan pada startup, pada seed funding ini investor akan meminta bagian yang lebih besar karena resiko yang lebih tinggi.</li>\r\n	<li>Stage A Investment: Investasi ini adalah kelanjutan investasi dari seed funding, investasi ini dapat dilakukan oleh investor yang sama atau investor yang berbeda setelah mencapai KPI (key indicator performance) yang disepakati.</li>\r\n	<li>Stage B: Investasi ini adalah investasi yang dilakukan investor setelah stage A, biasanya jumlah yang diberikan lebih besar dari stage A.</li>\r\n	<li>Stage C: Pada umumnya ini adalah investasi terakhir yang dilakukan investor kepada suatu perusahaan.</li>\r\n</ol>\r\n\r\n<p>Dengan mendapatkan investasi Anda dapat mengembangkan bisnis Anda lebih jauh lagi. Saat Anda menerima investasi tentunya persentase saham Anda akan turun dibanding sebelumnya namun penurunan persentase saham diikuti oleh kenaikan value perusahaan.</p>\r\n\r\n<p>Berikut ini informasi beberapa venture capital yang telah melakukan investasi di perusahaan Indonesia beserta portfolionya.</p>\r\n', 'blog-201505-1-8-l.jpg', 124, 0, '2015-05-31 23:25:40', '2018-12-01 00:31:59'),
(18, 'Kiat Sukses Membangun Sebuah Startup', 'kiat-sukses-membangun-sebuah-startup', 'Bisnis startup dirasa menjanjikan seiring dengan tren teknologi informasi dan komunikasi yang berkembang. Biasanya, anak muda mencari-cari informasi mengenai langkah apa yang harus dilakukan untuk menggeluti bisnis startup.<br />\r\n<br />\r\n<br />\r\nBeberapa perusahaan atau komunitas menggelar acara yang bertemakan startup. Bagi yang sudah memulai bisnis startup, berikut kiat untuk membangun tim startup yang sukses.<br />\r\n<br />\r\nStartup bisa menghasilkan keuntungan berlipat, namun tim yang tidak solid, membuat bisnis startup menjadi melorot. Lynn LeBlanc, seorang&nbsp;<em>entrepreneur</em>&nbsp;teknologi mengungkap tips membangun tim startup yang baik.\r\n<blockquote>&quot;Sebelum menjadi emas, pastikan tim Anda memiliki kemampuan untuk menciptakan sukses,&quot; kata LeBlanc, CEO dan pendiri HotLink.</blockquote>\r\n<br />\r\n<br />\r\n<strong><em>1. Pekerjakan Orang yang Dikenal</em></strong><br />\r\nLeBlanc mengungkap salah satu kunci sukses membangun startup, ialah memilih orang yang telah dikenal baik kemampuannya. &quot;Semakin Anda mengetahui keunggulan (anggota tim), semakin dapat diprediksi keberhasilan apa yang Anda coba capai,&quot; tuturnya.<br />\r\n<br />\r\n<strong><em>2. Partner Jangka Panjang</em></strong><br />\r\nLeBlanc bisa meraup USD10 juta untuk pembiayaan HotLink. HotLink merupakan startup teknologi yang menyederhanakan manajemen IT dan hybrid cloud.<br />\r\n<br />\r\nMenemukan partner ini tentunya yang memiliki sumber daya untuk membantu meng-cover biaya. Sehingga, Anda tidak perlu membawa investor &#39;penyelamat&#39; saat perusahaan sedang krisis.<br />\r\n<br />\r\n<strong><em>3. Hindari Pekerja Minim Pengalaman&nbsp;</em></strong><br />\r\nLeBlanc menyarankan agar jangan sampai mempekerjakan karyawan yang belum memiliki akumulasi pengalaman selama beberapa tahun. Sumber daya manusia menjadi salah satu kunci dalam membangun kesuksesan perusahaan.<br />\r\n<br />\r\n<strong><em>4. Integrasi Antar Bidang</em></strong><br />\r\nMenurut LeBlanc, harus diperlukan koordinasi antara bagian dalam tubuh perusahaan startup. Masing-masing harus memiliki peran dan bertanggungjawab terhadap bidang pekerjaannya.&nbsp;<br />\r\n<br />\r\nMisalnya, bagian teknik fokus pada urusannya. Sementara, ada bagian yang mengurusi kepekaan terhadap kebutuhan konsumen selama fase pengembangan produk atau jasa. Sehingga, Anda bisa menyimpan lebih banyak waktu serta mencegah stres.<br />\r\n<br />\r\n<strong><em>5. Bangun Passion Perusahaan</em></strong><br />\r\nLeBlanc mengungkap, startup bisa saja sedang mengalami penurunan atau kenaikan pada pendapatan. Jika seseorang hanya berorientasi pada gaji yang ia peroleh, tanpa memiliki passion atau semangat bekerja di perusahaan, maka ini bisa menjadi penghalang untuk membuat perusahaan menjadi berkembang. Diperlukan kesabaran hingga bertahun-tahun untuk membangun startup yang sukses.<br />\r\n<br />\r\nNah, itulah 5 kiat sukses memulai bisnis startup. Semoga bisa menjadi pertimbangan kita jika ingin membangun bisnis startup.', 'blog-201505-1-9-l.jpg', 72, 0, '2015-05-31 23:25:40', '2018-12-14 16:34:28');
INSERT INTO `articles` (`id`, `title`, `slug`, `description`, `image`, `views`, `category_article_id`, `created_at`, `updated_at`) VALUES
(19, 'Membahagiakan anak dengan apa yang dia suka dan inginkan (True Story)', 'membahagiakan-anak-dengan-apa-yang-dia-suka-dan-inginkan-true-story', '<br />\r\nDalam <a href=\"https://youtu.be/C5h3J0z8rvg\" target=\"_blank\">videonya Azka</a> menunjukkan rasa sayang dan bangga kepada ayahnya yang berprofesi Pesulap itu. &nbsp;Kedekatan mereka membuat saya bertanya, bagaimana bisa sedekat itu? Apa resepnya? Padahal kita tahu Dedi Corbuzier seorang yang sibuk di dunia Intertain.<br />\r\n<br />\r\nAkhirnya saya temukan jawabanya dalam salah satu tulisan di Web Dedi Corbuzier, ia menceritakan satu kejadian dimana Azka mengikuti lomba renang di sekolahnya dan menjadi urutan ke 5 dari jumlah 6 murid. Hal itu tidak begitu saja membuat Dedi malu atau kecewa bahkan Dedi memuji Azka didepan orang tua teman-temannya. Namun yang terjadi salah seorang orang tua teman Azka ada yang tidak setuju. Ini dia tanggapan Dedi yang membuat saya semakin kagum dengannya&hellip; Bagaimana tanggapan Anda?<br />\r\n<br />\r\n&nbsp;\r\n<div style=\"margin-left: 240px;\"><img alt=\"\" src=\"../../medias/Screenshot_1.jpg\" style=\"height:182px; width:249px\" /></div>\r\n&nbsp;\r\n\r\n<blockquote>\r\n<table border=\"0\" cellpadding=\"0\" cellspacing=\"0\" style=\"width:765px\">\r\n	<tbody>\r\n		<tr>\r\n			<td colspan=\"3\" style=\"width:667px\">\r\n			<p style=\"margin-left:40px\">Kisah ajaib di siang suntuk saat jemput sekolah...<br />\r\n			<br />\r\n			Azka &quot;pa.. Tadi lomba renang.. I get urutan ke 5!!!&quot;<br />\r\n			Me &quot;woooow I&#39;m so proud of you.. You are amazing!!!!&quot;<br />\r\n			Azka &quot;yeaaaaaay&quot;<br />\r\n			<br />\r\n			Ibu2 entah arisan di belakang &quot;mas Ded.. Yang tanding kan per 6 orang.. Masak anaknya urutan ke 5 malah bangga.. Anak saya aja urutan ke 3 saya bilang payah... Nanti malas mas Ded...&quot;<br />\r\n			<br />\r\n			Me &quot;Hahaha Iya yah... Wah saya soalnya waktu kecil diajari ayah ibu saya kalau tujuan renang itu Yah supaya gak tenggelam aja sih... Bukan supaya duluan sampe tembok.. Hehehe&quot;<br />\r\n			<br />\r\n			Ibu2 &quot; ah mas Ded bisa aja... Jangan gitu mas.. Ngajar anaknya.. Bener deh nanti malas.&quot;<br />\r\n			<br />\r\n			Me &quot; hahah Azka gak malas kok mbak.. Tenang aja.. Kmrn math nya juara 3, catur nya.. Lawan saya aja saya kalah skrg.. Eh anw mbak.. Saya juga gak masalah punya anak malas.. Di hal yang dia gak bisa... Atau gak suka... Yg penting dia usaha... Drpd anak rajin tapi Stress punya ibu yg Stress juga marahi anaknya krn cuma dpt juara 3 lomba renang.... &quot;<br />\r\n			<br />\r\n			Ibu &quot; hehehe... Mas saya jalan dulu Yah..&quot;<br />\r\n			<br />\r\n			Me &quot; gak renang aja mbak?&quot;<br />\r\n			<br />\r\n			Senyap....<br />\r\n			<br />\r\n			Ya ini kejadian benar dan tidak saya ubah ubah...<br />\r\n			Apa sih yang sebenarnya terjadi secara gamblang...<br />\r\n			Tahukah si ibu kalau Azka luar biasa di catur nya? (penting? NO... Sama dengan Renang..)<br />\r\n			<br />\r\n			Atau Azka juga mendalami bela diri yg cukup memukau di banding anak seusianya...<br />\r\n			Atau.. Azka.. Atau Azka...<br />\r\n			Banyak kelebihan Azka..<br />\r\n			Sama dengan kalian..<br />\r\n			<br />\r\n			Banyak kelebihan yang kalian punya.. Artinya banyak kelemahan yang kalian. Punya juga..<br />\r\n			<br />\r\n			Tapi apabila para orang tua memaksakan kalian sempurna di semua bidang dan menerapkannya dengan paksaan maka hanya akan terjadi 2 hal...<br />\r\n			&nbsp;</p>\r\n\r\n			<p style=\"margin-left:80px\"><strong>1. Si anak Stress dan membenci hal itu..<br />\r\n			2. Si anak sukses di hal itu dan membenci orang tuanya (Michael Jackson contohnya)</strong></p>\r\n\r\n			<p style=\"margin-left:40px\">&nbsp;<br />\r\n			Yuk kita lihat apa yang baik di diri anak kita.. (bila anda orang tua)<br />\r\n			Yuk kita komunikasi kan apa yang kita suka (bila kita anak tersebut)<br />\r\n			<br />\r\n			Mengajari dengan kekerasan tidak akan menghasilkan apapun.. Memarahi anak krn pelajaran adalah hal yang bodoh...<br />\r\n			<br />\r\n			Saya sampai sekarang masih bingung mengapa naik kelas tidak naik adalah hal yang menjadi momok bagi ortu (kecuali masalah finansial)<br />\r\n			Siapa sih yang menjamin naik kelas jadi sukses kelak?<br />\r\n			<br />\r\n			Saya... Saya 2 kali tidak naik kelas... Yes... I am. Proudly to say..<br />\r\n			<br />\r\n			Ayah saya ambil report.. Merah semua.. Dia tertawa.. &quot;kamu... Belajar sulap tiap hari kan.. Sampai gak belajar yang lain..&quot;<br />\r\n			<br />\r\n			&quot;iya pa&quot;<br />\r\n			<br />\r\n			&quot;sulapnya jago... Belajarnya naikin Yuk.. Gak usah bagus... Yg penting 6 aja nilainya.. Ok?.. Pokoknya kalau nilai nya kamu 6.. Papa beliin alat sulap baru... Gimana?&quot;<br />\r\n			<br />\r\n			Wow... My target is 6.....<br />\r\n			<br />\r\n			Not 8.. Not 9... NOT 10!!!! It&#39;s easy..... Its helping... Its good communication between me and my father.... Its a GOOD Deal... Dan Ibu saya? Mendukung hal itu.<br />\r\n			Apa yang mereka dapat saat ini?<br />\r\n			<br />\r\n			Anaknya yang nilainya tidak pernah lebih dr 6/7 tetap sekolah.. Kuliah... Jadi dosen Tamu .. Mengajar di beberapa kampus..<br />\r\n			<br />\r\n			Oh.. Anaknya...<br />\r\n			Become one thing they never imagine...<br />\r\n			World Best Mentalist<br />\r\n			(Merlin Award Winner : penghargaan tertinggi di seni sulap dunia) 2 kali berturut turut....</p>\r\n			</td>\r\n			<td style=\"width:31px\">\r\n			<p style=\"margin-left:40px\">&nbsp;</p>\r\n			</td>\r\n			<td>\r\n			<p style=\"margin-left:40px\">&nbsp;</p>\r\n			</td>\r\n		</tr>\r\n	</tbody>\r\n</table>\r\n&nbsp; &nbsp; &nbsp; &nbsp; &nbsp; Apa Yang terjadi kalau saat itu saya dihukum... Dimarahi.. Di larang lagi bermain sulap?...\r\n\r\n<p style=\"margin-left:40px\"><br />\r\nApa? Maybe I be one of the people working on bus station... ( other Bad... Not Great)<br />\r\n<br />\r\n<strong>Yuk stop Memarahi anak krn pelajaran nya... Karena ke unik an nya...<br />\r\nKita cari apa yang mereka suka... Kita dukung..<br />\r\nU never know what it will bring them in the future... Might indeed surprise you...</strong></p>\r\n</blockquote>\r\n&nbsp;<br />\r\nlihat selengkapnya di&nbsp;<a href=\"http://www.thecorbuzier.com/blog/belajar-yang-kalian-suka\" target=\"_blank\">http://www.thecorbuzier.com/blog/belajar-yang-kalian-suka</a>', 'artikel-membahagiakan-anak-dengan-apa-yang-dia-suka-dan-inginkan-true-story-19.jpg', 6217, 0, '2015-06-05 04:18:04', '2021-06-06 20:00:11'),
(20, 'â€‹Ancaman bahaya rokok yang perlu Anda ketahui !', 'ancaman-bahaya-rokok-yang-perlu-anda-ketahui', 'buktinya masih banyak orang-orang yang menghisap rokok dengan santainya. Hal ini sungguh merisaukan karena bukan lagi orang dewasa namun juga merambah dunia anak, remaja dan wanita.<br />\r\n&nbsp;\r\n<h3><strong>Ancaman bahaya rokok</strong></h3>\r\n\r\n<blockquote>\r\n<p><strong>&quot;Sebenarnya apa yang membuat rokok berbahaya?&quot;</strong></p>\r\n</blockquote>\r\n\r\n<p><br />\r\nFaktanya <strong>satu</strong> batang rokok mengandung sekitar 7.000 zat kimia, beberapa diantaranya bersifat<em> karsinogenik</em> atau zat yang dapat merusak gen dalam tubuh kita, sehingga memicu terjadinya penyakit berbahaya seperti,<br />\r\n&nbsp;</p>\r\n\r\n<ul style=\"margin-left:40px\">\r\n	<li>\r\n	<p>Kanker</p>\r\n	</li>\r\n	<li>\r\n	<p>Paru-paru dan gangguan pernafasan</p>\r\n	</li>\r\n	<li>\r\n	<p>Diabetes</p>\r\n	</li>\r\n	<li>\r\n	<p>Penyakit Jantung</p>\r\n	</li>\r\n	<li>\r\n	<p>Impotensi</p>\r\n	</li>\r\n	<li>\r\n	<p>Gangguan Janin</p>\r\n	</li>\r\n	<li>\r\n	<p>Penyakit mulut</p>\r\n	</li>\r\n	<li>\r\n	<p>Kebutaan</p>\r\n	</li>\r\n	<li>\r\n	<p>Hilangnya pita suara</p>\r\n	</li>\r\n	<li>\r\n	<p>Tulang rapuh (penelitian terbaru oleh <strong>Edward N. Hanley Jr., MD di </strong><em>Carolina Medical Center</em>)</p>\r\n	</li>\r\n	<li>\r\n	<p>Resiko psoriasis</p>\r\n	</li>\r\n	<li>\r\n	<p>Dan masih banyak lagi jenis penyakit disebabkan dari merokok !</p>\r\n	</li>\r\n</ul>\r\n\r\n<p>&nbsp;<br />\r\nSelain menyebabkan berbagai macam gangguan penyakit, merokok juga menyebabkan mudahnya kehilangan konsentrasi dan menyebabkan mudahnya kelelahan. Penyebabnya adalah nikotin. Nikotin adalah zat <em>vasokonstriktor</em> yang artinya dapat memperkecil pembuluh darah arteri. Zat ini menyebabkan jantung bekerja lebih keras untuk memompa darah ke seluruh tubuh. Akibatnya, kendali otak untuk merasakan kenikmatan beristrirahat (tidur nyenyak) terganggu. Bonus dari kelelahan dan kurangnya istirahat ini adalah mempersingkat umur Anda.<br />\r\n&nbsp;<br />\r\nRokok adalah penyebab kematian pertama di dunia, sebelum Anda menjadi korbannya cegah sekarang untuk kesehatan dan umur Anda juga orang disekitar Anda.<br />\r\n&nbsp;</p>\r\n', 'artikel-ancaman-bahaya-rokok-yang-perlu-anda-ketahui-20.jpg', 4689, 0, '2015-06-05 04:41:40', '2022-12-22 01:46:43'),
(21, 'â€‹8 Tips Hidup Bahagia Bersama Pasangan', '8-tips-hidup-bahagia-bersama-pasangan', 'Lalu apa yang harus Anda lakukan untuk menciptakan kebahagiaan lagi dan lagi bersama pasangan? &nbsp;Simak dan praktekan 8 tips ini&hellip; dijamin Anda dan pasangan akan bahagia lagi dan lagi&hellip;.<br />\r\n&nbsp;\r\n<div style=\"margin-left: 40px;\"><strong>1.</strong><strong>Jangan marah bersamaan</strong></div>\r\nSaat pasangan marah lebih baik Anda diam dan menunggu marahnya reda meskipun Anda lebih benar. Karena saat marah mulut lebih berperan daripada telinga, dengan begitu dapat dipastikan apapun yang Anda katakan tidak akan didengar pasangan dan hanya akan menyulut kemarahan Anda.<br />\r\n&nbsp;\r\n<div style=\"margin-left: 40px;\"><strong>2.</strong><strong>Tegurlah kekasih Anda dengan kasih dan pujian.&nbsp;</strong></div>\r\nJangan terus-terusan marah saat pasangan Anda salah namun tegur dia dengan rasa kasih dan pujian. Dengan menegur penuh kasih dan pujian pasangan akan merasa aman, nyaman dan dekat. Kesalahan dengan sendirinya diperbaiki dan bahkan lebih baik dari yang Anda bayangkan.<br />\r\n&nbsp;&nbsp;\r\n<div style=\"margin-left: 40px;\"><strong>3.</strong><strong>Bersedia mengakui kesalahan.&nbsp;Umumnya dalam pertengkaran, yang paling banyak bicara dialah yang salah</strong></div>\r\nAnda tidak akan penah rugi saat mengakui kesalahan. Ingat, ini demi kebahagiaan bersama.<br />\r\n&nbsp;\r\n<div style=\"margin-left: 40px;\"><strong>4.</strong><strong>Ciptakan kesenangan bersama.</strong></div>\r\nMenciptakan kesenangan bersama dapat diartikan Anda selalu memberikan waktu untuk pasangan atau Family Time. Bisa seperti membuat daftar jadwal berlibur, rencana makan malam, rencana mengunjungi orang tua dsb<br />\r\n&nbsp;\r\n<div style=\"margin-left: 40px;\"><strong>5.</strong><strong>Saling Support</strong></div>\r\nIngat jika hari ini pasangan Anda memiliki agenda penting seperti presentasi, rapat, atau sedang mengembangkan bisnis, bakat atau hobinya, support pasangan Anda dengan menanyakan bagaimana kabarnya hari ini? Sudah makan siang belum? Sedang apa sekarang? Dan bagaimana perkembangannya bisnis atau hobinya?. Komunikasi yang sederhana ini sepele namun seringkali menjadi amunisi keluarga yang bahagia<br />\r\n&nbsp;\r\n<div style=\"margin-left: 40px;\"><strong>6.</strong><strong>Lakukan kegiatan sehari-hari bersamaan</strong></div>\r\nSeperti saat masa-masa awal Anda dan pasangan berikrar, seringkali menanti waktu untuk terus bersamaan dan tidak mau dipisahkan. Dengan melakukan masa-masa itu lagi seperti tidur diwaktu yang sama, makan bersama, olahraga bersama dsb Anda dan pasangan akan selalu merasakan moment-moment bahagia seperti masa awal berikrar sehidup semati dulu<br />\r\n&nbsp;\r\n<div style=\"margin-left: 40px;\"><strong>7.</strong><strong>Ingat hari baik pasangan</strong></div>\r\nIni salah satu resep pasangan yang bahagia adalah mereka yang saling ingat hari-hari dan moment penting dalam perjalan cintanya. Jadi sekarang ingat hari pertama kali bertemu, pertama kali jadian, hari pernikahan, tanggal ulangtahun dan tanggal special lainnya. Berikan kejutan, kado atau hal sederhana dengan mengucapkan <em>&ldquo;pagi saying&hellip; selamat hari&hellip;., semoga&hellip;. Love you&rdquo;</em><br />\r\n&nbsp;\r\n<div style=\"margin-left: 40px;\"><strong>8.</strong><strong>Selalu mensyukuri</strong></div>\r\nKarena bukan kebahagiaan yang membuat kita bersyukur, tetapi bersyukurlah yang membuat kita bahagia.<br />\r\n<br />\r\n<br />\r\n<br />\r\n<em><strong>Bagaimana? bersiplah karena jika 7 tips ini Anda lakukan lihat apa yang terjadi dengan pasangan Anda.&nbsp;</strong></em>', 'artikel-8-tips-hidup-bahagia-bersama-pasangan-21.jpg', 4617, 0, '2015-06-05 04:50:11', '2023-01-17 11:05:18'),
(22, 'â€‹Taukah Anda tentang Fakta Rokok ini?', 'taukah-anda-tentang-fakta-rokok-ini', '<br />\r\nPenikmat rokok bukan lagi terbatas orang-orang dewasa namun juga merambah dunia wanita, remaja hingga anak-anak balita. Menurut mereka merokok (mengkosumsi rokok) itu nikmat. Mungkin mereka belum tau bahwa Rokok sangat berbahaya, atau sudah tau namun menghiraukannya? Saya harap dengan mengetahui fakta rokok ini, Anda berhenti merokok sekarang juga<br />\r\n&nbsp;\r\n<h2 style=\"margin-left:40px\"><strong>Ini dia Fakta tentang Rokok !</strong></h2>\r\n\r\n<div style=\"margin-left: 40px;\"><em><strong>1. Rokok adalah </strong></em><strong>penyebab kematian utama di dunia</strong>&nbsp;</div>\r\nRokok adalah salah satu penyebab kematian utama di dunia. Menurut survey Ikatan Ahli Kesehatan Masyarakat Indonesia tahun 2007 menyebutkan setiap jam sekitar 46 orang meninggal dunia karena penyakit yang berhubungan dengan merokok di Indonesia.<br />\r\n&nbsp;\r\n<div style=\"margin-left: 40px;\"><strong>2. Kebiasaan merokok sedikitnya menyebabkan 30 jenis penyakit </strong></div>\r\nSedikitnya ada 30 jenis penyakit yang menghantui para perokok, misalnya kanker, diabetes, penyakit jantung, tulang keropos, impoten dsb. Penyakit yang timbul tergantung &nbsp;dari kadar zat berbahaya yang terkandung, waktu kebiasaan / masa mengkonsumsi rokok, dan cara menghisapnya. Semakin muda seseorang mulai merokok, makin besar risiko orang tersebut mendapat penyakit &nbsp;saat tua.<br />\r\n&nbsp;\r\n<div style=\"margin-left: 40px;\"><em><strong>3. Tahukah Anda bahwa risiko perokok pasif 3 kali lebih tinggi dari perokok aktif. </strong></em>&nbsp;</div>\r\n<em>Racun terbesar rokok berasal dari asap yang tidak terhisap perokok. </em>Asap ini mengandung sejumlah zat yang berbahaya seperti benzen, nikotin, nitrosamin, senyawa amin, aromatik, naftalen, ammonia, oksidan sianida, karbon monoksida benzapirin, dan lain-lain yang berasal dari pembakaran tembakau tidak sempurna. Partikel ini dapat melekat di benda - benda dan bisa bertahan sampai lebih dari 3 tahun. jika terhirup pertikelnya akan mengendap di saluran pernapasan dan menyebabkan gangguan kesehatan.<br />\r\n&nbsp;\r\n<div style=\"margin-left: 40px;\"><em><strong>4. Perokok wanita berisiko 25 % lebih tinggi dari &nbsp;perokok pria</strong></em></div>\r\nPerokok wanita memiliki risiko ganda terhadap penyakit jantung dan kanker paru-paru bila dibandingkan dengan perokok pria. Penyebabnya karena wanita memiliki berat badan dan saluran darah yang lebih kecil dari pria.<br />\r\n&nbsp;\r\n<div style=\"margin-left: 40px;\"><strong>5. Rokok mengandung sekitar 7000 zat kimia berbahaya</strong>&nbsp;</div>\r\nSatu batang rokok mengandung sekitar 7.000 zat kimia dan 200 jenis diantaranya bersifat karsinogenik atau zat yang merusak gen dalam tubuh sehingga memicu terjadinya penyakit berbahaya seperti kanker,<br />\r\n&nbsp;<br />\r\n<br />\r\nBagaimana masih mau tetap merokok? sayangi diri Anda. Selagi bisa dicegah dan diperbaiki saat ini.', 'artikel-taukah-anda-tentang-fakta-rokok-ini-22.jpg', 2307, 0, '2015-06-05 06:59:44', '2021-07-28 16:21:51'),
(23, 'Bagaimana Menjaga Api Cinta Dalam Pernikahan by Ahmad Faiz Z. - Part 1', 'bagaimana-menjaga-api-cinta-dalam-pernikahan-by-ahmad-faiz-z-part-1', '&nbsp;\r\n<p>How To Make Those Flame A Live&nbsp;(Based On Scientific Findings)</p>\r\n\r\n<p><em>Note: Catatan ini adalah hasil terjemahan bebas atas video yang saya lihat di &quot;<a href=\"http://raisinghappiness.com/\" target=\"_blank\">raisinghappiness.com</a>&quot; oleh Christine Carter, Ph.D. Profesor Sociology dari University of California, Berkley. Semoga bermanfaat.</em></p>\r\n\r\n<p>&nbsp;</p>\r\n\r\n<p>Beberapa orang merasa bingung mengapa gairah cinta pada pasangannya tidak sepanas dulu ketika pengantin baru. Beberapa kawan menerima begitu saja kenyataan yang umum terjadi ini. Bahkan salah seorang peserta saya menyatakan bahawa memang cinta itu ada masa kadaluarsanya, &quot;love has an expired date&quot;, kata beliau. Ketika istrinya protes mengapa sang suami tidak semesra dulu lagi, suaminya benjawab, ya itu kan normal.. aku memang tidak mencintaimu seperti dulu lagi, tapi paling tidak aku masih punya &quot;good will&quot; padamu, begitu sang suami berkilah. (bahkan dia memplesetkan &quot;good WILL dengan good WIL&quot;.</p>\r\n\r\n<p>&nbsp;</p>\r\n\r\n<p>Tapi hasil riset membuktikan bahwa kenyataan yg umum terjadi pada kebanyakan suami istri itu tidak perlu terjadi pada kita. Karena &quot;Api Cinta&quot; itu ternyata bisa kita pertahankan tetap &quot;Hot&quot; selama puluhan tahun.<br />\r\n&nbsp;</p>\r\n\r\n<ul style=\"list-style-type:square\">\r\n	<li>Penelitian membuktikan bahwa hasil scan aktivitas otak pada pasangan yg sedang &quot;crazily fall in love&quot; dengan pasangan yg sudah menikah 20 tahun tapi mengaku masih memiliki gairah cinta pada pasangannya menunjukkan &quot;hasil yang mirip sekali&quot;. Artinya, secara objective dua kelompok orang ini memang merasakan sensasi &quot;gairah cinta&quot; yg hampir sama</li>\r\n</ul>\r\n&nbsp;\r\n\r\n<ul style=\"list-style-type:square\">\r\n	<li>Kabar yg lebih baik lagi, satu2nya perbedaan kondisi otak 2 kelompok diatas adalah: Pada otak orang yg telah menikah 20 tahun lebih ini tidak ada tanda2 &quot;kecemasan dan obsesif&quot; seperti yg terjadi pada orang yg baru jatuh cinta. jadi Ia mendapatkan sensasi positif &quot;jatuh cinta&quot; tanpa sensasi emosi negatif &quot;cemas &amp; takut kehilangan&quot;.</li>\r\n</ul>\r\n\r\n<p><br />\r\nMaka bagaimana caranya agar tetap jatuh cinta pada pasangan walaupun telah 20 tahun lebih menikah? Berikut Tips dari Prof.&nbsp;Christine Carter peneliti dari UC Berkley (mudah2an saya bisa menemui beliau langsung saat study trip ke USA/Canada bulan April ini)<br />\r\n&nbsp;</p>\r\n\r\n<hr /><br />\r\n<br />\r\n<strong>Pertama</strong>,&nbsp;Terus Kembangkan &quot;Love Map (Peta Cinta)&quot; tentang pasangan anda. Maksudnya, kenali pasangan anda dengan lebih dalam. teruslah belajar tentang pasangan anda. Tentang ini saya punya rumus, &quot;pahami 5 hal&quot;&nbsp;a. masa lalu pasangan anda (life story) dia; b. saat ini dia (mood, perasaan, yg sedang dia pikirkan saat ini); c. masa depan dia (cita2, harapan &amp; keinginan dia); d. kesukaan dia (apa yg dia sukai, hobinya, tokoh favorit, masakan kesukaan, etc); e. ketidaksukaan dia (apa hal2 yg dia benci, apa yg membuatnya langsung terpancing kesedihannya / kemarahannya, etc). Dr. John Gottman bahkan membuat aplikasi iPhone untuk membantu kita memperbaiki &quot;love map&quot; kita. Biasanya saat baru pertama jatuh cinta, kita semangat sekali untuk tahu lebih banyak tentang orang yg kita cintai, tapi anehnya, begitu sudah menikah, kita berhenti &quot;ingin tahu lebih banyak&quot;, kita tidak tertarik lagi untuk belajar lebih banyak tentang dia. makanya cintanya makin lama makin luntur :).<br />\r\n<br />\r\nJadi mulai saat ini mohon di-update pemahaman anda tentang pasangan, berikan&nbsp;<em>&quot;more cognitive room&quot; in your brain regarding your spouse</em>, begitu yg dikatakan&nbsp;Christine Carter. Karena orang terus berubah, apa yg dia suka dulu belum tentu masih dia sukai sekarang. Semakin lengkap, updated dan akurat love map kita makin lama gairah cintanya bertahan, begitu kira2 hasil risetnya.<br />\r\n<br />\r\n<strong><em>bersambung, nantikan lanjutannya di &quot;Bagaimana Menjaga Api Cinta Dalam Pernikahan by Ahmad Faiz Z. - Part 2&quot;</em></strong>', 'artikel-bagaimana-menjaga-api-cinta-dalam-pernikahan-by-ahmad-faiz-z-part-1-23.jpg', 4855, 0, '2015-06-05 07:29:17', '2023-02-22 05:02:22'),
(24, 'Bagaimana Menjaga Api Cinta Dalam Pernikahan by Ahmad Faiz Z. - Part 2', 'bagaimana-menjaga-api-cinta-dalam-pernikahan-by-ahmad-faiz-z-part-2', '<strong>Hal kedua </strong>untuk menjaga gairah cinta adalah: Nurture fondness and admiration (menjaga rasa cinta dan rasa kagum) pada pasangan. Ini adalah obat mujarab untuk menepis kebiasaan melecehkan atau menunjukkan rasa tidak hormat pada pasangan (yg merupakan tanda ke-2 dari kiamat pernikahan menurut penelitian Dr. John Gottman, silahkan baca notes saya sebelumnya tentang 4 tanda menjelang kiamat pernikhan). lalu bagaimanakah caranya memelihara dan menunjukkan rasa cinta dan rasa kagum pada pasangan?\r\n<ul style=\"list-style-type:square\">\r\n	<li>katakan padanya (jangan cuma dibatin dalam hati), katakan padanya mengapa anda mencintai dia, mengapa anda mengagumi dia? mengapa anda dulu memutuskan menikahi dia?&nbsp;</li>\r\n	<li>buat daftar100 hal yg layak anda kagumi dari pasangan (ini resep Dr. John Gottman saat memberikan training &quot;The Art &amp; Science of Love&quot;) lalu saat berdua dengannya katakan ini padanya (tidak perlu langsung 100 hal itu disebutkan semua, cukup satu atau dua kekuatan/sifat baik/perilaku positif yg anda kagumi dari dia, dan berikan contoh yg spesifik, kapan dan dimana dia melakukan/menunjukka sifat positif itu)</li>\r\n	<li>Cari kesempatan untuk memergoki pasangan anda ketika dia menunjukkan sifat baiknya, cari kegiatan dimana pasangan anda bisa mempraktikkan kekuatannya. Jadi misalnya anda kagum karena suami punya sifat supportif, suka membantu orang lain, maka mintalah bantuan dan support dia, ijinkan dia menunjukkan kebaikan hatinya pada anda.</li>\r\n</ul>\r\n&nbsp;\r\n\r\n<p><strong>Ketiga,</strong>&nbsp;<em>Turning toward, rather than turning away</em>, Saling mendukung dan saling memberikan perhatian yg tulus. Ini adalah obat untuk penyakit stonewalling (tidak peduli pada pasangan). Kita bisa mempraktikkan ini dengan cara misalnya:<br />\r\n&nbsp;</p>\r\n\r\n<ul style=\"list-style-type:square\">\r\n	<li>bertanya untuk menunjukkan perhatian kita padanya, anda mendengarkan untuk menunjukkan rasa empati pada pasangan</li>\r\n	<li>Menunjukkan solidaritas atau dukungan saat pasangan kita sedang down atau sedih, biarkan dia merasa bahwa anda bersamanya disaat2 sulit</li>\r\n	<li>Merayakan bersama keberhasilan pasangan, tertawa bersama, berbahagia bersama</li>\r\n	<li>Simple affection: memeluk istri saat dia masak, mencium suami saat bangun tidur, bergandengan tangan saat jalan2 di mall, mengecup kening istri setelah sholat berjamaah, memegang tangan pasangan atau membelai rambutnya saat nonton TV</li>\r\n	<li>Saat konflik, pegang mesrah tangannya, berikan joke yg mencairkan suasana, boleh marah atas perbuatannya, tapi tetap hormati, sayangi orangnya.</li>\r\n	<li>Melibatkan pasangan dalam kegiatan2 ringan yg sebenarnya anda bisa melakukannya sendiri: mencuci piring berdua, belanja ke pasar berdua, menemani pasangan saat melakukan hobinya (walaupun sebenarnya anda tidak menikmati hobinya itu, tapi anda menikmati kebersamaannya).</li>\r\n</ul>\r\n&nbsp;\r\n\r\n<p><strong>Keempat,</strong> Invest in family Rituals (menyempatkan waktu untuk membangun kebiasaan unik dalam keluarga). Riset membuktikan bahwa pasangan yg menyempatkan waktu untuk membuat ritual keluarga (perayaan, tradisi, rutinitas harian, dll) menunjukkan rasa puas dan intimacy yg lebih baik dalam hubungan mereka. Bagaimana cara melakukannya? beberapa contoh berikut semoga bisa memberikan inspirasi bagi kita untuk mulai membangun kebiasaan unik dalam keluarga kita.<br />\r\n&nbsp;</p>\r\n\r\n<ul style=\"list-style-type:square\">\r\n	<li>Kebiasaan tahunan: mempraktikkan cara unik keluarga anda untuk mudik lebaran, acara ulang tahun, perayaan hari2 besar</li>\r\n	<li>Acara bulanan: liburan keluarga, belanja bulanan rame2, pengajian keluarga</li>\r\n	<li>Acara mingguan: puasa senin-kamis bersama, sholat jumat bersama yg diakhiri dengan acara menyenangkan (jadi ingat ayah saya dulu yg selalu ngajak anak2nya belanja rame2 setelah sholat jumat bersama), dinner special tiap malam minggu, pergi berdua dengan masing2 anggota keluarga, etc.</li>\r\n	<li>Acara harian: tadarus sekeluarga setiap habis maghrib, sholat subuh berjamah diakhiri dengan olah raga bersama, rutinitas menjelang tidur</li>\r\n	<li>pokoknya bikin kebiasaan2 unik yg hanya ada di keluarga anda, ini akan memberikan sense of identity pada anggota keluarga terutama pada anak2 kita, dan menguatkan &amp; memperkaya hubungan serta meninggalkan kenangan2 indah.</li>\r\n</ul>\r\n&nbsp;\r\n\r\n<blockquote>\r\n<h3><em>Kesimpulannya: kalau kita ingin api cinta dalam keluarga tetap menyala selamanya, maka kita perlu berusaha dengan sungguh2, it takes alot of effort, but its really worth it.</em></h3>\r\n</blockquote>\r\n\r\n<p>&nbsp;</p>\r\n\r\n<p>jadi PR anda, &nbsp;lakukan dengan sadar &quot;Cinta (pekerjaanya) ini&quot; maka &quot;Cinta (perasaannya) akan terpelihara, bahkan makin lama makin &quot;hot&quot;. Mulai dari yang mudah dan sederhana dulu, dan lihat hasilnya.</p>\r\n\r\n<p>&nbsp;</p>\r\n\r\n<p>Tulisan ini saya akhiri dengan 2 kutipan yg disampaikan&nbsp;Christine Carter,</p>\r\n\r\n<p>&nbsp;</p>\r\n\r\n<blockquote>\r\n<p><em>&quot;There is only one happiness in life, to love and be loved&quot; (George Sand)</em></p>\r\n\r\n<p><em>&quot;Once in a while, in the middle of ordinary life, love give us a fairy tale&quot;</em></p>\r\n</blockquote>\r\n\r\n<p>&nbsp;</p>\r\n\r\n<blockquote>\r\n<p><em>&quot;Hanya ada satu cara untuk bahagia, yaitu dengan mencintai dan dicintai&quot;</em></p>\r\n\r\n<p><em>&quot;Bahkan dalam aktivitas harian yang biasa saja, CINTA akan membuatnya jadi kenangan indah&quot;</em></p>\r\n</blockquote>\r\n', 'artikel-bagaimana-menjaga-api-cinta-dalam-pernikahan-by-ahmad-faiz-z-part-2-24.jpg', 4689, 0, '2015-06-05 07:35:54', '2023-01-16 18:49:26'),
(30, 'Seven Ways to be Stand Out in the Crowd', 'seven-ways-to-be-stand-out-in-the-crowd', '<h2 style=\"font-style:italic\"><strong>1. Cek Postur !</strong></h2>\r\n\r\n<p><strong><img alt=\"\" src=\"http://farm8.staticflickr.com/7106/7499386788_51b19881cf.jpg\" style=\"height:300px; width:400px\" /></strong><br />\r\nTegakkan punggung luruskan dagu dan pandang orang lain di matanya. To stand out in the crowd you have to stand tall tidak peduli berapa pun tinggi anda.<br />\r\n&nbsp;</p>\r\n\r\n<h2 style=\"font-style:italic\"><strong>2. Warna berbicara.</strong></h2>\r\n\r\n<p><strong><img alt=\"\" src=\"http://3.bp.blogspot.com/-ovOTPHwOsuw/TlNEJJbme4I/AAAAAAAAAB8/kRiCabgD0DE/s1600/Hamlet.jpg\" style=\"height:267px; width:400px\" /></strong><br />\r\nCocokan apa yang anda kenakan dengan diri anda. Anda merasakan nyaman dan tenang itu lebih baik, dibandingkan anda memaksakan kondisi diri anda sendiri.<br />\r\n&nbsp;</p>\r\n\r\n<h2 style=\"font-style:italic\"><strong>3. Saat semua orang diam, utarakan pendapat anda.</strong></h2>\r\n<img alt=\"\" src=\"http://www.sesawi.net/wp-content/uploads/2012/01/diskusi.jpg\" style=\"height:286px; width:400px\" />\r\n<p>Jadilah pemikir dan pemberi pendapat yang baik, jaga bicara anda, dan hormatilah orang lain. Karena itu bisa meningkatkan diri anda saat dalam pembicaraan.<br />\r\n<br />\r\n&nbsp;</p>\r\n\r\n<h2 style=\"font-style:italic\"><strong>4. Good Placement</strong>.</h2>\r\n<img alt=\"\" src=\"http://blog.askiitians.com/wp-content/uploads/2013/12/SOM_1170695f1.jpg\" style=\"height:245px; width:400px\" />\r\n<p>Menempatkan diri dengan baik, tuh. Justru membuat anda diingat orang. Salah jika anda berfikir sikap nyeleneh yang bisa memberikan efek tersebut.<br />\r\n&nbsp;</p>\r\n\r\n<h2 style=\"font-style:italic\"><strong>5. Smile a lot.</strong></h2>\r\n<img alt=\"\" src=\"http://img13.deviantart.net/bb00/i/2012/101/2/3/take_a_smile__by_shutter_shooter-d4nysia.jpg\" style=\"height:289px; width:400px\" />\r\n<p>Senyumlah , karena itu meningkatkan diri anda, dan membuat orang sekitar anda bahagia.<br />\r\n&nbsp;</p>\r\n\r\n<h2 style=\"font-style:italic\"><strong>6. Hello, Pioneer!</strong></h2>\r\n<img alt=\"\" src=\"https://mabruroh23.files.wordpress.com/2014/03/think.jpg\" style=\"height:280px; width:400px\" />\r\n<p>Jika anda memulai suatu inisiatif berbeda tentu orang-orang akan mengenali Anda.<br />\r\n<br />\r\n&nbsp;</p>\r\n\r\n<h2 style=\"font-style:italic\"><strong>7. Take the Risk.</strong></h2>\r\n\r\n<p><strong><img alt=\"\" src=\"https://cdn.psychologytoday.com/sites/default/files/blogs/4977/2012/09/105730-106894.jpg\" style=\"height:264px; width:400px\" /></strong><br />\r\n<br />\r\nApa ruginya ? semua keputusan ada resikonya ko. Saat jatuh cinta, toh berisiko patah hati. Saat anda ingin bisnis anda juga ada potensi untuk gagal. Kenapa takut gagal ??<br />\r\nMungkin karena gagal itulah awal untuk keberhasilan anda.<br />\r\n<br />\r\nTrimkasih..<br />\r\n<br />\r\nsemoga bermanfaat..<br />\r\n@dhanyindra</p>\r\n', 'artikel-seven-ways-to-be-stand-out-in-the-crowd-201506-29-30-l.jpg', 2166, 0, '2015-06-07 00:43:34', '2019-12-08 10:47:46'),
(31, 'Karakteristik anak-anak yg tahan banting (Resilience)', 'karakteristik-anak-anak-yg-tahan-banting-resilience', 'Tahan banting, mungkin ini kata-katanya sedikit agak kasar bagi anda. Tapi hal ini akan menjadi luarbiasa jika hal itu anda terapkan di anak-anak anda. Guru saya bapak Ahmad Faiz Zainuddin menyimpulkan bahwa ada 4 karakteristik anak termasuk yang tahan banting. Apakah itu anak anda ?? Check yuk dengan karakteristik dibawah ini :<br />\r\n&nbsp;\r\n<h2>1. <strong>Goal Oriented</strong></h2>\r\n<strong><img alt=\"\" src=\"http://i.dailymail.co.uk/i/pix/2009/02/27/article-0-03B118AD000005DC-143_468x309.jpg\" style=\"height:309px; width:468px\" /></strong>\r\n\r\n<h2 style=\"font-style:italic\">(memiliki target yang hendak mereka kejar).</h2>\r\nBiasanya anak ini cita-citanya besar dan ia akan senang menceritakan cita-citanya oleh orang lain. Sangat senang sekali jika cita-citanya bisa dibantu oleh orang lain untuk diwujudkan menjadi kenyataan.<br />\r\n&nbsp;\r\n<h2>2. <strong>Optimistic</strong></h2>\r\n<strong><img alt=\"\" src=\"http://www.usccb.org/image-library/images/children-giving-thumbs-up-montage.jpg\" /></strong>\r\n\r\n<h2 style=\"font-style:italic\">(Yakin bisa berhasil jika berusaha maksimal).</h2>\r\nWalaupun hasilnya terkadang tidak baik dan kurang memuaskan, anak tipe seperti ini akan senang sekali melakukannya. Walaupun hal itu terjadi berulang kali dan tetep dengan hasil yang sama. Tapi ia yakin dengan belajar berulang-ulang akan memberikan hasil yang sangat luarbiasa.<br />\r\n&nbsp;\r\n<h2>3. <strong>Role Models</strong></h2>\r\n<img alt=\"\" src=\"http://usercontent2.hubimg.com/6124570_f248.jpg\" style=\"height:330px; width:248px\" />\r\n<h2 style=\"font-style:italic\">(Punya seseorang yg dijadikan teladan).</h2>\r\nOrang itu bisa jadi orang tua atau tokoh tertentu yang ia jadikan teladan kebaikan ya. Bukan hanya sekedar ikut-ikutan tapi ia yakin dengan mengikutinya, ia akan seperti yang ia ikuti dan hasilnya akan luarbiasa.<br />\r\n<br />\r\n&nbsp;\r\n<h2>4. <strong>Strength Focused</strong></h2>\r\n<strong><img alt=\"\" src=\"http://static.wixstatic.com/media/e1c49d_4501796348f94aa083da2b40415cd9d2.jpg\" style=\"height:427px; width:600px\" /></strong>\r\n\r\n<h2 style=\"font-style:italic\">(Konsentrasi menggunakan kekuatannya, tidak kepikiran tentang kelemahannya).</h2>\r\nWalaupun luka-luka, badan gatel, muka penuh lumpur ia akan lanjutkan permainannya yang buat ia senang dan tertawa.<br />\r\n<br />\r\nJadi jika anda ingin membangun anak yang tahan banting, temukan ke 4 karakteristik diatas, agar anak anda menjadi tahan banting dan siap menghadapi kemungkinan apa yang akan terjadi di masa yang akan datang.<br />\r\nSemoga bermanfaat.<br />\r\n@dhanyindra<br />\r\nTerimakasih..', 'artikel-karakteristik-anak-anak-yg-tahan-banting-resilience-201506-29-31-l.jpg', 2590, 0, '2015-06-07 09:29:19', '2019-12-08 10:47:55'),
(34, 'Arti Prinsip...', 'arti-prinsip', '<p><big><strong>Prinsip</strong></big> adalah sebuah kata yang berarti sebuah pegangan yang dipegang teguh oleh seseorang dan menjadi pedoman kemana arah langkah hidupnya dalam menjalini kehidupan. Seseorang mempunyai sebuah prinsip ketika orang tersebut telah mengalami masa perubahan dari masa belum dewasa menjadi dewasa, kenapa demikian? Karena kedewasaan dari seseorang tidaklah dipandang dari tua atau mudanya umur orang tersebut. Terkadang kita dapat melihat seseorang yang masih muda tetapi dalam hal bebicara, bertindak dan mengambil suatu keputusan adalah tepat dan sesuai dengan keadaan yang terjadi. Banyak orang yang sudah umurnya tetapi ia belum mempunyai prinsip dalam kehidupannya. Ia masih mudah terombang-ambing oleh pengaruh luar dan mudah berganti-ganti dalam berprinsip. Ketika ada orang yang berkata &ldquo;Ah kuno lu, ndeso, ga jaman&rdquo; ia lalu merubah apa yang ia telah pegang dan mengikuti apa yang orang itu telah contohkan.<br />\r\n&nbsp;<br />\r\nDalam hal bergaya, berpakaian, gaya berbicara dan pola fikir, orang tersebut mudah sekali berpengaruh. Lain halnya dengan orang yang mempunyai prinsip, ia tidak mudah terpengaruh tetapi ia menyesuaikan dengan apa yang terjadi pada saat ini, tidak berubah 100%, mungkin hanya 25%-50% dan masih memegang prinsip itu. Tetapi terkadang dalam hal memegang suatu prinsip seseorang banyak sekali mengalami banyak godaan, terkadang ia mengalami pertentangan dengan apa yang prinsip yang ia pegang dan pertentangan itu pastilah berlawan dengan prinsip dari orang lain. Maka pada keadaan seperti ini, hati kita yang harus bicara gunakan akal fikiran kita, sehingga pertentangan tidak akan terjadi. Tetapi apabila tetap saja terjadi masalah dalam hal ini, jalan keluar yang pasti adalah kita keluar kita menyerah, menyerah bukan kalah tetapi menyerah itu mengalah untuk selangkah lebih maju dari yang lain.&nbsp;<br />\r\n<br />\r\nBerprinsip juga harus diimbangi oleh kekuatan mental dan iman kita, kita sebagai seorang muslim prinsip utama kita adalah agama kita, tanpa kita mempunyai prinsip yang kuat kita akan mudah terpecah belah dan dipengaruhi oleh hal-hal yang tidak baik. Selain prinsip dalam hal agam kita juga harus mempunyai prinsip dalam kehidupan kita, sifat ambisisius, pemalu, keras kepala, arogan, pendiam, penyabar, bijaksana, cerdas, pintar dan lain-lain adalah sifat yang dimiliki oleh seseorang yang mempunyai prinsip, tanpa adanya prinsip kita tidak akan mempunyai sebuah sifat utama dalam diri kita.<br />\r\nDan pada akhirnya prinsip seseorang itu terletak pada diri kita sendiri, prinsip itu harus dipegang teguh suka atau pun tidak suka itu prinsip kita dan apabila ada berlawanan dengan prinsip orang lain bicarakan dan berfikirlah jalan keluarnya, jangan hanya diam dan menuggu.<br />\r\n<br />\r\nSo apa prinsip kita?? tanyalah pada diri kita sendiri dan lihat hasilnya dari pandangan orang lain dan menjadikan kita selangkah lebih maju dari orang lain.<br />\r\n<br />\r\nterimakasih<br />\r\n@dhanyindra</p>\r\n', 'artikel-arti-prinsip-201506-29-34-l.png', 3363, 0, '2015-06-08 14:24:06', '2019-12-08 10:48:00'),
(37, ':: Resep Mendidik Anak :: ', 'resep-mendidik-anak', '<p>1&mdash; Jika melihat anakmu menangis, jangan buang waktu untuk mendiamkannya. Coba tunjuk burung atau awan di atas langit agar ia melihatnya, ia akan terdiam. Karena psikologis manusia saat menangis, adalah menunduk.</p>\r\n\r\n<p>2&mdash; Jika ingin anak-anakmu berhenti bermain, jangan berkata: &quot;Ayo, sudah mainnya, stop sekarang!&quot;. Tapi katakan kepada mereka: &quot;Mainnya 5 menit lagi yaaa&quot;. Kemudian ingatkan kembali: &quot;Dua menit lagi yaaa&quot;. Kemudian barulah katakan: &quot;Ayo, waktu main sudah habis&quot;. Mereka akan berhenti bermain.</p>\r\n\r\n<p>3&mdash; Jika engkau berada di hadapan sekumpulan anak-anak dalam sebuah tempat, yang mereka berisik dan gaduh, dan engkau ingin memperingatkan mereka, maka katakanlah: &quot;Ayoo.. Siapa yang mau mendengar cerita saya, angkat tangannya..&quot;. Salah seorang akan mengangkat tangan, kemudian disusul dengan anak-anak yang lain, dan semuanya akan diam.</p>\r\n\r\n<p>4&mdash; Katakan kepada anak-anak menjelang tidur: &quot;Ayo tidur sayang.. besok pagi kan kita sholat subuh&quot;, maka perhatian mereka akan selalu ke akhirat. Jangan berkata: &quot;Ayo tidur, besok kan sekolah&quot;, akhirnya mereka tidak sholat subuh karena perhatiannya adalah dunia.</p>\r\n\r\n<p>5&mdash; Nikmati masa kecil anak-anakmu, karena waktu akan berlalu sangat cepat. Kepolosan dan kekanak-kanakan mereka tidak akan lama, ia akan menjadi kenangan. Bermainlah bersama mereka, tertawalah bersama mereka, becandalah bersama mereka. Jadilah anak kecil saat bersama mereka, ajarkan mereka dengan cara yang menyenangkan sambil bermain.</p>\r\n\r\n<p>6&mdash; Tinggalkan HP sesaat kalau bisa, dan matikan juga TV. Jika ada teman yang menelpon, katakan: &quot;Maaf saaay, saat ini aku sedang sibuk mendampingi anak-anak&quot;.</p>\r\n\r\n<p>Semua ini tidak menyebabkan jatuhnya wibawamu, atau hilangnya kepribadianmu. Orang yang bijaksana tahu bagaimana cara menyeimbangkan segala sesuatu dan menguasai pendidikan anak.</p>\r\n\r\n<p>Selain itu, jangan lupa berdoa dan bermohon kepada Allah, agar anak-anak kita menjadi perhiasan yang menyenangkan, baik di dunia maupun di akhirat.<br />\r\n<br />\r\nDi copy paste dari Broadcast Massage BBM teman saya.</p>\r\n', 'artikel-resep-mendidik-anak-201506-29-37-l.png', 2018, 0, '2015-06-09 12:55:00', '2019-12-08 10:47:36'),
(38, 'Hakekat Hidup', 'hakekat-hidup', '1. Musibah pertama:<br />\r\n<em><strong>Umur yang terus berkurang.</strong></em><br />\r\nIronisnya pada hari ketika umurnya berkurang, dia tidak sedih karenanya, tapi apabila uangnya berkurang, dia bersedih. Padahal uang bisa dicari lagi, sedangkan umur tidak mungkin dicari gantinya.<br />\r\n<br />\r\n2. Musibah kedua:<br />\r\n<em><strong>Setiap hari dia memakan dari rezeki Allah</strong></em>.<br />\r\nBila rezeki itu haram; dia akan disiksa karenanya dan bila rezeki itu halal; dia tetap akan mempertanggung jawabkannya di akherat, untuk apa rezeki itu dimanfaatkan dan dia tidak tahu apakah dia akan selamat dalam pertanggung jawaban itu atau tidak.<br />\r\n<br />\r\n3. Musibah ketiga:<br />\r\n<strong><em>Setiap hari, dia semakin mendekat kepada akherat, dan semakin menjauh dari dunia.</em></strong><br />\r\nMeskipun begitu, dia tidak memperhatikan akheratnya yang kekal sebagaimana dia memperhatikan dunianya yang fana... Padahal dia tidak tahu, pada akhirnya nanti dia akan ke surga ataukah ke neraka.<br />\r\n<br />\r\nYa Allah, janganlah Engkau jadikan dunia, sebagai tujuan terbesar hidup kami dan tujuan akhir ilmu kami..<br />\r\nYa Allah.. Hindarkanlah kami dari nerakaMu, dan jadikanlah rumah abadi kami adalah surgaMu.<br />\r\nØ¢Ù…ÙÙŠÙ’Ù†Ù ÙŠÙŽØ§ Ø±ÙŽØ¨ÙŽÙ‘ Ø§Ù„Ù’Ø¹ÙŽØ§Ù„ÙŽÙ…ÙÙŠÙ’Ù†<br />\r\n<br />\r\nsemoga bermanfaat.<br />\r\n@dhanyindra<br />\r\n<br />\r\n(diambil dari BroadCast Massage BBM saya)', 'artikel-hakekat-hidup-201506-29-38-l.jpg', 1976, 0, '2015-06-11 10:01:10', '2021-07-25 19:29:18'),
(46, 'Matematika Kehidupan', 'matematika-kehidupan', '<h2 style=\"font-style:italic;\">M A T E M A T I K A</h2>\r\n1) Mengapa PLUS dikali&nbsp; PLUS hasilnya PLUS?<br />\r\n2) Mengapa MINUS dikali PLUS atau sebaliknya PLUS dikali MINUS hasilnya MINUS?<br />\r\n3) Mengapa MINUS dikali MINUS hasilnya PLUS?<br />\r\n<br />\r\nHakekatnya adalah:<br />\r\n(+) PLUS = BENAR<br />\r\n(-) MINUS = SALAH<br />\r\n<br />\r\n1. Mengatakan BENAR thd sesuatu hal yang BENAR adalah suatu tindakan yang BENAR.<br />\r\nRumus&nbsp;&nbsp;<br />\r\n+ x + = +<br />\r\n<br />\r\n2. Mengatakan BENAR thd sesuatu yang SALAH, atau sebaliknya mengatakan SALAH thd sesuatu yang BENAR adalah suatu tindakan yang SALAH.<br />\r\nRumus matematikanya:<br />\r\n+ x &ndash; = -<br />\r\n&ndash; x + = -<br />\r\n<br />\r\n3. Mengatakan SALAH thd sesuatu yg SALAH adalah suatu tindakan yang BENAR.<br />\r\nRumus matematikanya:<br />\r\n&ndash; x &ndash; = +<br />\r\n<br />\r\nPelajaran matematika ternyata sarat makna. Kebenarannya pasti/exact,&nbsp; yg bs kita ambil sebagai pelajaran Hidup.&nbsp;Untuk matematika pembagian, adalah sbb:<br />\r\n1 &divide; 1 = 1<br />\r\n1 &divide; 2 = 1/2&nbsp;<br />\r\n1 &divide; 10 = 1/10<br />\r\n1 &divide; 100 = 1/100<br />\r\nSedangkan 1 &divide; 0 = ~ ( tak terhingga).<br />\r\n<br />\r\nMaknanya adalah:<br />\r\n- Kalau kita melakukan perbuatan baik, spt sedekah misalnya, kemudian kita mengharapkan balasan atas perbuatan itu, mk semakin kita banyak berharap hasilnya akan semakin kecil (1/100 dst).<br />\r\n<br />\r\nTetapi ketika kita melakukannya dgn ikhlas tanpa mengharapkan sesuatu imbalan apa pun atau 1 &divide; 0, maka hasilnya akan &quot;Tak Terhingga&quot; yang artinya Allah akan memberikan balasan atas keikhlasan kita dengan balasan yang tak terhingga (Penuh Keberkahan).<br />\r\n<br />\r\nâœ” Tatkala engkau memperbaiki niatmu, saat itulah Allah memperbaiki keadaanmu<br />\r\nâœ” Ketika engkau menginginkan kebaikan utk org lain, maka kebaikan itu datang kepadamu dari arah yang tidak engkau duga<br />\r\nâœ” Di saat kita hidup untuk membuat orang lain bahagia, Allah menjadikan orang lain membahagiakan kita<br />\r\nâœ” Maka carilah selalu celah untuk &quot;memberi&quot;, bukan &quot;mengambil&quot;<br />\r\nâœ” Setiap kali engkau memberi maka di saat itulah engkau diberi tanpa engkau meminta.<br />\r\n<br />\r\n(Created By Prof. Patuh Budi Setiawan).<br />\r\n<br />\r\nSemoga Bermanfaat, Terimakasih.&nbsp;', 'artikel-matematika-kehidupan-201506-29-46-l.jpg', 2922, 0, '2015-06-28 17:31:45', '2023-05-19 15:33:21'),
(51, 'Tidak terasa dan tidak disangka, masalah batin ku berakibat ke masalah fisik', 'tidak-terasa-dan-tidak-disangka-masalah-batin-ku-berakibat-ke-masalah-fisik', '<iframe width=\"420\" height=\"315\" src=\"https://www.youtube.com/embed/Op7AyRr3-Tw\" frameborder=\"0\" allowfullscreen></iframe>', 'artikel-tidak-terasa-dan-tidak-disangka-masalah-batin-ku-berakibat-ke-masalah-fisik-201507-29-51-l.jpg', 3446, 0, '2015-07-04 05:01:53', '2023-06-11 04:24:36'),
(52, 'Menemukan Hakekat Kebahagiaan', 'menemukan-hakekat-kebahagiaan', '<p>Tersenyum Tanpa Syarat, Senyum mu adalah rasa mu, rasamu adalah do&#39;a mu,&nbsp;Kunci Bahagia itu sederhana, Semudah tersenyum dengan kesyukuran akan karunia-Nya yang engkau tak tunda memulai</p>\r\n\r\n<p><iframe allowfullscreen=\"\" frameborder=\"0\" height=\"360\" src=\"//www.youtube.com/embed/72pCG11T-to\" width=\"640\"></iframe></p>\r\n\r\n<p>&nbsp;</p>\r\n\r\n<p>Ya ALLAH.. pastaskah diri selalu meminta-Mu sedangkan telah banyak karunia yang telah Engkau berikan.. sering lupa untuk mensyukuri. Ya ALLAH.. ampuni hamba yang tiada bertanya dalam setiap bersujud pada-Mu untuk bersungguh mengikuti apa yang Engkau inginkan.. dalam sisa hidup ini. Ya ROBBI... jangan Engkau cabut nikmat karunia yang telah berikan hingga detik ini.. Bukakan jalan untuk meraih cahaya kemuliaan, cahaya-Mu sampai batas waktu berakhir khusnul khotimah dalam pelukkan cinta-Mu. Aamiin.</p>\r\n', 'artikel-menemukan-hakekat-kebahagiaan-52.jpg', 2479, 0, '2015-07-07 07:54:10', '2022-12-23 20:59:38'),
(53, 'Ustad Yusuf Mansur Mintalah Kepada Allah Kebutuhanmu', 'ustad-yusuf-mansur-mintalah-kepada-allah-kebutuhanmu', '<p>Berikut ini adalah petikan ceramah Ustad Yusuf Mansur Mintalah Kepada Allah Kebutuhanmu. Seperti kita ketahui bersama bahwa Allah-lah yang maha segala-galanya, termasuk maha mengabulkan semua doa yang dipanjatkan makhluknya.. Simak video dibawah ini ... semoga bermanfaat</p>\r\n\r\n<p>&nbsp;</p>\r\n\r\n<p><iframe allowfullscreen=\"\" frameborder=\"0\" height=\"315\" src=\"https://www.youtube.com/embed/21FppfqDJ9w\" width=\"560\"></iframe></p>\r\n', 'artikel-ustad-yusuf-mansur-mintalah-kepada-allah-kebutuhanmu-53.jpg', 4315, 0, '2015-07-07 09:04:27', '2023-05-03 19:39:18'),
(54, '19 Tanda Wanita  yang Istimewa', '19-tanda-wanita-yang-istimewa', '<p>1. Doa wanita itu lebih makbul daripada lelaki karena sifat penyayang yang lebih kuat daripada lelaki. Ketika ditanya kepada Rasulullah SAW akan hal tersebut, jawab baginda, &quot;Ibu lebih penyayang daripada bapak dan doa orang yang penyayang tidak akan sia-sia.&quot;</p><p>2. Wanita yang salehah (baik) itu lebih baik daripada 1000 lelaki yang saleh.</p><p>3. Barangsiapa yang menggembirakan anak perempuannya, derajatnya seumpama orang yang senantiasa menangis karena takut akan Allah. Dan orang yang takut akan Allah SWT akan diharamkan api neraka ke atas tubuhnya.</p><p>4. Wanita yang tinggal bersama anak-anaknya akan tinggal bersama aku (Rasulullah saw di dalam surga).</p><p>5. Barangsiapa membawa hadiah (barang makanan dari pasar ke rumah lalu diberikan kepada keluarganya) maka pahalanya seperti melakukan amalan bersedekah. Hendaklah mendahulukan anak perempuan daripada anak lelaki.</p><p>6. Surga itu di bawah telapak kaki ibu.</p><p>7. Barangsiapa mempunyai tiga anak perempuan atau tiga saudara perempuan atau dua anak perempuan atau dua saudara perempuan lalu dia bersikap ihsan dalam pergaulan dengan<br />mereka dan mendidik mereka dengan penuh rasa takwa serta sikap bertanggungjawab, maka baginya adalah surga.</p><p>8. Apabila memanggil akan dirimu dua orang ibu bapakmu, maka jawablah panggilan ibumu terlebih dahulu.</p><p>9. Daripada Aisyah r.a. berkata, &quot;Barangsiapa yang diuji dengan sesuatu daripada anak-anak perempuannya lalu dia berbuat baik kepada mereka, maka mereka akan menjadi penghalang baginya daripada api neraka.&quot;</p><p>10. Wanita yang taat berkhidmat kepada suaminya akan tertutuplah pintu-pintu neraka dan terbuka pintu-pintu surga. Masuklah dari mana saja pintu yang dia kehendaki dengan tidak dihisab.</p><p>11. Wanita yang taat pada suaminya, maka semua ikan-ikan di laut, burung di udara, malaikat di langit, matahari dan bulan semua beristighfar baginya selama dia taat kepada suaminya serta menjaga salat dan puasanya.</p><p>12. Aisyah r.a berkata, &quot;Aku bertanya kepada Rasulullah, siapakah yang lebih besar haknya&nbsp;terhadap wanita?&quot; Jawab Rasulullah SAW &quot;Suaminya.&quot; &quot;Siapa pula berhak terhadap lelaki?&quot; Jawab Rasulullah SAW, &quot;Ibunya.&quot;</p><p>13. Perempuan apabila sembahyang lima waktu, puasa di bulan Ramadhan, memelihara kehormatannya serta kepada suaminya, masuklah dia dari pintu surga mana saja yang dikehendaki.</p><p>14. Tiap perempuan yang menolong suaminya dalam urusan agama, maka Allah SWT memasukkan dia ke dalam surga terlebih dahulu daripada suaminya (10,000 tahun).</p><p>15. Apabila seseorang perempuan mengandung janin dalam rahimnya, maka beristighfarlah para malaikat untuknya. Allah SWT mencatatkan baginya setiap hari dengan 1,000 kebajikan dan menghapuskan darinya 1,000 kejahatan.</p><p>16. Apabila seseorang perempuan mulai sakit hendak bersalin, maka Allah SWT mencatatkan baginya pahala orang yang berjihad pada jalan Allah.</p><p>17. Apabila seseorang perempuan melahirkan anak, keluarlah dia dari dosa-dosa seperti keadaan ibunya melahirkannya.</p><p>18. Apabila telah lahir anak lalu disusui, maka bagi ibu itu setiap satu tegukan daripada susunya diberi satu kebajikan.</p><p>19. Apabila semalaman seorang ibu tidak tidur dan memelihara anaknya yang sakit, maka Allah SWT memberinya pahala seperti memerdekakan 70 orang hamba dengan ikhlas untuk membela agama Allah SWT.</p><p>Subhanallah... Semoga bermanfaat..&nbsp;</p>', 'artikel-19-tanda-wanita-yang-istimewa-201507-29-54-l.jpg', 4822, 0, '2015-07-07 15:09:30', '2021-01-20 03:21:50');
INSERT INTO `articles` (`id`, `title`, `slug`, `description`, `image`, `views`, `category_article_id`, `created_at`, `updated_at`) VALUES
(55, 'Mohon Maaf Lahir Batin, Pengaruhnya untuk Emosi', 'mohon-maaf-lahir-batin-pengaruhnya-untuk-emosi', '<p>Tidak dapat dipungkiri jika perilaku maaf (memberi dan meminta maaf) adalah perbuatan yang sulit untuk dilakukan. Apalagi perilaku maaf yang harus dibarengi dengan keikhlasan (unconditional forgiveness). Hal ini lebih disebabkan sikap egois untuk mengakui kesalahan yang sering mendominasi kepribadian manusia.&nbsp;<br />\r\n<br />\r\n&quot;Mohon Maaf Lahir Batin&quot; adalah kalimat yang kerap kita dengar pada saat lebaran- begitu juga pada sms-bb-fb - dan medsos lainnya.</p>\r\n\r\n<p>Apakah ucapan ini ada hubungannya dengan pengelolaan emosi ?</p>\r\n\r\n<p>Pada tahun 1998, Martin Seligman menjabat sebagai presiden APA menawarkan ilmu pengetahuan baru yang dinamakannya dengan psikologi positif. Psikologi positif sendiri hadir untuk mengatasi problematika yang semakin menghawatirkan banyak pihak. Psikologi positif dinyatakan sebagai suatu ilmu yang ingin mengubah penekanan dalam disiplin ilmu psikologi dari suatu model penyakit ke suatu model sehat untuk melengkapi apa yang sudah dikembangkan oleh ahli psikologi terdahulu. Tujuan utama psikologi positif adalah memahami, membangun dan memberdayakan kekuatan-kekuatan yang dimiliki manusia (Diener dan Diener 2003). Caranya adalah dengan mengembangkan aspek positif dalam diri manusia, salah satunya adalah dengan berperilaku maaf.</p>\r\n\r\n<p>Sebagaimana kodratnya, manusia tidak pernah dapat dilepaskan dari interaksi sosialnya. Mulai dari bangun tidur sampai tidur kembali, aktivitas yang individu lakukan selalu berhubungan dan melibatkan orang lain. Hubungan interpersonal tersebut adakalanya menimbulkan rasa senang, aman dan nyaman. Akan tetapi tidak dapat dipungkiri juga, konflik adalah suatu hal yang juga tidak dapat dilepaskan dalam menjalin hubungan dengan orang lain. Pendek kata, menjalin hubungan interpersonal berarti harus siap dengan segala resiko yang ada baik itu yang berhubungan dengan kesenangan atau kesakitan.</p>\r\n\r\n<p>Akan tetapi, konflik sesungguhnya tidak selalu berakibat buruk. Karena pada dasarnya ada konflik yang sifatnya konstruktif (membangun) dan ada pula yang sifatnya destruktif (merusak). Hal ini sangat bergantung pada bagaimana individu mensikapi dan menangani konflik yang ada (Sadardjoen, dalam Dayakisni: 2008).</p>\r\n\r\n<p>Konflik yang tidak dapat diatasi secara baik, akan menimbulkan konflik yang lebih besar dan berkepanjangan. Rasa sakit hati dan pikiran &ndash; pikiran negatif terhadap orang lain yang kemudian disertai dengan pembalasan adalah hal yang sering menyertai ketika konflik tidak dapat diredam. Lantas bagaimanakah konflik yang konstruktif itu? Bagaimanakah menjalin hubungan interpersonal yang lebih harmonis setelah terjadi rasa sakit?</p>\r\n\r\n<p>Baron dan Byrne (2004) menyebutkan ada empat pilihan reaksi yang mungkin dilakukan ketika konflik yaitu pertama adalah sikap aktif menyelesaikan konflik. Kedua adalah loyalty atau sikap menunggu dengan harapan konflik dapat terselesaikan dengan sendirinya. Sikap ketiga adalah exit atau melarikan diri dari penyelesaian konflik. Dan sikap keempat adalah neglect atau berharap masalah menjadi lebih buruk. Sementara itu menurut Fincham (2000), memaafkan adalah sikap yang paling ideal dalam menyelesaikan konflik. Pemaafan memberikan suatu cara untuk menghadapi tantangan dalam menghilangkan hambatan-hambatan untuk berhubungan setelah mengalami rasa sakit hati. Tindakan memaafkan akan menyembuhkan luka dan mengurangi nestapa, membangun sesuatu yang baru, yang lebih konstruktif dan memotong siklus kekerasan. Dengan memaafkan seseorang terhindar dari dampak penghancuran diri karena terlalu lama menanggung beban kesakitan dan dendam sebagai korban.</p>\r\n\r\n<p>Agama-agama dan nilai-nilai yang berkembang dalam kehidupan masyarakat manusia umumnya meletakkan pemaafan atau pemberian maaf (forgiveness) ini sebagai salah satu pilar ajarannya. Pemaafan atau pemberian maaf sendiri berarti menghapus luka atau bekas-bekas luka dalam hati (Shihab, 2001). Dalam agama Islam misalnya, Allah &lsquo;azza wa jalla memerintahkan manusia untuk memberikan maaf kepada orang lain: &ldquo;apabila kamu memaafkan, dan melapangkan dada serta melindungi, sesungguhnya Allah maha pengampun lagi maha penyayang&rdquo; (QS At-Taghabun:14).</p>\r\n\r\n<p>&ldquo;Forgiveness research&rdquo; atau penelitian tentang perilaku memaafkan merupakan bidang yang kini banyak diteliti ilmuwan di sejumlah bidang keilmuan seperti kedokteran, psikologi dan kesehatan. Hal ini karena sikap memaafkan ternyata memiliki pengaruh terhadap kesehatan jiwa raga, maupun hubungan antar-manusia. Jurnal ilmiah EXPLORE edisi Januari/Februari 2008, Vol. 4, No. 1 memaparkan bahwa perilaku memaafkan mendatangkan manfaat kesehatan bagi orang yang memaafkan. Lebih jauh dari itu, penelitian terbaru mengisyaratkan pula bahwa pengaruh memaafkan ternyata juga berimbas baik pada kehidupan orang yang dimaafkan.</p>\r\n\r\n<p>Worthington Jr., pakar psikologi di Virginia Commonwealth University, AS, dkk merangkum kaitan antara memaafkan dan kesehatan., di jurnal Explore, Mei 2005, Vol.1, No. 3, Worthington dkk memaparkan dampak sikap memaafkan terhadap kesehatan jiwa raga, dan penggunaan &ldquo;obat memaafkan&rdquo; dalam penanganan pasien.</p>\r\n\r\n<p>Anjuran agama untuk saling memaafkan.</p>\r\n\r\n<p>Tidak sedikit dalil naqli baik dari al-Quran dan al-Hadis yang menganjurkan kepada manusia. Dalam Islam, Allah dilukiskan sebagai Maha Pemaaf (Maha Pengampun). Tidak seperti manusia, Allah memberikan maaf kepada siapa saja yang dikehendakinya, sekiranya orang tersebut memohon maaf dan berjanji tidak melakukan lagi perbuatannya. Alquran menggunakan 3 buah kata untuk melukiskan bentuk-bentuk pengampunan (permaafan); taubat, al-&lsquo;awf (maaf) dan al-Shaf (lapang dada). 2 kata terakhir memiliki kaitan langsung dengan maaf dimana 2 kata itu menunjukkan tingkatan pemberian maaf. Jika Anda memaafkan orang lain, maka maaf Anda bisa berada dalam 2 tingkat berikut; Anda memaafkan dia, tetapi tidak melupakan perbuatannya. Orang-orang Barat menyebut dengan kalimat &lsquo;forgive, but not forget&rsquo; (memaafkan, tetapi tidak melupakan). Ibarat sebuah kertas penuh tulisan, maaf Anda seperti penghapus menutup tulisan itu. Tulisan tidak terhapus, tetapi sudah tidak terbaca lagi. Masih ada sisa-sisa hapusan yang sedikit kotor. Maaf pada level kedua adalah ketika Anda melupakan sama sekali apa yang pernah terjadi pada diri Anda. Anda tidak lagi menghapus tulisan, tetapi membuka lembaran baru yang kosong. Maaf jenis ini disebut al-Shaf. Maaf Anda disebabkan karena Anda memiliki kelapangan dada. Kata &lsquo;berjabat tangan&rsquo; dalam bahasa Arab adalah &lsquo;mushafahat&rsquo; yang diambil dari kata al-shaf tadi. Meski tidak segera sirna rasa dendam dan sulitnya muncul rasa maaf, tetapi dengan berjabat tangan setiap bertemu akan mencairkan rasa benci dan dendam itu.</p>\r\n\r\n<p>Kata-kata maaf dalam berbagai ajaran agama bukan merupakan kata yang asing. Dalam kitab suci al-Quran dapat ditemukan puluhan kata maaf. Dalam al-Quran, Tuhan menyebutnya dengan Ghofur, yang artinya maha mengampuni. Dalam surat al-Baqoroh, Allah menunjukkan bagaiman ia mengampuni kesalahan Adam dengan mengajarkan berbagai kalimat. Beberapa ayat kemudian, Allah menjelaskan bagaimana ia mengampuni Bani Israil setelah mereka mengambil anak sapi sebagai Tuhan. Allah berfirman &ldquo; Kemudian kami maafkan kamu setelah itu (penyembelehan anak sapi agar kamu bersyuklur (Q.S Al-Baqoroh).</p>\r\n\r\n<p>Dalam QS.24:22 dikatakan: &ldquo;hendaklah mereka memaafkan dan melapangkan dada! Apakah kamu tidak ingin diampuni Allah?&rdquo;. Dalam ayat lain QS.2:109: &ldquo;maafkanlah mereka dan lapangkanlah dada. Sesungguhnya Allah senang kepada orang-orang yang berbuat kebajikan (terhadap yang melakukan kesalahan kepadanya)&rdquo;.</p>\r\n\r\n<p>Nabi Muhammad shallahu &lsquo;alaihi wa sallam adalah pribadi yang mudah memberi maaf dalam sejarah kemanusiaan. Nabi Muhammad SAW dikenal mudah memaafkan seseorang yang menyakitinya. Diceritakan bahwa, suatu saat Nabi Muhammad menyampaikan dakwah kepada orang-orang daerah Thaif. Ternyata mereka bereaksi negative atas dakwah Nabi Muhammad, yaitu menolak bahkan menyakiti fisik Nabi Muhammad. Ternyata sikap kasar orang-orang Thaif ini, Nabi Muhammad menunjukkan pemberian maafnya. Nabi Muhammad juga optimis bahwa anak cucu orang-orang Thaif kelak akan menjadi orang-orang yang beriman. Kisah lain menyebutkan, bahwa ada&nbsp;Nabi Muhammad ketika akan beribadah atau berangkat berdakwah selalu ada seseorang yang meludahi. Akan tetapi, beliau bereaksi tenang dan tidak membalasnya. Justru Nabi Muhammad terheran-heran manakala lewat jalan tersebut si peludah tidak tampak. Saat tahu bahwa si peludah sakit, Nabi Muhammad bersilaturrahmi pada orang tersebut, sesuatu yang sangat menggetarkan hati si peludah. Dan akhirnya si peludah meminta maaf kepada&nbsp;Nabi Muhammad dan menyatakan diri masuk agama Islam. Begitulah strategi Nabi Muhammad dalam melakukan dakwah, tidak dengan cara kekerasan akan tetapi dengan mauidloh hasanah dan memberi maaf.</p>\r\n\r\n<p>Pengaruh Maaf Terhadap Fungsi Psikofisologis Manusia.</p>\r\n\r\n<p>McCullough pakar psikologi yang merupakan salah satu pioner dalam penelitian maaf, menytatakan bahwa maaf berpengaruh positif terhadap fungsi jasmani (fisiologis) dan kejiwaan (psikologis). Aspek psikologis pemberian maaf dapat menigkatkan emosi positif , resiliensi dan menumbuhkan harapan.</p>\r\n\r\n<p>McCullough dkk (1997) mengatakan ahli-ahli psikologi yang mendalami perilaku maaf mengkonsepsikan maaf sebagai sebagai sekelompok perubahan motivasi terhadap penganiayaan. Tatakala orang memaafkan, mereka termotivasi untuk menghindari dan mengurangi hal-hal yang berkaitan dengan balas dendam (revengeace) dan menigkatkan motivasi yang berkaitan dengan rasa sayang, kebaikan, kedermawanan, persahabatan, dll.</p>\r\n\r\n<p>Di samping itu, kajian ilmiah membuktikan bahwa memaafkan terkait erat dengan kemampuan orang dalam mengendalikan dirinya. Hilangnya pengendalian diri mengalami penurunan ketika orang memaafkan dan hal ini menghentikan dorongan untuk membalas dendam.</p>\r\n\r\n<p>Thoresen dkk (2000) menyarankan beberapa mekanisme psikososial yang dapat menerangkan keterkaitan maaf dengan kesejahteraan fisik dan psikis. Menurutnya, maaf dapat meningkatkan pemikiran optimis dan mengurangi keputusasaan, meningkatkan efikasi diri, peningkatan dukungan sosial dan emosional dan untuk beberapa individu meningkatkan rasa transenden.</p>\r\n\r\n<p>Perilaku maaf dapat meningkatkan kebahagiaan dari kemampuan individu untuk menolong orang dalam memperbaiki dan melindungi serta mempertahankan hubungan dekat dan suportif (Karremans, dkk, 2003).</p>\r\n\r\n<p>Sebaliknya, seseorang yang susah untuk memaafkan kesalahan orang lain akan menyebabkan nyeri emosional akibat rasa dendam dan marah yang berkepanjangan dan merusakan kenyamanan jiwa. Jika dendam dan marah terus menerus menumpuk&mdash;gejala ini merupakan gejala utama dari mereka yang mudah marah dan membenci&mdash;merupakan perusak utama dari kehidupan emosional yang baik. Ilmu psikoneuroimnologi menjelaskan bahwa mereka yang pendendam dan sulit memberikan maaf bagi orang lebih mudah menderita penyakit fisik dan mental dibandingkan mereka yang tidak atau kurang memiliki perilaku itu. Para pendendam biasanya memiliki stok marah yang lebih banyak dibandingkan bukan pendendam. Mereka mudah sekali marah jika melihat obyek marah berada di sekitar mereka. Mereka juga kehilangan emosi positif ketika dendam mulai mendera.</p>\r\n\r\n<p>Orang-orang ini melihat kehidupan dengan sudut pandang negatif, hitam putih dan berdimensi jangka pendek. Mereka yang berpandangan jangka pendek biasanya memiliki kesulitan hidup baik. Pola pikir ini telah menghalangi mereka untuk melihat kebaikan pada diri orang lain, termasuk menyadari bahwa manusia bisa berubah setiap saat. Orang-orang ini juga menderita gangguan jiwa paranoid, yakni sikap mudah curiga pada segala hal yang dilakukan oleh seseorang yang dimusuhinya. Para pendendam berkeyakinan bahwa setiap hal yang dilakukan oleh musuhnya&mdash;meski itu sebuah kebaikan&mdash;merupakan cara untuk menyakiti dirinya, dan bermaksud melukai hatinya.</p>\r\n\r\n<p>Dengan memaafkan seseorang akan dapat memperluas dan menjalin hubungan yang lebih harmonis dengan orang lain. Persahabatan akan terjalin dengan kekal jika satu sama lain bisa saling memaafkan. Hal akan dapat mencegah kedzaliman yang terulang terhadap sesama. Penelitian yang pernah dilakukan oleh Harry M. Wallace (2008), menyimpulkan bahwa menyatakan pemberian maaf biasanya menjadikan orang yang mendzalimi si pemaaf tersebut untuk tidak melakukan tindak kedzaliman serupa di masa mendatang.</p>\r\n\r\n<p>Penelitian menggunakan teknologi canggih pencitraan otak seperti tomografi emisi positron dan pencitraan resonansi magnetik fungsional berhasil mengungkap perbedaan pola gambar otak orang yang memaafkan dan yang tidak memaafkan.</p>\r\n\r\n<p>Orang yang tidak memaafkan terkait erat dengan sikap marah, yang berdampak pada penurunan fungsi kekebalan tubuh. Mereka yang tidak memaafkan memiliki aktivitas otak yang sama dengan otak orang yang sedang stres, marah, dan melakukan penyerangan (agresif).</p>\r\n\r\n<p>Demikian pula, ada ketidaksamaan aktivitas hormon dan keadaan darah si pemaaf dibandingkan dengan si pendendam atau si pemarah. Pola hormon dan komposisi zat kimia dalam darah orang yang tidak memaafkan bersesuaian dengan pola hormon emosi negatif yang terkait dengan keadaan stres. Sikap tidak memaafkan cenderung mengarah pada tingkat kekentalan darah yang lebih tinggi. Keadaan hormon dan darah sebagaimana dipicu sikap tidak memaafkan ini berdampak buruk pada kesehatan.</p>\r\n\r\n<p>Raut wajah, daya hantar kulit, dan detak jantung termasuk yang juga diteliti ilmuwan dalam kaitannya dengan sikap memaafkan. Sikap tidak memaafkan memiliki tingkat penegangan otot alis mata lebih tinggi, daya hantar kulit lebih tinggi, dan tekanan darah lebih tinggi. Sebaliknya, sikap memaafkan meningkatkan pemulihan penyakit jantung dan pembuluh darah.</p>\r\n\r\n<p>Kesimpulannya, sikap tidak mau memaafkan yang sangat parah dapat berdampak buruk pada kesehatan dengan membiarkan keberadaan stres dalam diri orang tersebut. Hal ini akan memperhebat reaksi jantung dan pembuluh darah di saat sang penderita mengingat peristiwa buruk yang dialaminya. Sebaliknya, sikap memaafkan berperan sebagai penyangga yang dapat menekan reaksi jantung dan pembuluh darah sekaligus memicu pemunculan tanggapan emosi positif yang menggantikan emosi negatif.</p>\r\n\r\n<p>Sebuah penelitian eksperimental di Amerika serikat dengan menggunakan pasien kanker di sebuah rumah sakit membuktikan bahwa pasien yang dikondisikan untuk memaafkan orang lain ternyata memiliki tingkat kepulihan yang cukup signifikan dibandingkan dengan pasien yang tidak diberi perlakuan.</p>\r\n\r\n<p>Berdasarkan bukti berlimpah sikap memaafkan yang berdampak positif terhadap kesehatan jiwa raga, kini di sejumlah negara-negara maju telah dilakukan berbagai pelatihan menumbuhkan jiwa pemaaf dalam diri seseorang. Bahkan perilaku memaafkan ini mulai diujicobakan di dunia kesehatan dan kedokteran dalam penanganan pasien penderita sejumlah penyakit berbahaya.</p>\r\n\r\n<p>Orang yang menderita resiko penyakit jantung koroner dan tekanan darah tinggi berpeluang mendapatkan manfaat dari sikap memaafkan. Telah dibuktikan bahwa 10 minggu pengobatan dengan menggunakan &ldquo;sikap memaafkan&rdquo; mengurangi gangguan kerusakan aliran darah otot jantung yang dipicu oleh sikap marah.</p>\r\n\r\n<p>Rasa sakit kronis dapat diperparah dengan sikap marah dan kesal (dendam). Penelitian terhadap orang yang menderita sakit kronis pada punggung bawah menunjukkan bahwa rasa marah, sakit hati, dan sakit yang dapat dirasakan secara inderawi lebih berkurang pada mereka dengan sikap pemaaf yang lebih besar.</p>\r\n\r\n<p>Faktor kognitif dan Emosi yang mendorong tindakan memaafkan</p>\r\n\r\n<p>Suatu eksperimen memberikan pencerahan terhadap faktor kognitif dan emosi yang dapat menfasilitasi dan merusak perilaku maaf. McCullough, Worthington dan Rachel (1997) membantu untuk menyediakan rasional teoritis mengapa empati terhadap penganiaya merupakan penyebab penting terhadap perilaku maaf. Mereka berpendapat bahwa maaf memiliki struktur dan fungsi mirip dengan perilaku altruistik (senang menolong) dan serupa dengan apa yang dapat ditemui dalam emphaty (Batson, 1999). McCullough (1997) dalam studi pertanyaannya mendapatkan bukti menerima suatu apologi akan memudahkan individu untuk memberi maaf dengann cara menigkatkan empati untuk penganiaya. Dalam studi mereka yang kedua mereka mereka menemukan bahwa empahaty mempromosikan lebih banyk perubhn dalam memaafkan. Hasil penelitian ini juga menunjukkan bahwa empati dapat mempengaruhi pemberian maaf dengan cara menfasilitasi empati pada penyerang. Studi yang lain memperkuat keterkaitan maaf dengan empati. Orany yang memafkan penganiaya cenderung memiliki tingkat tinggi empati terhadap mereka (McCollough, dkk, 2002). , dan orang yang mempunyai skor yang lebih tinggi dalam sifat pemaaf juga mamperoleh skor yang lebih tinggi dasifat empati.</p>\r\n\r\n<p>Penutup</p>\r\n\r\n<p>Tidak dapat dipungkiri jika perilaku maaf (memberi dan meminta maaf ) adalah perbuatan yang sulit untuk dilakukan. Apalagi perilaku maaf yang harus dibarengi dengan keikhlasan (unconditional forgiveness). Hal ini lebih disebabkan sikap egois untuk mengakui kesalahan yang sering mendominasi kepribadian manusia. Akan tetapi, sesuatu yang sulit bukan berarti sama sekali tidak bisa dilakukan. Untuk melatih diri mempunyai sifat pemaaf dan meminta maaf memang perlu untuk dilatih. Saat ini terdapat gerakan memaafkan yang dipimpin oleh Everett L. Worthington Jr., profesor psikologi di Virginia Commonwealth University, gerakan ini menyediakan informasi seputar berlimpah hasil penelitian seputar memanfaatkan ditinjau dari berbagai disiplin ilmu. Maaf salah satu kajian yang cukup penting dan perlu dikembangkan. Apalagi dalam suasana yang penuh konflik seperti sekarang ini.</p>\r\n\r\n<p>oleh Bara Latuadi dalam HIDUP SEHAT DENGAN MEMAAFKAN : PERSPEKTIF AGAMA, PSIKOLOGI DAN KESEHATAN</p>\r\n\r\n<p>http://bara4latuadi.blogspot.com/2009/02/hidup-sehat-dengan-memaafkan-perspektif.html</p>\r\n\r\n<p>&nbsp;</p>\r\n\r\n<p>DAFTAR RUJUKAN</p>\r\n\r\n<p>Enright, R.D. (2003). Forgiveness Is A Choice. Washington : APA Life Tools.</p>\r\n\r\n<p>Enright, R.D. &amp; Baskin, T.W. 2004. Intervention Studies on Forgiveness : A Meta Analysis. Journal of Counseling and Develeopment. 82, 1: 79-91.</p>\r\n\r\n<p>Harry M Wallace (2008). Interpersonal Consequences of forgiveness : Does Forgiveness deter or encourage repeat offenses?. Journal of Experimental Social Psychology. 44, 2 : 453 &ndash; 460.</p>\r\n\r\n<p>Nashori, F. (2008). Psikologi Sosial Islami. Yogyakarta : Refika Aditama</p>\r\n\r\n<p>Worthington (2005). Forgiveness in Health Research and Medical Practice : Journal Explore : The Journal of Science and Healing : Vol.1, No. 3.</p>\r\n\r\n<p>http//www.hidayatullah.co.id</p>\r\n', 'artikel-mohon-maaf-lahir-batin-pengaruhnya-untuk-emosi-55.jpg', 3598, 0, '2015-07-23 01:03:10', '2021-05-31 03:22:38'),
(56, 'The Secret of Jurnal Syukur', 'the-secret-of-jurnal-syukur', '<p>Untuk mengubah hidup dengan cepat gunakan syukur untuk messenger energi kita. Ketika kita mencurahkan seluruh energi ke dalam syukur, kita akan melihat keajaiban-keajaiban terjadi didalam hidup kita.</p><p>Mari kita mulai mencoba keajaiban ini dengan berkomitmen menulis dan merasakan paling tidak 1-3 hal utama apa saja yang kita syukuri setiap hari.. duplikasikan ini ke pada pasangan dan anak-anak kita,semua orang terdekat kita, mitra bisnis dan seluruh jaringan pertemanan kita. Sampaikan rasa syukur atas semua yang tak terhitung nilainya yang telah Tuhan berikan kepada semua mahluk nya..</p><p>Dan bersiaplah menjadi magnet keberuntungan dan magnet kebaikan di segala dimensi (Spiritual, Sosial, Finansial,Kesehatan) untuk Anda dan siapapun yang berada di sekitar Anda.</p><p>Terimakasih Ya Rabbi..<br />Alhamdulillah... Alhamdulillah... Alhamdulillah...</p><p>Selamat mencoba&nbsp;<em>smile emotikon</em><br />Arief Wijaya</p><p><a href=\"https://www.facebook.com/hashtag/jurnalsyukurharian?source=feed_text&amp;story_id=1449980331977936\">â€ª#&lrm;JurnalSyukurHarianâ€¬</a>&nbsp;<a href=\"https://www.facebook.com/hashtag/thesecret?source=feed_text&amp;story_id=1449980331977936\">â€ª#&lrm;TheSecretâ€¬</a></p>', 'artikel-the-secret-of-jurnal-syukur-201507-2-56-l.jpg', 4275, 0, '2015-07-27 18:43:47', '2023-01-13 17:56:10'),
(57, 'Sudahkah Kita Bersyukur Hari ini ? ', 'sudahkah-kita-bersyukur-hari-ini', '<h1><strong>Sudahkah Anda Bersyukur hari ini ?</strong></h1><p>Bukankah sejak kecil kita sudah belajar dan memahami tentang firman Allah &ldquo;Dan (ingatlah juga), tatkala Tuhanmu memaklumkan: Sesungguhnya jika kamu bersyukur, pasti Kami akan menambah (nikmat) kepadamu, dan jika kamu mengingkari (nikmat-Ku), maka sesungguhnya azab-Ku sangat pedih.&rdquo; (QS. Ibrahim: 7). Lalu mengapa kita masih sulit sekali untuk bersyukur dalam kehidupan sehari &ndash; hari ?</p><p>Padalah apabila kita bersukur dan kita tuliskan perasaan kita selama satu hari mungkin halaman buku kita akan penuh, karena banyak sekali nikmat yang ita rasakan. Seperti kita masih bisa bernafas, detak jantung masih ada, mata dan telinga masih berfungsi, kaki tangan masih bisa kita gunakan dengan baik, dan masih banyak lainnya.</p><p>Orang yang suka bersyukur dibandingkan dengan mereka yang suka mengeluh setiap hari, dan &nbsp;orang yang mencatat daftar alasan yang membuat mereka berterima kasih juga merasa bersikap lebih menyayangi, memaafkan, gembira, bersemangat dan berpengharapan baik mengenai masa depan mereka. Di samping itu, keluarga dan orang &ndash; orang disekitar mereka yang selalu bersyukur &nbsp;tampak lebih bahagia dan lebih menyenangkan ketika bergaul.</p><p>Berikut adalah dua manfaat syukur. Mudah-mudahan bisa memotivasi kita menjadi hamba yang pandai bersyukur lagi.</p><ol><li><strong>Pahala dari Allah</strong>. Jelas, bersyukur adalah perintah Allah, kita akan mendapatkan pahala jika kita bersyukur dengan ikhlas.</li><li><strong>Menciptakan&nbsp;<em>Feeling Good</em></strong>. Dengan bersyukur akan membuat kita lebih bahagia. Perasaan kita menjadi lebih enak dan nyaman dengan bersyukur. Bagaimana tidak, pikiran kita akan fokus pada berbagai kebaikan yang kita terima.</li></ol><p>Apa Hubungan Pahala dari Allah Dengan Sukses?</p><p>Jelas sekali. Semakin banyak pahala dari Allah, maka Allah akan lebih sayang kepada kita. Jika Allah lebih sayang, maka pertolongan Allah semakin dekat. Do&rsquo;a-do&rsquo;a kita dikabulkan. Tindakan dan pikiran kita dibimbing, diarahkan ke jalan yang benar. Bukankah ini luar biasa?</p><p><strong>Lalu apa manfaat&nbsp;<em>Feeling Good</em>?</strong></p><ul><li>Jika Anda yang percaya dengan Hukum Daya Tarik (<em>law of attraction</em>), feeling good akan meningkatkan kekuatan Anda menarik apa yang Anda inginkan. Kekuatan hukum ini akan sebanding dengan keyakinan dan perasaan positif. Sementara semakin banyak kita bersyukur, akan semakin banyak perasaan positif pada diri kita.</li><li>Bersyukur akan menciptakan emosi yang positif karena kita fokus pada hal-hal yang positif. Semakin banyak Anda bersyukur akan semakin besar motivasi yang Anda miliki. Syukur memfokus pikiran kita kepada hal-hal positif, kufur justru mengarahkan pikiran kepada hal yang negatif.</li><li>Bersyukur akan membentuk pola pikir sukses. Pola pikir sukses adalah keyakinan dalam mendapatkan. Saat kita bersyukur, maka pikiran kita secara tidak sadar diberikan suatu &ldquo;pola&rdquo; mendapatkan, sehingga akan terbentuk pola sukses. Semakin banyak bersyukur, pola pikir sukses Anda akan semakin kuat.</li></ul><p>Dengan melihat ketiga manfaat dari feeling good, kita bisa menyimpulkan bahwa feeling good adalah mungkin menjadi salah satu cara Allah memberikan nikmat tambahan kepada kita.</p><p><strong>Cara Meningkatkan Syukur</strong><br />Berikut adalah sedikit cara untuk meningkatkan rasa Syukur kita kepada Tuhan kita.</p><ul><li>Kitta&nbsp;<strong>harus lebih jeli dan peka</strong>&nbsp;terhadap berbagai nikmat yang diberikan Allah kepada kita. Kurangnya kepekaan terhadap nikmat Allah akan mengurangi syukur kita, Meningkatkan kepekaan bisa dilakukan dengan melakukan perenungan terhadap apa yang terjadi pada hidup kita sehari-hari. Luangkan waktu Anda setiap hari untuk merenungkan nikmat setiap harinya.</li><li><strong>Sadari bahwa: Setiap saat, kita mendapatkan nikmat baru.</strong>&nbsp;Satu detik waktu berlalu berarti kita mendapatkan nikmat hidup selama satu detik. Nafas kita, penglihatan kita, penciuman kita, detak jantung kita dan sebagainya yang tidak mungkin disebutkan disini.</li><li><strong>Selalu ada hikmah dari setiap kejadian</strong>, baik kejadian pada diri sendiri maupun orang lain. Sementara setiap saat selalu ada kejadian, berarti selalu ada hikmah yang bisa kita ambil. Sementara hikmah adalah suatu nikmat. Syukurilah.&nbsp;<strong>Caranya ialah dengan rajin tafakur</strong>. Pikirkan apa hikmah dari setiap kejadian? Anda akan menemukan banyak hikmah dan lebih banyak bersyukur.</li></ul><p>3 Cara untuk meningkatkan syukur ini bisa kita lakukan sehari &ndash; hari,&nbsp; bahkan setiap saat. Sebab bersyukur adalah sebuah ibadah, tidak diukur oleh keberhasilan materi kita. Justru, jika Anda lupa bersyukur, apa yang telah Anda miliki bisa jadi malah menjadi laknat, bukan lagi nikmat.</p><p>Jadi fahami, bagaimana syukur bisa mengubah diri Anda menjadi pribadi yang lebih sukses, kemudian tingkatkan syukur Anda.</p><p>Semoga Artikel ini bermanfaat buat kita semua, dan meningkatkan ketakwaan kita kepada Allah SWT. Aamiin&nbsp;</p><p>&nbsp;</p><p>&nbsp;</p>', 'artikel-sudahkah-kita-bersyukur-hari-ini-201508-6-57-l.jpg', 5588, 0, '2015-08-31 03:38:46', '2022-12-16 23:11:18'),
(59, 'Sress Pembunuh Vs Stress Penguat', 'sress-pembunuh-vs-stress-penguat', '<p>Pakar stress dan health psychologist dari Stanford Univesity, <strong>Dr. Kelly McGonigal </strong>mengutip sebuah penelitian yg membuat dia&nbsp;insyaf dan merasa bersalah karena 10 tahun terakhir telah &quot;menyesatkan&quot; banyak orang dengan mengatakan bahwa stress itu jahat, memicu banyak penyakit psikosomatis, penyebab utama ketidak bahagiaan, dll.</p>\r\n\r\n<p>Bukti ilmiah (ayat kauniyah) yg menyadarkan beliau ini adalah sebuah penelitian selama 8 tahun pada 30.000 orang dewasa di Amerika yg menanyakan dua pertanyaan:<br />\r\n1. Seberapa banyak stress yg anda rasakan selama 1 tahun terakhir?<br />\r\n2. Apakah anda PERCAYA bahwa stress itu berbahaya untuk kesehatan anda?</p>\r\n\r\n<p>Lalu 8 tahun kemudian disurvey siapa saja diantara 30.000 orang itu yg meninggal duluan?</p>\r\n\r\n<p>Dan hasilnya mencengangkan: <strong>Orang2 yg banyak stress, beresiko 43% lebih tinggi untuk meninggal dunia duluan</strong>. Tapi yang lebih mengagetkan lagi, resiko kematian prematur itu hanya berlaku pada orang stress yg JUGA PERCAYA bahwa stres itu buruk buat kesehatan mereka. Sedangkan pada orang yg banyak mengalami stress tapi PERCAYA bahwa stress itu ndak masalah, dan tidak berdampak buruk buruk pada kesehatan, mereka, Tidak beresiko untuk meninggal prematur. Bahkan resikonya lebih rendah dari orang2 yg tidak stress.</p>\r\n\r\n<p>Para peneliti juga menemukan bahwa dalam 8 tahun, ada 182.000 orang yg meninggal dunia bukan karena stress, tapi karena PERCAYA bahwa stress itu buruk buat dia. Ini artinya, menempati urutan ke-15 &quot;penyakit&quot; paling berbahaya. Lebih banyak korban meninggal dibanding HIV/AIDS atau pembunuhan.</p>\r\n\r\n<p>Maka, yg penting sekarang bukan lagi bagaimana kita menghilangkan atau mengurangi stress dalam hidup kita, tapi bagaimana kita MEMILIKI KEPERCAYAAN bahwa stress itu ndak masalah, bahkan baik, asal kita RESPONS dengan tepat.</p>\r\n\r\n<p>Tapi bagaimana ceritanya kok bisa stress malah bisa berdampak baik buat kesehatan dan kebahagiaan kita? Para peneliti menjelaskan, bahwa ini bermula dari salah satu hormon yg diproduksi saat kita stress: Oxytocin (selain hormon adrenalin yg bikin jantung kita memompa lebih kencang).</p>\r\n\r\n<p>Oxytocin inilah yg justru membuat jantung kita lebih kuat, pembuluh darah lebih lentur (supaya tidak kena serangan jantung atau stroke, saat adrenalin memompa darah lebih kencang. Selain itu, Oxitocyn juga membuat kita jadi lebih ingin berinteraksi sosial, dan berbuat baik sama orang lain. Makanya oxcytocin juga punya julukan keren: cuddle hormon (hormon syantik: yg bikin &ldquo;pengen dimanja&rdquo;).</p>\r\n\r\n<p>Di penelitian lain yg, melibatkan 1000 orang dewasa berusia 34 hingga 93 tahun, ditemukan bahwa <strong>kondisi stres berat seperti krisis keuangan atau masalah keluarga (perceraian, dsb) meningkatkan resiko kematian sebesar 30%.</strong></p>\r\n\r\n<p>Tapi lagi2 ini tidak berlaku pada orang yg bisa memanfaatkan dorongan oxytocin untuk bersosialisasi dengan MEMBANTU ORANG lain. pada orang2 ini, stress tidak berdampak sama sekali meningkatkan resiko kematian, ya, <strong>ZERO NEGATIVE EFFECT.</strong></p>\r\n\r\n<p>Berbuat baik meningkatkan daya tahan tubuh kita, membuat kita panjang umur. Tidak peduli kita sedang stres atau tidak, asal terus berbuat baik, insya Allah kita tetap slamet, aman, sentosa.</p>\r\n\r\n<p><strong>Kesimpulannya,</strong> asal disikapi dengan tepat:</p>\r\n\r\n<p>1. MEYAKINI BAHWA STRESS ITU NDAK MASALAH, BAHKAN BAIK UNTUK MEMACU SEMANGAT KITA</p>\r\n\r\n<p>2. SAAT STRES KITA TERUS MENCARI DUKUNGAN TEMAN &amp; KELUARGA, PLUS SERING BERBUAT BAIK &amp; CARE SAMA&nbsp;<br />\r\nORANG LAIN</p>\r\n\r\n<p><strong>Maka stress akan jadi teman dan sahabat kita, bukan musuh atau pembunuh kita.</strong></p>\r\n\r\n<p>13 Dzulqo&#39;dah 1439<br />\r\nTeman Stress Anda,<br />\r\nAfzan<br />\r\n<br />\r\nSources :&nbsp;https://www.ted.com/talks/kelly_mcgonigal_how_to_make_stress_your_friend</p>\r\n', 'artikel-sress-pembunuh-vs-stress-penguat-59.jpg', 496, 0, '2018-09-24 16:35:37', '2023-06-11 21:56:01'),
(60, 'Cara Jitu Membuat Kemasan Makanan Menarik', 'cara-jitu-membuat-kemasan-makanan-menarik', '<p>Kemasan produk merupakan salah satu hal yang paling awal terlihat oleh konsumen, dan selanjutnya akan menentukan ketertarikan konsumen untuk membeli produk. Dengan sendirinya, produk yang kurang dikemas dengan baik tentu menjadi kurang dilirik konsumen. Karena kemasan yang cantik dan mendukung produk akan berfungsi sebagai icon yang bisa membuat pelanggan selalu ingat dengan produk yang dijual.</p>\r\n\r\n<p>Kemasan produk di sektor industri menduduki peranan terpenting dalam pendistribusian dan pemasaran hasil produksi. Begitu juga pada industri makanan ringan, kemasan produk tidak hanya bermanfaat sebagai wadah atau pelindung tetapi juga mempermudah proses distribusi serta memberi kenyamanan kepada konsumen. Di sanalah nilai efisiensi kemasan produk yang bisa didapatkan.<br />\r\n<br />\r\nDalam kesempatan ini Asiabaru akan memberikan 6 tips jitu yang akan membuat kemasan produk makanan Anda menjadi menarik, antara lain :</p>\r\n<strong>1. Kreatif dan Eegonomis</strong>\r\n\r\n<p>Desain kemasan makanan harus inovatif dan kreatif, serta mempermudah konsumen saat membawa dan mengkonsumsinya karena saat ini para konsumen lebih mengutamakan nilai kepraktisannya.</p>\r\n\r\n<p><strong>2. Warna dan Ciri Khas</strong></p>\r\n\r\n<p>Penggunaan warna yang cerah dan menarik pada kemasan produk akan membuat kemasan terlihat lebih menonjol dari sisi pewarnaan. Efek mengkilat yang dihasilkan dari warna kemasan itulah yang akan lebih memberi kesan mewah dan bermutu pada kemasan produk. Untuk lebih menarik konsumen, sebaiknya pilih kemasan yang berbeda dan unik. Jika perlu, jadikan kemasan produk menjadi salah satu ciri khas dari produk yang dijual. Bentuk kemasan yang unik dan berbeda bisa membuat pelanggan jadi selalu ingat, bahkan menjadikan produk tersebut ikon dari produk sejenisnya.</p>\r\n\r\n<p><strong>3. Informatif</strong></p>\r\n\r\n<p>Informasi yang singkat dan jelas tentang produk yang ada didalam kemasan produk.&nbsp;Informasi yang dicantumkan mengenai petunjuk penggunaan dan manfaat produk. Selain itu, penting juga bagi pelaku bisnis makanan ringan untuk mencantumkan data legalitas dari lembaga pemerintahan yang berwenang. Misal untuk bisnis makanan ringan maka badan yang terkait diantaranya adalah Dinas Kesehatan atau Badan Pengawas Obat dan Makanan.</p>\r\n\r\n<p>&nbsp;</p>\r\n\r\n<ol start=\"4\">\r\n	<li><strong>Ukuran&nbsp;</strong></li>\r\n</ol>\r\n\r\n<p>Sesuaikan ukuran kemasan dengan ukuran produk yang dijual. Hindari kemasan yang terlalu besar atau terlalu kecil agar produk tak rusak, dan sesuaikan juga dengan kebutuhan konsumen.<br />\r\n<br />\r\n<strong>5. Special pack&nbsp;</strong><br />\r\nTak lengkap rasanya menjual produk dengan kemasan yang menarik tanpa memberikan promosi apapun. Cobalah untuk jeli melihat keadaan dan momen acara besar yang sedang terjadi. Misalnya saat momen hari raya, tak ada salahnya untuk memberikan special pack dengan warna, desain, sampai penawaran promo yang menarik</p>\r\n\r\n<p><strong>6. Penyesuaian Target</strong></p>\r\n\r\n<p>Nilai dari jenis kemasan produk yang tampilannya dibuat mewah, terkadang memiliki harga pembuatan yang tinggi pula sehingga dapat memberatkan harga beli konsumen. Untuk itu, sebelum membuat kemasan produk perlu mempertimbangkan target konsumen yang akan dibidik. Jika target konsumen adalah kelas menengah ke bawah, maka akan sulit untuk bersaing. Lain halnya ketika konsumen yang akan dibidik adalah kelas menengah ke atas, maka kemasan produk yang mewah dengan harga produk yang tinggi tidak akan menjadi penghalang untuk bersaing di pasaran.<br />\r\n<br />\r\nsumber :&nbsp;<a href=\"http://www.asiabaru.com/cara-jitu-membuat-kemasan-makanan-menarik/\">http://www.asiabaru.com/cara-jitu-membuat-kemasan-makanan-menarik/</a></p>\r\n', 'artikel-cara-jitu-membuat-kemasan-makanan-menarik-60.jpg', 3900, 0, '2019-12-08 11:09:45', '2023-06-24 10:37:54'),
(61, 'Cara Mendapatkan Bantuan Modal Usaha bagi Wirausaha Pemula (WP)', 'cara-mendapatkan-bantuan-modal-usaha-bagi-wirausaha-pemula-wp', '<p>Dalam rangka menumbuhkan wirausaha pemula dan mendukung penciptaan lapangan pekerjaan dan penanggulangan kemiskinan, Kementerian Koperasi dan UKM menyelenggarakan bantuan berupa hibah kepada 2.500 wirausaha pemula (WP) skala mikro hingga Rp. 12.000.000 untuk masing-masing WP.</p>\r\n\r\n<p><strong>Bantuan yang diberikan:</strong></p>\r\n\r\n<p>Target 2.500 WP pelaku usaha skala mikro masing-masing sebesar Rp. 10.000.000 &ndash; 12.000.000.</p>\r\n\r\n<p>Persyaratan mengikuti bantuan pemerintah:</p>\r\n\r\n<ul>\r\n	<li>individu yang memiliki rintisan usaha yang diprioritaskan usaha di bidang produksi yang mempunyai potensi untuk dikembangkan dan usahanya telah berjalan paling singkat 6 (enam) bulan dan paling lama 3 (tiga) tahun;</li>\r\n	<li>belum pernah menerima bantuan dana yang sejenis dari Kementerian Koperasi dan UKM;</li>\r\n	<li>Usia paling tinggi 45 tahun;</li>\r\n	<li>Pendidikan paling rendah SLTP;</li>\r\n	<li>memiliki KTP yang masih berlaku;</li>\r\n	<li>memiliki IUMK / SKDU atau Sertifikat Register UMKM dari Kementerian Koperasi dan UKM RI (<a href=\"https://www.ukmindonesia.id/daftar\" target=\"_blank\">bisa daftar di sini</a>)</li>\r\n	<li>memiliki NPWP;</li>\r\n	<li>memiliki Sertifikat Pembekalan Kewirausahaan paling lama 2 (dua) tahun yang dikeluarkan oleh Deputi SDM dan/atau Deputi Bidang Pembiayaan dan/atau Perangkat Daerah Provinsi/DI dan/atau Kabupaten/Kota yang membidangi Usaha Mikro Kecil dan Menengah;</li>\r\n	<li>memiliki proposal pengembangan usaha paling sedikit memuat identitas pengusul, informasi usaha, perhitungan laba/rugi, rencana penggunaan dana dan foto-foto aktivitas usaha;</li>\r\n	<li>memiliki rekening tabungan yang masih aktif; dan</li>\r\n	<li>tidak berstatus sebagai PNS / TNI / Polri.</li>\r\n</ul>\r\n\r\n<p><strong>Penetapan Penerima Bantuan Pemerintah:</strong></p>\r\n\r\n<ul>\r\n	<li>Deputi menetapkan keputusan tentang Peserta Bantuan Pemerintah bagi Wirausaha Pemula;</li>\r\n	<li>Penetapan Keputusan Deputi paling sedikit memuat nama, alamat sesuai KTP, alamat usaha, nomor rekening, NPWP dan nilai bantuan yang diberikan;</li>\r\n	<li>Atas dasar Keputusan Deputi, PPK menetapkan keputusan tentang Penerima Bantuan Pemerintah bagi Wirausaha Pemula, yang paling sedikit memuat nama, alamat sesuai KTP, alamat usaha, nomor rekening, NPWP dan nilai bantuan yang diberikan;</li>\r\n	<li>Apabila dipandang perlu berdasarkan pertimbangan khusus dan/atau pertimbangan teknis dari Perangkat Daerah Provinsi/DI, dan/atau Perangkat Daerah Kabupaten/Kota Deputi berwenang membatalkan dan mengalihkan kepada penerima Bantuan Pemerintah; dan</li>\r\n	<li>Pembatalan penerima Bantuan Pemerintah dilakukan apabila diketahui penerima bantuan mengundurkan diri atau memberikan data atau informasi yang tidak sesuai atau berhalangan tetap dan/atau pertimbangan lainnya.</li>\r\n</ul>\r\n\r\n<p>&nbsp;</p>\r\n\r\n<p><strong>Pelaksanaan Monitoring dan Evaluasi:</strong></p>\r\n\r\n<p>Dilaksanakan setiap semester selama 2 (dua) tahun sejak diterimanya bantuan, berdasarkan pembagian tugas sebagai berikut: .</p>\r\n\r\n<ul>\r\n	<li>Penerima Bantuan Pemerintah bagi Wirausaha Pemula melaporkan pemanfaatan dana Bantuan Pemerintah paling lambat 3 (tiga) bulan setelah uang diterima, kepada Perangkat Daerah kabupaten/kota/ provinsi/DI dengan tembusan Deputi dan selanjutnya melaporkan perkembangannya tiap semester selama 2 (dua) tahun</li>\r\n	<li>Pelaporan dapat disampaikan secara langsung yang ditujukan kepada Perangkat Daerah Kabupaten/Kota dengan tembusan kepada Provinsi/DI dan Deputi.</li>\r\n	<li>Perangkat Daerah Kabupaten/Kota melaporkan hasil pembinaan dan perkembangan Wirausaha Pemula setiap Semester selama 2 (dua) tahun kepada Perangkat Daerah Provinsi/DI dengan tembusan Deputi.</li>\r\n	<li>Perangkat Daerah Provinsi/DI melaporkan pelaksanaan program perkembangan Wirausaha Pemula kepada Deputi; dan</li>\r\n	<li>Deputi melaporkan penyelenggaraan Bantuan Pemerintah bagi Wirausaha Pemula kepada Menteri.</li>\r\n</ul>\r\n\r\n<p><strong>INFORMASI LEBIH LANJUT</strong></p>\r\n\r\n<p>Untuk informasi selengkapnya dapat dilihat di PETUNJUK TEKNIS BANTUAN PEMERINTAH BAGI WIRAUSAHA PEMULA TAHUN 2019&nbsp;<a href=\"https://www.ukmindonesia.id/upload/attachment/doc/JUKNIS_Wirausaha_Pemula_2019.pdf\">di sini</a><br />\r\n<br />\r\nsumber :&nbsp;<a href=\"https://www.ukmindonesia.id/baca-deskripsi-program/106\">https://www.ukmindonesia.id/baca-deskripsi-program/106</a></p>\r\n', 'artikel/01HG0032GM5TYACK9Y39H7P4G6.webp', 29183, 0, '2019-12-08 11:23:53', '2023-11-23 23:25:50'),
(62, 'Cara Membuat Proposal Usaha Makanan', 'cara-membuat-proposal-usaha-makanan', '<p>Perencanaan yang harus Anda lakukan sebelum memulai bisnis idealnya adalah membuat proposal usaha.&nbsp;Penyusunan proposal usaha umumnya bertujuan agar memudahkan Anda dalam menjalankan bisnis karena memiliki pedoman yang jelas dan detail.&nbsp;berikut ini contoh sederhana proposal usaha untuk bisnis makanan. Silahkan Amati, Tiru dan Modifikasi :)&nbsp;<br />\r\n<br />\r\n<strong>A. Judul Proposal : Es Klamud Jelly Susu</strong></p>\r\n\r\n<p><strong>B. Ringkasan Eksekutif</strong></p>\r\n\r\n<div style=\"margin-left: 40px;\"><strong>1. Konsep Bisnis</strong></div>\r\n\r\n<p style=\"margin-left: 40px;\">&ldquo;Es Klamud Jelly Susu&rdquo; merupakan produk minuman segar dan menyehatkan yang berbahan dasar utama kelapa muda. Agar cita rasanya semakin nikmat, maka ditambahkan jelly serta susu kental manis. Penjualan produk ini rencananya akan berlokasi di kawasan alun-alun selatandengan jam operasi mulai dari pukul 11.00-16.00 WIB.</p>\r\n\r\n<p style=\"margin-left: 40px;\"><strong>2. Tim Manajemen</strong></p>\r\n\r\n<p style=\"margin-left: 40px;\">Usaha &ldquo;Es Klamud Jelly Susu&rdquo; ini adalah kolaborasi diantara empat orang mahasiswa. Keempat orang ini menyetorkan modal dengan jumlah yang berbeda pada usaha ini. Jadi, jumlah profit yang akan dibagikan nantinya juga akan menyesuaikan banyaknya modal. Selain berperan sebagai owner, keempat orang ini juga bertugas untuk melayani pembeli dengan sistem shift.</p>\r\n\r\n<p><strong>C. Gambaran Usaha</strong></p>\r\n\r\n<p style=\"margin-left: 40px;\"><strong>1. Deskripsi Singkat Produk</strong></p>\r\n\r\n<p style=\"margin-left: 40px;\">&ldquo;Es Klamud Jelly Susu&rdquo; merupakan minuman berbahan dasar kelapa muda yang segar dan menyehatkan. Ide pembuatan produk ini dilatar belakangi karena kelapa muda mudah ditemui, murah, menyehatkan dan rasanya segar. Agar terkesan lebih bervariasi dalam hal cita rasa, maka ditambahkan jelly dan susu kental manis.</p>\r\n\r\n<p style=\"margin-left: 40px;\"><strong>2. Strategi Pemasaran</strong></p>\r\n\r\n<p style=\"margin-left: 40px;\"><strong>Strategi produk</strong></p>\r\n\r\n<p style=\"margin-left: 40px;\">&ldquo;Es Klamud Jelly Susu&rdquo; memiliki keunggulan dibanding produk lainnya, yaitu penggunaan bahan yang masih segar. Selain itu, tambahan susu sebagai pemanis dan jelly juga memberikan sensasi berbeda saat meminumnya.</p>\r\n\r\n<p style=\"margin-left: 40px;\"><strong>Strategi harga</strong></p>\r\n\r\n<p style=\"margin-left: 40px;\">Produk ini dijual dengan harga yang cukup murah dan dipastikan dapat dijangkau semua kalangan masyarakat, yaitu Rp 5.000.<br />\r\n&nbsp;</p>\r\n\r\n<p style=\"margin-left: 40px;\"><strong>Strategi promosi</strong></p>\r\n\r\n<p style=\"margin-left: 40px;\">Strategi untuk mempromosikan produk ini adalah secara online via sosial media dan offline dengan media spanduk maupun brosur.</p>\r\n\r\n<p style=\"margin-left: 40px;\"><strong>Target pasar</strong></p>\r\n\r\n<p style=\"margin-left: 40px;\">Secara umum, target pasar dari produk ini adalah menjangkau semua kalangan. Sementara itu, target pasar khusus produk ini adalah anak sekolah, pekerja dan wisatawan.</p>\r\n\r\n<p style=\"margin-left: 40px;\"><strong>3. Analisis Persaingan</strong><br />\r\n&nbsp;</p>\r\n\r\n<p style=\"margin-left: 40px;\"><strong>Pesaing</strong></p>\r\n\r\n<p style=\"margin-left: 40px;\">Terdapat banyak pesaing yang juga menjual produk es kelapa muda. Oleh karena itu, inovasi dilakukan terhadap produk ini dengan menambahkan susu sebagai pemanis. Kemudian, jelly juga ditambahkan untuk memberikan sensasi kenyal serta nikmat saat menyantapnya.</p>\r\n\r\n<p style=\"margin-left: 40px;\"><strong>Posisi dalam persaingan</strong></p>\r\n\r\n<p style=\"margin-left: 40px;\">Produk minuman &ldquo;Es Klamud Jelly Susu&rdquo; memang memiliki banyak pesaing. Jadi, agar menghindari ketatnya persaingan dan memperoleh profit optimal, usaha ini dibuka di area alun-alun selatan. Alasan pemilihan lokasi ini adalah belum terdapatnya pesaing penjual produk serupa.</p>\r\n\r\n<p style=\"margin-left: 40px;\"><strong>Kelebihan dibanding pesaing</strong></p>\r\n\r\n<p style=\"margin-left: 40px;\">Aspek yang membuat cita rasa produk ini berbeda dibandingkan pesaingnya adalah tambahan susu sebagai pemanis dan jelly untuk memberikan sensasi kenyal.</p>\r\n\r\n<p style=\"margin-left: 40px;\"><strong>4. Rencana Desain &amp; Pengembangan</strong></p>\r\n\r\n<p style=\"margin-left: 40px;\"><strong>Tujuan usaha jangka panjang</strong></p>\r\n\r\n<p style=\"margin-left: 40px;\">Menjadi produk minuman yang diminati oleh semua orang dari berbagai kalangan dan membuka cabang di kota lain.</p>\r\n\r\n<p style=\"margin-left: 40px;\"><strong>Strategi</strong><br />\r\n&nbsp;</p>\r\n\r\n<p style=\"margin-left: 40px;\">Melakukan promosi secara online maupun offline untuk memperkenalkan produk kepada konsumen. Promosi via online dilakukan dengan memanfaatkan jejaring sosial media yang ada. Sementara itu, promosi secara offline dilakukan dengan pemasangan spanduk dengan gambar yang menarik dan brosur.</p>\r\n\r\n<p style=\"margin-left: 40px;\"><strong>Evaluasi resiko</strong></p>\r\n\r\n<p style=\"margin-left: 40px;\">Produk minuman ini tidak dapat bertahan lama maksimal hanya 1 hari.</p>\r\n\r\n<p style=\"margin-left: 40px;\"><strong>5. Rencana Operasi &amp; Manajemen</strong></p>\r\n\r\n<p style=\"margin-left: 40px;\"><strong>Proses produksi</strong></p>\r\n\r\n<p style=\"margin-left: 40px;\">&bull; Penyediaan bahan-bahan<br />\r\n&bull; Pembuatan jelly<br />\r\n&bull; Menyerut kelapa muda<br />\r\n&bull; Membuat santan sebagai bahan campuran kelapa muda<br />\r\n&bull; Mencampurkan kelapa muda, es, santan, jelly dan susu</p>\r\n\r\n<p style=\"margin-left: 40px;\"><strong>Pengendalian persediaan</strong></p>\r\n\r\n<p style=\"margin-left: 40px;\">Kami menyediakan 40 gelas per harinya untuk dijual kepada konsumen. Namun, apabila terdapat sisa yang tidak terjual maka kami akan menurunkan persediaan sesuai penjualan hari sebelumnya.</p>\r\n\r\n<p style=\"margin-left: 40px;\"><strong>Kontrol keuangan</strong></p>\r\n\r\n<p style=\"margin-left: 40px;\">&bull; Harus selalu tersedia uang tunai secukupnya ketika berjualan untuk kembalian.<br />\r\n&bull; Menyisihkan modal dan profit untuk mengangsur cicilan serta antisipasi biaya tak terduga.<br />\r\n&bull; Tidak menggunakan uang modal atau hasil penjualan untuk keperluan pribadi.<br />\r\n&nbsp;</p>\r\n\r\n<p><strong>D. Analisis Rencana Keuangan</strong></p>\r\n\r\n<p style=\"margin-left: 40px;\"><strong>1. Perkiraan pendapatan</strong></p>\r\n\r\n<p style=\"margin-left: 40px;\"><strong>Modal awal</strong></p>\r\n\r\n<p style=\"margin-left: 40px;\">= biaya variabel + biaya tetap<br />\r\n= (biaya bahan baku x 30 hari) + biaya tetap<br />\r\n= (Rp 100.000&times;30 hari) + Rp 2.600.000<br />\r\n= Rp 3.000.000 + Rp 2.600.000<br />\r\n= Rp 5.600.000</p>\r\n\r\n<p style=\"margin-left: 40px;\"><strong>Hasil penjualan per bulan</strong></p>\r\n\r\n<p style=\"margin-left: 40px;\">= target penjualan harian x harga jual per gelas x 30 hari<br />\r\n= 40 gelas x Rp 5.000 x 30 hari<br />\r\n= Rp 6.000.000</p>\r\n\r\n<p style=\"margin-left: 40px;\"><strong>Laba</strong></p>\r\n\r\n<p style=\"margin-left: 40px;\">= hasil penjualan &ndash; modal awal<br />\r\n= Rp 6.000.000 &ndash; Rp 5.600.000<br />\r\n= Rp 400.000</p>\r\n\r\n<p style=\"margin-left: 40px;\"><strong>2. Perkiraan pengeluaran per hari</strong></p>\r\n\r\n<p style=\"margin-left: 40px;\"><strong>Bahan baku</strong></p>\r\n\r\n<p style=\"margin-left: 40px;\">5 buah kelapa muda Rp 50.000<br />\r\n1 kaleng susu Rp 7.000<br />\r\n2 sachet jelly Rp 4.000<br />\r\n&frac14; Kg gula pasir Rp 5.000<br />\r\nAir isi ulang Rp 15.000<br />\r\nEs batu Rp 4.000<br />\r\nKelapa untuk santan Rp 5.000<br />\r\n1 pak gelas plastik Rp 12.000<br />\r\nSedotan Rp 3.000<br />\r\nKantong plastik Rp 3.000</p>\r\n\r\n<p style=\"margin-left: 40px;\"><strong>Peralatan</strong></p>\r\n\r\n<p style=\"margin-left: 40px;\">Gerobak Rp 2.000.000<br />\r\n2 buah termos es Rp 200.000<br />\r\nIrus Rp 5.000<br />\r\n1 buah toples Rp 10.000<br />\r\nSpanduk Rp 45.000</p>\r\n\r\n<p style=\"margin-left: 40px;\">Total Rp 2.368.000</p>\r\n\r\n<p style=\"margin-left: 40px;\"><strong>3. Sumber modal dan penggunaan</strong></p>\r\n\r\n<p style=\"margin-left: 40px;\">Modal usaha &ldquo;Es Klamud Jelly Susu&rdquo; ini berasal dari iuran empat orang yang berperan sebagai owner dengan jumlah berbeda. Selanjutnya, usaha ini juga memperoleh pinjaman dari pihak bank sehingga memiliki kewajiban untuk membayar cicilan. Jadi, perolehan profit dari usaha ini akan dialokasikan kepada setiap owner sesuai modal dan dipotong untuk membayar cicilan bank.</p>\r\n\r\n<p>sumber :&nbsp;https://thegorbalsla.com/contoh-proposal-usaha/</p>\r\n', 'artikel/01HFZTDVHWNZNS3ZV1JRR8VYKT.jpg', 111523, 0, '2019-12-08 11:54:22', '2023-11-23 21:46:51');
INSERT INTO `articles` (`id`, `title`, `slug`, `description`, `image`, `views`, `category_article_id`, `created_at`, `updated_at`) VALUES
(63, '11 Cara Pengelolaan Karyawan pada Bisnis UMKM. ', '11-cara-pengelolaan-karyawan-pada-bisnis-umkm', 'Sebagian besar dari kita selalu merasa sakit kepala jika sudah dihadapkan pada cara mengelola karyawan. Padahal yang membutuhkan jasa karyawan ya kita sendiri. Jika karyawan sulit diatur atau tidak bekerja semestinya, berarti ada sesuatu yang salah pada manajemen perusahaan kita.<br />\r\n<br />\r\nHal yang paling mudah ditemukan adalah tidak adanya sistem pengelolaan karyawan yang memadai. Dibandingkan dengan sistem produksi, sistem pemasaran atau sistem keuangan, sistem pengelolaan karyawan memang dapat dikatakan lebih njlimet. Ini dapat dimaklumi mengingat yang diatur adalah manusianya. Jika kita telaten, cara membuatnya sebenarnya tidak terlalu sulit.<br />\r\n<br />\r\nSebagaimana pernah saya ungkapkan dalam buku <strong>Trik Jitu Pengusaha Cerdas Mengelola Usaha &amp; SDM</strong>, terdapat 11 pilar pengelolaan karyawan yang harus dimiliki oleh seorang pengusaha UKM.<br />\r\n<br />\r\n<strong>1. Membuat Visi &amp; Misi Usaha</strong><br />\r\nKaryawan adalah orang yang asing bagi usaha kita. Mereka masuk ke perusahaan kita dengan tujuan untuk bekerja, tidak mengetahui sama sekali maksud dan tujuan kita mendirikan usaha itu. Jika kita tidak memiliki visi dan misi yang dapat dibaca dan dimengerti para karyawan kita, maka mereka hanya akan bekerja menuruti perintah kita saja tanpa pernah berusaha bekerja untuk mencapai tujuan sebenarnya yang kita inginkan. Sebuah usaha tanpa visi dan misi ibarat seorang sopir yang membawa kendaraannya tanpa tahu pemberhentian selanjutnya.<br />\r\n<br />\r\n<strong>2. Membuat Struktur Organisasi Usaha </strong><br />\r\nBisnis tidak sama dengan dagang. Dagang bisa kita tangani sendiri, namun bisnis memerlukan organisasi bisnis. Supaya teratur, organisasi bisnis tersebut perlu dibuatkan struktur organisasinya. Struktur organisasi itu bisa dibuat yang paling sederhana hanya terdiri dari 3 orang sampai struktur organisasi perusahaan besar yang melibatkan ratusan orang didalamnya. Struktur organisasi usaha memperjelas posisi/kedudukan karyawan dan garis komandonya. Tujuannya adalah efektifitas kinerja masing-masing karyawan.<br />\r\n<br />\r\n<strong>3. Membuat Deskripsi Pekerjaan Karyawan </strong><br />\r\nJika posisi karyawan sudah ditentukan dalam struktur organisasi usaha, maka langkah selanjutnya adalah membuat deskripsi pekerjaan karyawan. Pada usaha kecil dan menengah seringkali pekerjaan karyawan tidak jelas, mereka mengerjakan apa saja yang kita perintahkan. Dalam jangka pendek, mungkin hal ini menguntungkan kita. Namun dalam jangka panjang pada saat perusahaan kita mulai besar, akan menimbulkan ketidakprofesionalan kinerja. Jadi susunlah deskripsi pekerjaan karyawan dan buatlah mereka paham sehingga mampu menerapkan dalam pekerjaannya sehari-hari.<br />\r\n<br />\r\n<strong>4. Membuat Peraturan Perusahaan</strong><br />\r\nBanyak usaha yang didirikan dan dibesarkan oleh pemiliknya hanya mengikuti arus air mengalir saja. Usaha-usaha seperti ini cenderung sulit berkembang karena hambatan manajerial. Untuk itulah kita sebagai pemilik harus tanggap untuk mulai mengatur internal perusahaan kita. Tulis saja batasan-batasan apa saja yang harus dipatuhi karyawan. Lama kelamaan tulisan kita ini akan membentuk peraturan perusahaan. Tujuannya adalah untuk mengatur kinerja karyawan dan mengarahkan kinerja mereka untuk mencapai visi dan misi usaha kita.<br />\r\n<br />\r\n<strong>5. Membuat Peraturan Disiplin Karyawan</strong><br />\r\nKaryawan itu manusia biasa dari berbagai latar belakang. Di Indonesia, etos kerja dan kedisiplinan menjadi penghambat utama kemajuan. Mayoritas karyawan hanya menunggu gaji bulanan dan seringkali mengabaikan kewajiban. Untuk itulah diperlukan aturan disiplin karyawan. Tujuannya adalah supaya kita tidak rugi menggaji mereka dan mereka bisa memanfaatkan waktu kerja yang tersedia untuk menghasilkan karya. Tanpa aturan disiplin ini, kita akan kesulitan mengatur karyawan jika jumlahnya lebih dari 10 orang.<br />\r\n<br />\r\n<strong>6. Membuat Kontrak Kerja Karyawan </strong><br />\r\nJangan pernah mengangkat karyawan tetap kalau kita sendiri tidak bisa menjamin produktifitas karyawan tersebut. Produktifitas kita itu makin lama makin menurun. Padahal produktifitas perusahaan makin lama harus makin meningkat. Disinilah diperlukan sarana untuk mengikat produktifitas karyawan tersebut dengan kontrak kerja karyawan. Tanpa kontrak kerja, kita akan kesulitan memisahkan hak dan kewajiban mereka, khususnya yang berkaitan dengan produktifitas dan gaji (kesejahteraan karyawan).<br />\r\n<br />\r\n<strong>7. Membuat Sistem Penghargaan &amp; Hukuman (Reward &amp; Punishment) </strong><br />\r\nPeraturan disiplin saja tidak cukup untuk menghasilkan kinerja yang luar biasa produktif. Di Indonesia ada pemeo yang mengatakan bahwa aturan itu dibuat untuk dilanggar. Supaya perusahaan tidak merugi, buatlah sistem penghargaan dan hukuman yang jelas. Karyawan yang produktif sesuai target perusahaan akan mendapatkan reward. Sedangkan karyawan yang tidak produktif atau melakukan pelanggaran/kejahatan akan mendapatkan punishment. Kejelasan reward &amp; punishment ini mampu mendongkrak produktifitas karyawan.<br />\r\n<br />\r\n<strong>8. Membuat Sistem Promosi &amp; Demosi </strong><br />\r\nBekerja terus menerus pada satu bidang dalam jangka waktu yang lama akan menimbulkan kejenuhan. Kejenuhan awal dari menurunnya produktifitas. Untuk menghindari hal ini perlu dibuat sistem promosi atau demosi. Promosi diberikan kepada karyawan yang berprestasi tinggi dan banyak menyumbangkan keuntungan bagi perusahaan. Sedangkan demosi diberikan kepada karyawan yang produktifitasnya rendah. Promosi dan demosi berkaitan langsung dengan struktur organisasi perusahaan.<br />\r\n<br />\r\n<strong>9. Membuat Sistem Regenerasi &amp; Kaderisasi </strong><br />\r\nKita makin lama makin tua dan akhirnya akan mati. Apakah jika kita tua dan mati perusahaan kita ikut-ikutan mati? Kita semua berharap usaha kita akan hidup dalam jangka panjang. Untuk itu perlu dibuat system regenerasi dan kaderisasi karena keturunan kita sendiri belum tentu becus menjalankan usaha yang sudah kita rintis dengan susah payah.<br />\r\n<br />\r\n<strong>10. Membuat Sistem Gaji &amp; Kesejahteraan Karyawan </strong><br />\r\nJika kita berpikir bahwa karyawan kita patuh pada kita dan akan menyelesaikan pekerjaan dengan baik, maka kita keliru. Yang ada di kepala karyawan itu adalah kapan gajian, kapan gajinya naik, dan kapan dapat bonus diluar gaji! Gaji adalah hal yang utama bagi karyawan. Untuk mendapatkan produktifitas mereka, kita harus mampu memenuhi harapan mereka akan gaji dan kesejahteraan karyawan. Kita harus mampu membuat sistem gaji dan kesejahteraan yang dinamis mengikuti produktifitas dan pertumbuhan perusahaan. Cara ini sangat elegan karena baik perusahaan, pengusaha maupun karyawan sama-sama diuntungkan.<br />\r\n<br />\r\n<strong>11. Membuat Prosedur Standar Operasi (SOP) </strong><br />\r\nTurn over karyawan tidak dapat dihindari. Kesulitan utama pada saat terjadinya turn over karyawan adalah merekrut tenaga kerja baru dan melatihnya dari nol lagi. Jika hal ini terlalu sering terjadi, maka usaha kita tidak akan bertumbuh. Kita harus menciptakan sebuah system mampu mempertahankan produktifitas meskipun karyawannya berganti. Inilah yang disebut Standard Operating Procedure (SOP). Dengan menggunakan SOP, kita dapat menghemat waktu untuk melakukan perekrutan dan pelatihan karyawan dan dijamin karyawan yang baru dapat menghasilkan karya yang diinginkan perusahaan.<br />\r\n<br />\r\nSebelas hal diatas disebut sebagai Pilar Pengelolaan Karyawan. Kurang satu pilar saja akan melemahkan struktur bangunan perusahaan. Mari kita bangun perusahaan kita dengan ke-11 pilar yang kokoh tersebut. Semoga tulisan ini memberi inspirasi Anda. Salam sukses! Suryono Ekotama<br />\r\n<br />\r\n<strong>CATATAN :</strong> Artikel ini ditulis Suryono Ekotama pada bulan Januari 2009 &amp; pernah dikirimkan ke Majalah MitraSukses. Artikel ini telah mengalami re-editing pada tanggal 31 Agustus 2009. Publikasi dalam website ini bertujuan untuk memberikan tambahan wawasan tentang trik &amp; strategi bisnis kepada siapapun dan dimanapun berada untuk memajukan bangsa Indonesia<br />\r\n<br />\r\nsumber :&nbsp;<a href=\"https://www.kompasiana.com/ady.inside/55290f5f6ea834ff218b461d/pengelolaan-karyawan-yang-sering-dilakukan-pengusaha\">https://www.kompasiana.com/ady.inside/55290f5f6ea834ff218b461d/pengelolaan-karyawan-yang-sering-dilakukan-pengusaha</a>', 'artikel/01HFZTBP2N6NWB7XQMZ3NPHRPP.jpg', 7307, 0, '2019-12-08 12:13:33', '2023-11-23 21:45:40'),
(64, '3 KATEGORI MARKET', '3-kategori-market', '<p>3 kategori market<br>&nbsp;<br>&nbsp;Setidaknya ada 3 kategori market, yang harus anda pahami untuk mebuat conten copywritng yang tepat dan sesuai targetnya karena pendekatan setiap kategori memiliki caranya masing-masing agar hasilnya bisa lebih optimal. 3 kategori marketi ini, yaitu:<br>&nbsp;<br>&nbsp;1. Cold market<br>&nbsp;<br>&nbsp;Namanya saja cold market artinya market yang dingin. Kategori ini adalah istilah untuk mereka yang belum mengenal anda sama sekali, belum mengenal produk anda, dan belum pernah berinteraksi dengan anda.<br>&nbsp;<br>&nbsp;Siapa saja mereka ?&nbsp;<br>&nbsp;<br>&nbsp;Bisa teman facebook yang baru anda konfirmasi, nomer kontak wa yang baru saja mengirimkan chat, atau orang yang baru saja anda temui dalam sebuah acara acara tertentu. Jika bertemu cold market, maka cara terbaik jangan langsung brutal menawarkan produk. Karena trust dari market belum terbangun sehingga closing akan suit tercapai.&nbsp;<br>&nbsp;<br>&nbsp;Untuk segmen cold market, konten yang sebaiknya disajikan adalah tentang membangun kesadaran seputar&nbsp; masalah – masalah yang bisa diatasi oleh produk anda. Tidak hanya itu, andapun bisa memberikan pengetahuan yang berkaitan dengan manfaat produk anda, sesekali boleh disiipkan unsur jualan terselubung dalam konten anda tersebut.<br>&nbsp;<br>&nbsp;2. Warm market<br>&nbsp;<br>&nbsp;Yang termasuk dalam kategori warm market adalah mereka yang sudah mengenal dan tahu tentang anda sebelumnya, sudah pernah berinteraksi, bahkan sudah memberikan feedback berupa like, komen di postingan anda. Dan mereka pernah mendapatkan broadcast berupa edukasi ataupun kuliah whatsapp dan sejenisnya. Hanya saja mereka belum melakukan transaksi dengan anda, karena mereka berlum merasa tertarik, belum perlu, atau mungkin anda belum memberika penawaran untuk mereka.<br>&nbsp;<br>&nbsp;Kategori warm market ini sejatinya sudah bisa anda berikan penawaran secara langsung atau tidak langsung. Anda bisa gunakan teknik soft selling atau covert selling, tergantung sejauh mana interaksi anda dengan mereka.&nbsp;<br>&nbsp;<br>&nbsp;Dan konten atau isi copywriting anda untuk market ini, bisa menekankan tentang solusi apa yang bisa diberikan produk anda atas masalah mereka, manfaat apa yang bisa produk anda berikan untuk mereka. Sebagai nilai tambah, anda bisa tambahkan bukti social, bonus, dan agaransi agar mereka lebih yakin untuk bertransaksi dengan anda.<br>&nbsp;<br>&nbsp;3. Hot Market<br>&nbsp;<br>&nbsp;Hot market merupakan market yang sudah mengenal, berinteraksi dan sudah pernah melakukan transaksi dengan anda. Market ini tentunya sudah percaya dengan anda. Mereka sudah percaya produk anda sehingga mereka siap untuk membeli. Sayangnya banyak sekali para penjual yang tidak merawat hot market sehingga mereka, bahkan memutuskan interaksi dengan mereka setealh bertransaksi.<br>&nbsp;<br>&nbsp;Padahal lebih mudah menjuali mereka dengan penawaran terbaru disbanding membangun kesadaran lagi dari awal Dalam market ni, anda bisa gunakan copywiting untuk meningkatkan penjualan berkali lipat.<br>&nbsp;<br>&nbsp;Caranya anda bisa mulai dengan memberian pelawayan pasca jpnejualan, tanya kesan posiitif mereka terkait produk anda. Jika testimoni yang mereka berikan positif, anda bisa gunakan sebagai aunisi copywriting.&nbsp;<br>&nbsp;<br>&nbsp;Dan cara lainnya ada bisa tawarkan mereka produk lain yang anda miliki. Bisa produk pelengkap, atau produk yang lebih tinggi harganya, atau anda bisa tawarkan program membership untuk mereka join sebagai reseller dan program lainnya.&nbsp;</p>', 'artikel/01HFZT527ZS2BMS3VKNRAB2BQH.jpg', 6864, 1, '2020-10-31 00:14:32', '2023-11-26 19:00:59'),
(65, 'Inspiratif, Genpro Bangka Belitung Inisiasi Area Car Free Day Kota Pangkal Pinang !', 'inspiratif-genpro-bangka-belitung-inisiasi-area-car-free-day-kota-pangkal-pinang', '<p>Genpro Bangka Belitung dan Pemerintah kota Pangkal Pinang telah melakukan lauching Car Free Day di Taman Dealova, Kota Pangkal Pinang. Car Free Day (CFD) dalam pengetahuan kita adalah area dengan bebas kendaraan pada waktu tertentu. Di beberapa area kegiatan ini digunakan untuk kampanye kesehatan lingkungan dengan mengurangi&nbsp; tingkat pencemaran udara karena bahan bakar dari kendaraan.&nbsp;</p><p>(1/09/2024) Merupakan hari peluncuran program CFD yang ada di Kota Pangkal Pinang yang merupakan inisiasi Genpro Bangka Belitung (BaBel) dan bekerjasama dengan instansi pemerintah setempat. Kegiatan ini berawal dari agenda pekanan Genpro BaBel yaitu Ahad Morning. Ahad Morning adalah area wisata belanja dengan menampilkan produk member UMKM Genpro. Agenda Ahad Moring biasanya digunakan masyarakat setempat sebagai area berolahraga, wisata keluarga dan wisata kuliner yang berlokasi di Taman Dealova. Namun, seiring berjalannya waktu area ini terus dipadati pengunjung setiap Minggu pagi, hingga menimbulkan keramaian dan antusiasme yang membeludak dari pengunjung dan kendaraan pengunjung. Dengan kondisi ini Genpro BaBel mengusulkan pada pemerintah Kota Pangkal Pinang menjadikan kawasan Taman Dealova menjadi kawasan bebas kendaraan (CFD) agar diperoleh kenyamanan bagi masyarakat pengunjung dan pelaku usaha yang hadir.&nbsp;</p><p>Kini Taman Dealova, Jalan Tampuk Pinangpura Kota Pangkal Pinang pada Minggu pagi sudah menjadi area CFD yang didampakan oleh masyarakat setempat dan para pelaku ekonomi kreatif.</p>', '01J7ZFFT20MJR699438BMESXKS.jpg', 0, 1, '2024-09-17 00:48:38', '2024-09-17 00:52:25'),
(66, 'Kutai Timur, Surga Sumber Daya Alam, Menumbuhkan UMKM yang Inovatif', 'kutai-timur-surga-sumber-daya-alam-menumbuhkan-umkm-yang-inovatif', '<p>Pelatihan manajemen usaha yang baru saja kami selenggarakan telah memberikan bekal yang sangat berharga bagi para pelaku UMKM. Dengan materi yang dirancang khusus untuk menjawab tantangan bisnis di era modern, peserta diajak untuk mempelajari :<br>1. Cara menghitung HPP secara akurat<br>2. Menyusun visi-misi serta budaya perusahaan yang menginspirasi<br>3. Bagaimana membangun tim kerja yang solid, merancang perencanaan bisnis yang efektif,&nbsp;<br>4. Serta menentukan harga jual dan media promosi yang tepat.&nbsp;<br><br>Harapannya ilmu yang telah diperoleh, para peserta akan mampu mengelola bisnisnya dengan lebih baik dan mencapai target yang telah ditetapkan.<br><br>Bersama GENPRO Kaltim dan Dinas Koperasi Kutim, mendorong pelaku usaha untuk terus berkembang melalui pelatihan manajemen usaha intensif pada September 2024. Mari bersama memaksimalkan potensi ekonomi daerah.<br><br>Sangatta, 14 September 2024<br><br>https://www.facebook.com/share/p/cyvByXtERGg1ZZFE/?mibextid=oFDknk</p>', '01J82F3EBTSJ680S19QN28W5BY.jpg', 0, 1, '2024-09-18 04:43:23', '2024-09-18 04:43:23');

-- --------------------------------------------------------

--
-- Table structure for table `businesses`
--

CREATE TABLE `businesses` (
  `id` bigint(20) UNSIGNED NOT NULL,
  `member_id` bigint(20) UNSIGNED NOT NULL,
  `business_type_id` bigint(20) UNSIGNED DEFAULT NULL,
  `business_scale_id` bigint(20) UNSIGNED DEFAULT NULL,
  `business_sector_id` bigint(20) UNSIGNED DEFAULT NULL,
  `name` varchar(255) DEFAULT NULL,
  `about` text DEFAULT NULL,
  `profile` varchar(255) DEFAULT NULL,
  `year_founded` int(11) DEFAULT NULL,
  `number_of_employees` int(11) DEFAULT NULL,
  `created_at` timestamp NULL DEFAULT NULL,
  `updated_at` timestamp NULL DEFAULT NULL
) ENGINE=InnoDB DEFAULT CHARSET=utf8mb4 COLLATE=utf8mb4_unicode_ci;

--
-- Dumping data for table `businesses`
--

INSERT INTO `businesses` (`id`, `member_id`, `business_type_id`, `business_scale_id`, `business_sector_id`, `name`, `about`, `profile`, `year_founded`, `number_of_employees`, `created_at`, `updated_at`) VALUES
(1, 3372, 6, 3, 1, 'Gurihku Chicken', 'Gurihku chicken adalah usaha yang bergerak di bidang penjualan ayam tepung crispy. yang bepusatnya di desa pardasuka kab. pringsewu Lampung. kami menjual kemitraan dengan merk gurihku chicken. saat ini baru sekitar 70 an Mitra yg tersebar di Lampung', NULL, NULL, 13, '2024-12-08 19:48:52', '2024-12-08 19:48:52'),
(2, 3371, 2, 3, 3, 'sae indotama', 'Pabrik kain, baju', NULL, NULL, 40, '2024-12-08 19:48:52', '2024-12-08 19:48:52'),
(3, 3366, 4, 1, 6, 'Arsa', 'Perdagangan, Kemitraan dan agen', NULL, NULL, 2, '2024-12-08 19:48:52', '2024-12-08 19:48:52'),
(4, 3364, 1, 2, 11, 'Mitra Printing', 'Jasa Cetak Banner', NULL, NULL, 14, '2024-12-08 19:48:52', '2024-12-08 19:48:52'),
(5, 3363, 3, 1, 13, 'CV. GLOBAL INDONESIA SUKSES', 'Bergerak dalam bidang konstruksi dan jasa', NULL, NULL, 2, '2024-12-08 19:48:52', '2024-12-08 19:48:52'),
(6, 3361, 11, 5, 11, 'Laznas Yakesma Babel', 'Lembaga Amil Zakat Nasional, \nCabang Bangka Belitung', NULL, NULL, 9, '2024-12-08 19:48:52', '2024-12-08 19:48:52'),
(7, 3357, 7, 2, 13, 'Menipu', 'Menipu orang', NULL, NULL, 9343, '2024-12-08 19:48:52', '2024-12-08 19:48:52'),
(8, 3352, 9, 1, 5, 'IUKLIN Shoap', 'Produksi Sabun Cuci Piring dan Detergent cuci baju', NULL, NULL, 2, '2024-12-08 19:48:52', '2024-12-08 19:48:52'),
(9, 3344, 2, 1, 14, 'PT. Inspirasi Berkah Mandiri', 'Bergerak Dalam Bidang Pelayanan Jaringan Komputer dan Digital Marketing', NULL, NULL, 1, '2024-12-08 19:48:52', '2024-12-08 19:48:52'),
(10, 3331, 1, 1, 1, 'Lapak emak', 'Lapak aemak memproduksi selai nanas Ummi yg cocok untuk isian kue nastar.', 'profile_company/HDwNSBRxKFahZf7oVEAv09jyIAFyzhXO8Uq5qe8s.pdf', NULL, 3, '2024-12-08 19:48:52', '2024-12-08 19:48:52'),
(11, 3330, 2, 3, 5, 'PT Hadeka - Hidro Daya Kinerja', 'Perusahaan yang bergerak di bidang jasa konsultan dan konstruksi Energi Baru Terbarukan', 'profile_company/XMhPoWKdWk7QVhjFu2QE97a3MoQZA5zmcPzmv1kY.pdf', NULL, 6, '2024-12-08 19:48:52', '2024-12-08 19:48:52'),
(12, 3328, 2, 3, 5, 'PT RESIK BUMI PERKASA', 'Berdiri sejak 2009. Merupakan Perusahaan Jasa Manufaktur. Memiliki 1 Kantor Pusat & 3 Cabang Plant Produksi. Mempekerjakan 3500 Karyawan.', 'profile_company/KbQFymusuEKdvM6pHZAOcvyCQa6WTofBvHuN5TPf.pdf', NULL, 3500, '2024-12-08 19:48:52', '2024-12-08 19:48:52'),
(13, 3327, 2, 3, 1, 'Era Gemilang Bhestari', 'Usaha ritel kebutuhan harian', 'profile_company/qg3TaYsAIA2ST5aBGutyq0zA71f4dCHimKAGfKDX.pdf', NULL, 6, '2024-12-08 19:48:52', '2024-12-08 19:48:52'),
(14, 3326, 1, 2, 15, 'AgroMuda sukabumi', 'Menyediakan suplemen herbal', 'profile_company/8k0bEn8RJrfDRt0akEDT4zPV7hoALIQCti1jhoeu.pdf', NULL, 1, '2024-12-08 19:48:52', '2024-12-08 19:48:52'),
(15, 3323, 3, 1, 13, 'ETC Sultan', 'Edu training & wisata', 'profile_company/9GjZ9nY5u4frYRi0iUskyhQHHcGpE6xHeRyhxQHe.pdf', NULL, 12, '2024-12-08 19:48:52', '2024-12-08 19:48:52'),
(16, 3320, 2, 2, 15, 'Natura Dental Center', 'Natura Dental Center adalah pusat layanan kesehatan gigi dan mulut yang berpengalaman menangani puluhan ribu pasien sejak 2005 di Kota Depok. Dengan fokus memberikan solusi lengkap, mulai dari perawatan dasar hingga estetika kompleks, kami berkomitmen mengembalikan keindahan senyum alami Anda. Menggunakan teknologi terkini dan pendekatan menyeluruh, kami siap memberikan perawatan terbaik untuk senyum yang sehat, indah, dan percaya diri.\r\n\r\nSaat ini kami mencari mitra dan investor untuk memperbesar dampak kebermanfaatan kami di seluruh Indonesia. Demi mengembalikan keindahan senyum alami se-Indonesia! Hubungi kami untuk pembahasan lebih lanjut.\r\n\r\nNatura Dental Center, \"Total Solution for Your Natural Smile\"', 'profile_company/fC2YIPOmzi3wTcUhZe5lJaowjuRVmGn4KuAKeGXp.pdf', NULL, 18, '2024-12-08 19:48:52', '2024-12-08 19:48:52'),
(17, 3316, 2, 2, 13, 'Imani Primary Care', 'Dikelola dan dikembangkan oleh para profesional kesehatan yang berkhidmat dalam bidang kesehatan khususnya di layanan primer.\r\nPara pendiri meleburkan diri dalam teamwork yang profesional dan mengusung nilai spiritual yang   universal.\r\nMemiliki modal dasar human capital yang kuat karena berasal dari beragam latar belakang profesi, sebagian besar adalah praktisi perumahsakitan, dengan dikokohkan oleh praktisi keuangan, hukum dan teknologi informasi, serta disokong oleh akademisi untuk menjaga akuntabilitas akademik dalam kajian yang dilakukan.', 'profile_company/aN75LgPzL6AkdXKBsXx26jAMYvHw9Of3wKqEk6BM.pdf', NULL, 5, '2024-12-08 19:48:52', '2024-12-08 19:48:52'),
(18, 3314, 2, 1, 1, '-', '-', NULL, NULL, 12, '2024-12-08 19:48:52', '2024-12-08 19:48:52'),
(19, 3310, 2, 3, 13, 'AlFatih Travel Haji, Umrah n Halal Tour', 'Bergerak di usaha trav', NULL, NULL, 10, '2024-12-08 19:48:52', '2024-12-08 19:48:52'),
(20, 3304, 3, 1, 1, 'Salaam Supply', 'Salaam Supply merupakan distributor bahan baku makanan dan minuman seperti bumbu, rempah-rempah, dan perisa manis.', NULL, NULL, 2, '2024-12-08 19:48:52', '2024-12-08 19:48:52'),
(21, 3302, 2, 2, 15, 'Amdee Healthcare Sdn. Bhd.', 'Medical Clinic, Healthcare Services, Corporate Training (Employee Wellness, Safety, Medical Surveillance), Health Coaching', NULL, NULL, 15, '2024-12-08 19:48:52', '2024-12-08 19:48:52'),
(22, 3300, 1, 1, 1, 'Catering Dapur Mama Eza', 'Catering dan Aneka Rendang Kemasan, dan Aneka Sambel', 'profile_company/5PY8I51ncY5i3gJQXFtjreTx6DOBZCHCGU07aBt5.pdf', NULL, 4, '2024-12-08 19:48:52', '2024-12-08 19:48:52'),
(23, 3295, 7, 2, 13, 'Ethica Sdn Bhd', 'Keperluan Sekolah (Pakaian, Buku tulis, etc) & T-shirt', 'profile_company/7V20IBWJ3X1E7jz7EUmbI0EuOnYHJknNhZoVIlPG.pdf', NULL, 2, '2024-12-08 19:48:52', '2024-12-08 19:48:52'),
(24, 3293, 2, 2, 15, 'MOIST care Clinic', 'MOIST care Clinic gives services for wound, stoma, foot and nail problems', 'profile_company/7VUzTbRv854Q4I0SBPVCAELa6seccYaO1sj6D8Vo.pdf', NULL, 15, '2024-12-08 19:48:52', '2024-12-08 19:48:52'),
(25, 3292, 2, 3, 11, 'PT Teknik Karya Industri', 'PT Teknik Karya Industri (TKI) adalah perusahaan yang berbasis di Indonesia, bergerak di bidang Engineering, Procurement, and Construction (EPC) untuk industri minyak, gas, petrokimia, kimia, mineral, dan energi. Perusahaan ini menawarkan layanan mulai dari desain teknik, pengadaan, hingga konstruksi. Mereka memiliki tim yang ahli di berbagai disiplin ilmu seperti sipil, perpipaan, mekanik, dan listrik, serta berfokus pada pengelolaan proyek dengan standar kualitas yang tinggi, efisiensi biaya, dan jadwal yang andal', 'profile_company/stqjDOxhIQ2Mvcm2xAQjUaNyMl5DkratcS8hBuKk.pdf', NULL, 10, '2024-12-08 19:48:52', '2024-12-08 19:48:52'),
(26, 3290, 3, 1, 15, 'CV Equator Aromaterapi', 'CV. Equator Aromaterapi adalah sebuah perusahaan yang berdiri sejak tahun 2010. Dengan mengusung kehalalan dan ramah lingkungan, CV. Equator Aromaterapi senantiasa berkomitmen menghasilkan produk ramah lingkungan dan halal di bidang toiletries dan aromaterapi.', 'profile_company/ldU6hHITV3NZEBq7rVTm5eqK31RJpS1Sug4qOoo9.pdf', NULL, 10, '2024-12-08 19:48:52', '2024-12-08 19:48:52'),
(27, 3288, 2, 2, 1, 'PT Selaras Rasakoe Indonesia', 'Kami produsen aneka bumbu masakan mulai dari bumbu dasar, bumbu masak dan bumbu aneka tambahan rasa makanan.', NULL, NULL, 20, '2024-12-08 19:48:52', '2024-12-08 19:48:52'),
(28, 3286, 6, 3, 13, 'Theumrah Maqbulah Travel', 'Tourism', 'profile_company/fwlqOYXrM592gXbZAfjCgRZCMhQWrTxckBArPkiT.pdf', NULL, 8, '2024-12-08 19:48:52', '2024-12-08 19:48:52'),
(29, 3282, 2, 1, 14, 'MEDISIN', 'IHA by medisin merupakan pengembangan produk rekam medis elektronik dari Medisin dapat digunakan di seluruh perusahaan INDUSTRI di Indonesia yang berfokus pada keselamatan kerja bertujuan untuk berfokus pada keselamatan pekerja dengan menerapkan pengendalian bahaya di tempat kerja yang efektif . Praktik ini membantu melindungi karyawan dari berbagai jenis cedera dan penyakit, seperti penyakit yang tidak fatal, kondisi pernapasan, penyakit kulit, keracunan, gangguan pendengaran, dan cedera akibat stres berulang. hal tersebut dapat diakses menggunakan 1 sistem yang terhubung dengan satusehat, BPJS, Kementrian ketenagakerjaan.\r\n\r\nTantangan : \r\nSistem Rekam Medis Fokus pada industrial Hygiene di Indonesia tidak terlalu banyak sehingga riset dan kajian masih terbatas\r\n\r\ndengan pengalaman RME medisin yang sudah berjalan di 355 Fasilitas kesehatan di seluruh Indonesia kami mengembangkan untuk masuk pada sektor kesehatan di Industri dengan menerapkan Artificial Intelligence dalam memberikan laporan kesehatan pasien ke atasan masing-masing hal tersebut sangat membantu meningkatkan performa kerja karyawan sesuai dengan riwayat kesehatan masing-masing', 'profile_company/comIt2MLHT9IKzcoTyYW9UiYODN3WNf8gsdXJ2uC.pdf', NULL, 15, '2024-12-08 19:48:52', '2024-12-08 19:48:52'),
(30, 2483, 2, 3, 14, 'PT Hadeka - Hidro Daya Kinerja', 'Perusahaan Teknologi Tepat Guna pembangunan Pembangkit Listrik Tenaga Air (Mikro, Mini), Surya, Angin dan Sampah', NULL, NULL, 0, '2024-12-08 19:48:52', '2024-12-08 19:48:52'),
(31, 1239, 2, 2, 5, 'Juwara Prima Food', 'Produsen pangan olahan', NULL, NULL, 7, '2024-12-08 19:48:52', '2024-12-08 19:48:52'),
(32, 3373, NULL, 1, 9, 'testing', NULL, NULL, 2006, NULL, '2024-12-08 20:09:24', '2024-12-08 20:09:24'),
(36, 3377, NULL, 3, 10, 'Usahaku', NULL, NULL, 2007, NULL, '2024-12-09 20:43:38', '2024-12-09 20:43:38');

-- --------------------------------------------------------

--
-- Table structure for table `business_matchings`
--

CREATE TABLE `business_matchings` (
  `id` bigint(20) UNSIGNED NOT NULL,
  `event_id` bigint(20) UNSIGNED NOT NULL,
  `member_id` bigint(20) UNSIGNED NOT NULL,
  `created_at` timestamp NULL DEFAULT NULL,
  `updated_at` timestamp NULL DEFAULT NULL
) ENGINE=MyISAM DEFAULT CHARSET=utf8mb4 COLLATE=utf8mb4_unicode_ci;

--
-- Dumping data for table `business_matchings`
--

INSERT INTO `business_matchings` (`id`, `event_id`, `member_id`, `created_at`, `updated_at`) VALUES
(1, 6, 3281, '2024-09-22 18:34:55', '2024-09-22 18:34:55'),
(2, 6, 3282, '2024-09-22 20:25:45', '2024-09-22 20:25:45'),
(3, 6, 3283, '2024-09-24 21:09:28', '2024-09-24 21:09:28'),
(4, 6, 3284, '2024-09-24 21:13:17', '2024-09-24 21:13:17'),
(5, 6, 2300, '2024-09-24 21:59:42', '2024-09-24 21:59:42'),
(6, 6, 3288, '2024-09-25 01:34:19', '2024-09-25 01:34:19'),
(7, 6, 3290, '2024-09-25 19:36:55', '2024-09-25 19:36:55'),
(8, 6, 3292, '2024-09-25 20:55:40', '2024-09-25 20:55:40'),
(9, 6, 3286, '2024-09-25 21:00:28', '2024-09-25 21:00:28'),
(10, 6, 3285, '2024-09-25 21:13:07', '2024-09-25 21:13:07'),
(11, 6, 3293, '2024-09-25 21:26:00', '2024-09-25 21:26:00'),
(12, 6, 3299, '2024-09-26 06:34:40', '2024-09-26 06:34:40'),
(13, 6, 3287, '2024-09-26 07:30:19', '2024-09-26 07:30:19'),
(14, 6, 3300, '2024-09-26 14:45:46', '2024-09-26 14:45:46'),
(15, 6, 3302, '2024-09-27 11:26:13', '2024-09-27 11:26:13'),
(16, 6, 3304, '2024-09-28 17:47:30', '2024-09-28 17:47:30'),
(17, 6, 3305, '2024-09-28 19:15:26', '2024-09-28 19:15:26'),
(18, 6, 3306, '2024-09-28 21:23:47', '2024-09-28 21:23:47'),
(19, 6, 2483, '2024-09-28 22:25:16', '2024-09-28 22:25:16'),
(20, 6, 3307, '2024-09-29 18:35:32', '2024-09-29 18:35:32'),
(21, 6, 3308, '2024-09-30 02:31:09', '2024-09-30 02:31:09'),
(22, 6, 1276, '2024-09-30 02:47:11', '2024-09-30 02:47:11'),
(23, 6, 3309, '2024-09-30 03:11:53', '2024-09-30 03:11:53'),
(24, 6, 1629, '2024-09-30 19:25:11', '2024-09-30 19:25:11'),
(25, 6, 3313, '2024-09-30 19:42:13', '2024-09-30 19:42:13'),
(26, 6, 1239, '2024-10-01 05:20:10', '2024-10-01 05:20:10'),
(27, 6, 3316, '2024-10-01 17:42:17', '2024-10-01 17:42:17'),
(28, 6, 3317, '2024-10-01 18:49:20', '2024-10-01 18:49:20'),
(29, 6, 3320, '2024-10-02 04:43:47', '2024-10-02 04:43:47'),
(30, 6, 3328, '2024-10-02 17:24:50', '2024-10-02 17:24:50'),
(31, 6, 3329, '2024-10-02 19:17:19', '2024-10-02 19:17:19'),
(32, 6, 3331, '2024-10-02 21:53:33', '2024-10-02 21:53:33'),
(33, 9, 3282, '2024-12-02 02:01:34', '2024-12-02 02:01:34'),
(34, 9, 1453, '2024-12-03 18:52:49', '2024-12-03 18:52:49'),
(35, 9, 3288, '2024-12-04 00:03:58', '2024-12-04 00:03:58'),
(36, 9, 3350, '2024-12-04 01:58:34', '2024-12-04 01:58:34'),
(37, 9, 3352, '2024-12-04 16:39:06', '2024-12-04 16:39:06'),
(38, 9, 3035, '2024-12-04 22:25:10', '2024-12-04 22:25:10'),
(39, 9, 3352, '2024-12-05 00:20:25', '2024-12-05 00:20:25'),
(40, 9, 1113, '2024-12-05 03:12:19', '2024-12-05 03:12:19'),
(41, 9, 3371, '2024-12-05 20:09:08', '2024-12-05 20:09:08');

-- --------------------------------------------------------

--
-- Table structure for table `business_scales`
--

CREATE TABLE `business_scales` (
  `id` bigint(20) UNSIGNED NOT NULL,
  `name` varchar(250) DEFAULT NULL,
  `revenue_start` bigint(20) DEFAULT 0,
  `revenue_end` bigint(20) DEFAULT 0,
  `description` varchar(250) DEFAULT NULL,
  `created_at` timestamp NULL DEFAULT NULL,
  `updated_at` timestamp NULL DEFAULT NULL
) ENGINE=InnoDB DEFAULT CHARSET=latin1 COLLATE=latin1_swedish_ci;

--
-- Dumping data for table `business_scales`
--

INSERT INTO `business_scales` (`id`, `name`, `revenue_start`, `revenue_end`, `description`, `created_at`, `updated_at`) VALUES
(1, 'Usaha Mikro', 0, 25000000, 'Omset pertahun s.d Rp.300jt dan Asset s.d Rp.50jt', '0000-00-00 00:00:00', '2020-03-24 12:34:00'),
(2, 'Usaha Kecil', 25000001, 208000000, 'Omset pertahun 300jt s.d 2.5M dan Asset 50jt s.d 500jt', '0000-00-00 00:00:00', '2020-03-24 12:34:53'),
(3, 'Usaha Menengah', 208000001, 4160000000, 'Omset pertahun 2,5M s.d 50M dan Asset 500jt s.d 10M', '0000-00-00 00:00:00', '2020-03-26 00:31:13'),
(5, 'Usaha Besar', 4160000001, 100000000000000, 'Omset pertahun lebih dari 50M dan Asset lebih dari 10M', '2019-12-25 00:18:53', '2020-03-26 00:31:41');

-- --------------------------------------------------------

--
-- Table structure for table `business_sectors`
--

CREATE TABLE `business_sectors` (
  `id` bigint(20) UNSIGNED NOT NULL,
  `name` varchar(250) DEFAULT NULL,
  `created_at` timestamp NULL DEFAULT NULL,
  `updated_at` timestamp NULL DEFAULT NULL
) ENGINE=InnoDB DEFAULT CHARSET=latin1 COLLATE=latin1_swedish_ci;

--
-- Dumping data for table `business_sectors`
--

INSERT INTO `business_sectors` (`id`, `name`, `created_at`, `updated_at`) VALUES
(1, 'Makanan / Minuman', '0000-00-00 00:00:00', '2020-04-12 23:37:29'),
(2, 'Kerajinan', '0000-00-00 00:00:00', '2020-04-11 00:58:01'),
(3, 'Fashion', '0000-00-00 00:00:00', '2020-04-11 00:58:50'),
(4, 'Edukasi / Pendidikan', '2020-01-13 04:40:14', '2020-04-11 00:58:14'),
(5, 'Industri', '2020-03-08 03:00:40', '2020-04-11 00:59:20'),
(6, 'Perdagangan', '2020-03-08 03:01:01', '2020-04-11 01:00:04'),
(7, 'Pertanian', '2020-03-08 03:01:34', '2020-04-11 01:00:36'),
(8, 'Peternakan', '2020-03-08 03:02:03', '2020-04-11 01:00:46'),
(9, 'Perkebunan', '2020-03-08 03:15:10', '2020-04-11 01:00:26'),
(10, 'Perikanan', '2020-03-08 03:17:00', '2020-04-11 01:00:16'),
(11, 'Aneka Jasa', '2020-03-08 03:17:40', '2020-04-11 00:59:53'),
(12, 'Property', '2020-04-10 23:14:54', '2020-04-11 10:15:10'),
(13, 'Lainnya', '2020-04-12 12:39:01', '2020-04-12 23:38:24'),
(14, 'Teknologi', '2023-11-13 17:00:49', '2023-11-14 00:00:49'),
(15, 'Kesehatan', '2023-11-19 17:03:54', '2023-11-20 00:03:54');

-- --------------------------------------------------------

--
-- Table structure for table `business_types`
--

CREATE TABLE `business_types` (
  `id` bigint(20) UNSIGNED NOT NULL,
  `name` varchar(250) DEFAULT NULL,
  `created_at` timestamp NULL DEFAULT NULL,
  `updated_at` timestamp NULL DEFAULT NULL
) ENGINE=InnoDB DEFAULT CHARSET=latin1 COLLATE=latin1_swedish_ci;

--
-- Dumping data for table `business_types`
--

INSERT INTO `business_types` (`id`, `name`, `created_at`, `updated_at`) VALUES
(1, 'Perorangan', '0000-00-00 00:00:00', '2019-12-20 22:37:25'),
(2, 'PT', '0000-00-00 00:00:00', '2019-12-20 22:37:33'),
(3, 'CV', '0000-00-00 00:00:00', '2019-12-20 22:36:54'),
(4, 'UD', '0000-00-00 00:00:00', '2019-12-20 22:37:42'),
(5, 'IUMK', '0000-00-00 00:00:00', '2019-12-20 22:37:08'),
(6, '-', '0000-00-00 00:00:00', '2019-12-20 22:36:12'),
(7, 'Kelompok', '0000-00-00 00:00:00', '2019-12-20 22:37:17'),
(8, 'IKM', '0000-00-00 00:00:00', '2019-12-20 22:37:00'),
(9, 'Kosong', '0000-00-00 00:00:00', '2019-12-20 22:38:27'),
(11, 'Yayasan', '2023-12-03 00:06:29', '2023-12-03 07:06:29');

-- --------------------------------------------------------

--
-- Table structure for table `category_articles`
--

CREATE TABLE `category_articles` (
  `id` bigint(20) UNSIGNED NOT NULL,
  `name` varchar(255) NOT NULL,
  `slug` varchar(255) NOT NULL,
  `created_at` timestamp NULL DEFAULT NULL,
  `updated_at` timestamp NULL DEFAULT NULL
) ENGINE=InnoDB DEFAULT CHARSET=utf8mb4 COLLATE=utf8mb4_general_ci;

--
-- Dumping data for table `category_articles`
--

INSERT INTO `category_articles` (`id`, `name`, `slug`, `created_at`, `updated_at`) VALUES
(1, 'GENPRO WILAYAH', 'genpro-wilayah', '2023-11-26 18:29:46', '2024-09-18 20:07:02');

-- --------------------------------------------------------

--
-- Table structure for table `category_courses`
--

CREATE TABLE `category_courses` (
  `id` bigint(20) UNSIGNED NOT NULL,
  `name` varchar(255) NOT NULL,
  `created_at` timestamp NULL DEFAULT NULL,
  `updated_at` timestamp NULL DEFAULT NULL
) ENGINE=MyISAM DEFAULT CHARSET=utf8mb4 COLLATE=utf8mb4_unicode_ci;

--
-- Dumping data for table `category_courses`
--

INSERT INTO `category_courses` (`id`, `name`, `created_at`, `updated_at`) VALUES
(1, 'UMKM', '2024-10-13 19:30:45', '2024-10-16 21:24:37');

-- --------------------------------------------------------

--
-- Table structure for table `category_events`
--

CREATE TABLE `category_events` (
  `id` bigint(20) UNSIGNED NOT NULL,
  `name` varchar(255) NOT NULL,
  `slug` varchar(191) NOT NULL,
  `created_at` timestamp NULL DEFAULT NULL,
  `updated_at` timestamp NULL DEFAULT NULL
) ENGINE=InnoDB DEFAULT CHARSET=utf8mb4 COLLATE=utf8mb4_general_ci;

--
-- Dumping data for table `category_events`
--

INSERT INTO `category_events` (`id`, `name`, `slug`, `created_at`, `updated_at`) VALUES
(1, 'EXPO DAN SEMINAR', 'expo-dan-seminar', '2023-11-07 00:34:58', '2023-11-07 00:34:58'),
(2, 'PENGEMBANGAN DIRI', 'pengembangan-diri', '2023-11-13 17:04:07', '2023-11-13 17:04:07'),
(3, 'WEBINAR GENPRO', 'webinar-genpro', '2024-05-08 05:14:30', '2024-05-08 05:14:30'),
(4, 'Business Matching', 'business-matching', '2024-09-18 21:22:51', '2024-09-18 21:23:06'),
(5, 'KONSER', 'konser', '2024-12-01 05:56:14', '2024-12-01 05:56:14');

-- --------------------------------------------------------

--
-- Table structure for table `collaborations`
--

CREATE TABLE `collaborations` (
  `id` bigint(20) UNSIGNED NOT NULL,
  `member_id` bigint(20) UNSIGNED NOT NULL,
  `from_member_id` bigint(20) UNSIGNED NOT NULL,
  `description` varchar(255) NOT NULL,
  `created_at` timestamp NULL DEFAULT NULL,
  `updated_at` timestamp NULL DEFAULT NULL
) ENGINE=MyISAM DEFAULT CHARSET=utf8mb4 COLLATE=utf8mb4_unicode_ci;

--
-- Dumping data for table `collaborations`
--

INSERT INTO `collaborations` (`id`, `member_id`, `from_member_id`, `description`, `created_at`, `updated_at`) VALUES
(1, 3281, 3282, 'Saya ingin kolaborasi', '2024-09-22 20:27:31', '2024-09-22 20:27:31'),
(2, 3284, 3284, 'Saya membutuhkan alat radiologi, apa tersedia?', '2024-09-24 21:14:48', '2024-09-24 21:14:48'),
(3, 3283, 3284, 'I need kolaborasi distribusi di Indonesia area Sumatera dan Kalimantan', '2024-09-25 02:23:21', '2024-09-25 02:23:21'),
(4, 3292, 3282, 'Bisa untuk desain dalam pengelolaan Nikel ya pak?', '2024-09-25 22:25:41', '2024-09-25 22:25:41'),
(5, 2300, 2300, 'cek', '2024-09-26 05:50:34', '2024-09-26 05:50:34'),
(6, 3287, 3288, 'Mitra Pengadaan Bumbu untuk Catering', '2024-09-26 18:09:09', '2024-09-26 18:09:09'),
(7, 3292, 3306, 'Solusi energi terbarukan untuk ramah lingkungan di industri dan green hospital', '2024-09-28 21:33:58', '2024-09-28 21:33:58'),
(8, 3284, 3306, 'Yuk next green hospital solution', '2024-09-28 21:35:12', '2024-09-28 21:35:12'),
(9, 3302, 3306, 'Kami punya link market hospital di Indonesia', '2024-09-28 21:38:20', '2024-09-28 21:38:20'),
(10, 3284, 3283, 'Waduh saya supplier baja pertanian, translate ke indonesianya “Pupuk”', '2024-10-01 16:24:04', '2024-10-01 16:24:04');

-- --------------------------------------------------------

--
-- Table structure for table `completed_lessons`
--

CREATE TABLE `completed_lessons` (
  `id` bigint(20) UNSIGNED NOT NULL,
  `member_id` bigint(20) UNSIGNED NOT NULL,
  `lesson_id` bigint(20) UNSIGNED NOT NULL,
  `created_at` timestamp NULL DEFAULT NULL,
  `updated_at` timestamp NULL DEFAULT NULL
) ENGINE=MyISAM DEFAULT CHARSET=utf8mb4 COLLATE=utf8mb4_unicode_ci;

--
-- Dumping data for table `completed_lessons`
--

INSERT INTO `completed_lessons` (`id`, `member_id`, `lesson_id`, `created_at`, `updated_at`) VALUES
(1, 3067, 1, '2024-10-21 09:00:35', '2024-10-21 09:00:35');

-- --------------------------------------------------------

--
-- Table structure for table `courses`
--

CREATE TABLE `courses` (
  `id` bigint(20) UNSIGNED NOT NULL,
  `title` varchar(255) NOT NULL,
  `slug` varchar(255) NOT NULL,
  `description` text NOT NULL,
  `image` varchar(255) NOT NULL,
  `trailer` varchar(255) NOT NULL,
  `price` bigint(20) NOT NULL,
  `category_course_id` bigint(20) UNSIGNED NOT NULL,
  `user_id` bigint(20) UNSIGNED NOT NULL,
  `created_at` timestamp NULL DEFAULT NULL,
  `updated_at` timestamp NULL DEFAULT NULL,
  `is_private` tinyint(1) NOT NULL DEFAULT 0
) ENGINE=MyISAM DEFAULT CHARSET=utf8mb4 COLLATE=utf8mb4_unicode_ci;

--
-- Dumping data for table `courses`
--

INSERT INTO `courses` (`id`, `title`, `slug`, `description`, `image`, `trailer`, `price`, `category_course_id`, `user_id`, `created_at`, `updated_at`, `is_private`) VALUES
(1, 'KOLABORASI GENPRO UNTUK PERTUMBUHAN UMKM', 'kolaborasi-genpro-untuk-pertumbuhan-umkm', '<p>Analisis SWOT adalah alat strategis yang digunakan untuk mengevaluasi Strengths (Kekuatan), Weaknesses (Kelemahan), Opportunities (Peluang), dan Threats (Ancaman) dari suatu organisasi atau inisiatif. Dalam konteks kolaborasi pertumbuhan UMKM dengan yayasan, analisis SWOT dapat membantu mengidentifikasi faktor-faktor kunci yang memengaruhi kolaborasi tersebut.</p>', 'course/01JAC995WSH7A4ECX75TKY5YNB.jpg', 'https://www.youtube.com/watch?v=s2wGEQikgU0', 0, 1, 1, '2024-10-13 19:31:09', '2024-11-04 21:38:17', 0),
(3, 'tes', 'tes', '<p>asdfasdf</p>', 'course/01JBX9WPV0NRDKGFHVJ116X510.png', 'https://youtube.com', 100000, 1, 1, '2024-11-04 21:38:55', '2024-11-04 21:38:55', 1);

-- --------------------------------------------------------

--
-- Table structure for table `enrollments`
--

CREATE TABLE `enrollments` (
  `id` bigint(20) UNSIGNED NOT NULL,
  `course_id` bigint(20) UNSIGNED NOT NULL,
  `member_id` bigint(20) UNSIGNED NOT NULL,
  `created_at` timestamp NULL DEFAULT NULL,
  `updated_at` timestamp NULL DEFAULT NULL
) ENGINE=MyISAM DEFAULT CHARSET=utf8mb4 COLLATE=utf8mb4_unicode_ci;

--
-- Dumping data for table `enrollments`
--

INSERT INTO `enrollments` (`id`, `course_id`, `member_id`, `created_at`, `updated_at`) VALUES
(2, 1, 3281, '2024-10-21 09:13:32', '2024-10-21 09:13:32');

-- --------------------------------------------------------

--
-- Table structure for table `events`
--

CREATE TABLE `events` (
  `id` bigint(20) UNSIGNED NOT NULL,
  `name` varchar(255) NOT NULL,
  `slug` varchar(255) NOT NULL,
  `image` varchar(255) NOT NULL,
  `user_id` bigint(20) UNSIGNED NOT NULL,
  `category_event_id` bigint(20) UNSIGNED NOT NULL,
  `description` text NOT NULL,
  `date_start` date NOT NULL,
  `date_end` date NOT NULL,
  `time_start` time NOT NULL,
  `time_end` time NOT NULL,
  `location` enum('Offline','Online') NOT NULL,
  `place` varchar(255) NOT NULL,
  `address` varchar(255) NOT NULL,
  `payment_type` enum('Midtrans','Manual') NOT NULL,
  `province_id` bigint(20) UNSIGNED NOT NULL,
  `use_auth` tinyint(1) NOT NULL,
  `use_birth_date` tinyint(1) NOT NULL,
  `use_gender` tinyint(1) NOT NULL,
  `use_business_name` tinyint(1) NOT NULL,
  `use_nik` tinyint(1) NOT NULL,
  `use_phone_number` tinyint(1) NOT NULL,
  `use_document` tinyint(1) NOT NULL,
  `use_business_matching` tinyint(1) NOT NULL,
  `url_streaming` varchar(255) DEFAULT NULL,
  `created_at` timestamp NULL DEFAULT NULL,
  `updated_at` timestamp NULL DEFAULT NULL
) ENGINE=InnoDB DEFAULT CHARSET=utf8mb4 COLLATE=utf8mb4_unicode_ci;

--
-- Dumping data for table `events`
--

INSERT INTO `events` (`id`, `name`, `slug`, `image`, `user_id`, `category_event_id`, `description`, `date_start`, `date_end`, `time_start`, `time_end`, `location`, `place`, `address`, `payment_type`, `province_id`, `use_auth`, `use_birth_date`, `use_gender`, `use_business_name`, `use_nik`, `use_phone_number`, `use_document`, `use_business_matching`, `url_streaming`, `created_at`, `updated_at`) VALUES
(1, 'Genpro Presidential Summit (GPS) 2023', 'genpro-presidential-summit-gps-2023', 'event/01HFMYFME40YVV7JZ35JJ9FHJ3.png', 1, 1, '<p>Untukmu Sobat Pejuang 🙌🏻<br><br>Mengundang member Genpro untuk bergabung dalam Genpro Presidential Summit (GPS) 2023 🔐<br><br>Genpro Presidential Summit (GPS) 2023 adalah ajang pertemuan silaturrahim nasional Genpro dengan Konten acara Rapat Nasional, Seminar/Pelatihan, Expo, dan Business Matching* yang mengusung tema Kolaborasi Memberdayakan Pengusah Muda<br><br>💦Acara GPS tahun ini berkolaborasi dengan salah satu event besar yaitu Expo Jakarta Halal Festival (JHF).&nbsp;<br><br>✨Kita akan bertemu, menghimpun semangat juang dalam wadah perjuangan Genpro sebagai upaya menjalankan visi misi Genpro lebih besar.</p>', '2023-12-22', '2023-12-25', '08:00:00', '21:00:00', 'Offline', 'Jakarta Convention Center', 'Jl. Gatot Subroto No.1, RT.1/RW.3, Gelora, Kecamatan Tanah Abang, Kota Jakarta Pusat, Daerah Khusus Ibukota Jakarta 10270', 'Midtrans', 31, 1, 0, 0, 1, 0, 1, 0, 1, NULL, '2024-12-08 19:48:52', '2024-12-08 19:48:52'),
(3, 'WEBINAR GENPRO', 'webinar-genpro', 'event/01HME94ZXSHQH1NX2HG9J7HJBM.jpg', 1, 1, '<p>🎯 *<strong>BESOK BANGET</strong>*</p><p><br></p><p>Dalam artikel disebutkan Optimalisasi kerja suatu organisasi adalah _<em>peningkatan/pengoptimalan proses dalam mencapai tujuan dengan pemanfaatan Sumber Daya Manusia yang ada.</em>_&nbsp;</p><p>Nah hal ini juga perlu dalam perusahaan atau bisnis.&nbsp;</p><p>Tentu bisnis kita memiliki target, tujuan kedepan ! Untuk itu, kita sebagai bisnis owner musti tau peran kita tentang optimalisasi kinerja bisnis/ perusahaan kita. ✨😍</p><p><br></p><p>*<strong>WEBINAR GENPRO</strong>*</p><p>_<em>Optimalisasi Pengelolaan Kinerja Perusahaan</em>_&nbsp;</p><p><br></p><p>🌏 Webinar ini akan membagikan bagaimana optimalisasi kinerja perusahaan dari sudut pandang human resources loh, sungguh menarik bukan ✨</p><p><br></p><p><br></p><p>🎯 Catat Tanggalnya yaa&nbsp;</p><p>• Jumat, 19 Januari 2024&nbsp;</p><p>• ⁠16.00 WIB - Selesai&nbsp;</p><p>• ⁠Zoom : https://us02web.zoom.us/j/82326158825?pwd=clp0WWVnbmJHUFRRODd3SGMvODVkZz09</p><p>• ⁠Meeting ID: 823 2615 8825</p><p>Passcode: SMEOKE</p><p><br></p><p>👤 *<strong>Dendy Novryana Prawira, SKM, MM, CT, CHRP, CPGR, CHRM.</strong>*</p><p>( HR BPP Genpro )</p><p><br></p><p><br></p><p>Link pendaftaran :&nbsp;</p><p>bit.ly/WEBINARGENPRO2023</p><p>atau&nbsp;</p><p>Sahabatgenpro.com&nbsp;</p><p><br></p><p>-- - - - - - - - - - - - - - - - - - - - - -</p>', '2024-01-17', '2024-01-18', '16:00:00', '17:30:00', 'Online', 'Zoom', '0', 'Manual', 31, 1, 0, 0, 1, 0, 1, 0, 1, 'https://us02web.zoom.us/j/82326158825?pwd=clp0WWVnbmJHUFRRODd3SGMvODVkZz09', '2024-12-08 19:48:52', '2024-12-08 19:48:52'),
(4, 'WORKSHOP BUILDING HUMAN RESOURCE SYSTEM', 'workshop-building-human-resource-system', 'event/01HQVHS44X10X3HXNJYCVVQGSP.jpg', 1, 2, '<p>BERSAMA COACH JAYA&nbsp;<br>Workshop Series 1 Tiket untuk 5 orang (1 Perusahaan)<br>Chapter 1 | 21 - 23 Mei 2024&nbsp;<br>Chapter 2 | 23 - 25 Jui 2024&nbsp;<br>Chapter 3 | 25 - 27 Juni 2024&nbsp;<br>Chapter 4 | 20 - 22 Agustus 2024<br><br>Tempat : Aula Ukhuwwah RS Al Irsyad Gedung 1 Lantai 4&nbsp;<br><br>Setelah mengikuti program ini PESERTA AKAN MAMPU :&nbsp;<br>1. Merancang Sistem Human Resource dalam mewujudkan Visi &amp; Misi Perusahaan&nbsp;<br>2. Membangun militansi dan loyalitas karyawan terhadap nilai - nilai yang ditetapkan perusahaan&nbsp;<br>3. Memahami dan menjalankan Sistem pengembangan SDM yang efektif&nbsp;<br>4. Memiliki seorang assesor DISC dan memiliki sistem rekrutmen yang efektif&nbsp;<br>5. Menjadi sebuah Holding Company&nbsp;<br><br>Informasi kegiatan :&nbsp;<br>0853-2762-0058 (Sensi)<br>0813-1989-0217 (Sriyanto)<br><br>Support by&nbsp;<br>GENPRO&nbsp;<br>CREATIVENESIA&nbsp;<br>Lantabur<br>TMIM</p>', '2024-05-21', '2024-08-22', '08:00:00', '17:00:00', 'Offline', 'Aula Ukhuwwah RS Al Irsyad Gedung 1 Lantai 4 ', 'Jalan KH Mas Mansyur No.210-214 dan 191, Nyamplungan, Kec. Pabean Cantikan, Surabaya, Jawa Timur 60162', 'Manual', 35, 1, 0, 0, 1, 0, 1, 0, 0, NULL, '2024-12-08 19:48:52', '2024-12-08 19:48:52'),
(5, 'CERDAS MENGELOLA KEUANGAN DI ERA DIGITAL BERSAMA MILENIAL', 'cerdas-mengelola-keuangan-di-era-digital-bersama-milenial', 'event/01J7G240C2GVB711JKVH1V02QR.jpg', 1, 1, '<p>Cerdas mengelola keuangan adalah salah satu kemampuan penting yang harus di miliki oleh seorang pembisnis karena ini berhubungan dengan bagaimana arah bisnis kedepan. Mulai dari perencanaan finansial sampai pengelolaannya sangat penting untuk diperhatikan dan dipelajari bagaimana penerapannya.&nbsp;<br>Di Era perkembangan teknologi dan turunannya yang semakin pesat, kita juga perlu mengupgade ilmu terkait keuangan juga loh !&nbsp;<br>&nbsp;<br><br>- Kembali hadir Series Webinar Genpro&nbsp;<br>- ⁠Wadah belajar dengan expert&nbsp;<br>- ⁠Berjejaring&nbsp;<br><br>WEBINAR GENPRO<br>\"Cerdas Mengelola Keuangan di Era Digital Bersama Milenial\"<br><br>-&nbsp; &nbsp;Catat Tanggalnya yaa&nbsp;<br>&nbsp; &nbsp; &nbsp;Kamis, 12 September 2024&nbsp;<br>&nbsp; &nbsp; &nbsp;16.00 WIB - Selesai&nbsp;<br>&nbsp; &nbsp; &nbsp;https://us02web.zoom.us/j/82326158825?pwd=clp0WWVnbmJHUFRRODd3SGMvODVkZz09<br>&nbsp; &nbsp; &nbsp;Meeting ID: 823 2615 8825<br>&nbsp; &nbsp; &nbsp;Passcode: SMEOKE<br><br>🎥 Narasumber :&nbsp;<br>Galih Pandekar</p>', '2024-09-12', '2024-09-12', '16:00:00', '17:30:00', 'Online', 'Zoom', 'https://us02web.zoom.us/j/82326158825?pwd=clp0WWVnbmJHUFRRODd3SGMvODVkZz09', 'Midtrans', 31, 0, 0, 0, 1, 0, 1, 0, 0, 'https://us02web.zoom.us/j/82326158825?pwd=clp0WWVnbmJHUFRRODd3SGMvODVkZz09', '2024-12-08 19:48:52', '2024-12-08 19:48:52'),
(6, 'BISNIS MATCHING ASIA PASIFIK', 'bisnis-matching-asia-pasifik', 'event/01J8D5W78ZX5D63TS8DK88QTG0.jpg', 1, 4, '<p>-</p>', '2024-10-03', '2024-10-03', '12:00:00', '19:00:00', 'Offline', 'HNI PLAZA', 'Pd. Klp., Kec. Duren Sawit, Kota Jakarta Timur, Daerah Khusus Ibukota Jakarta 13450', 'Midtrans', 31, 1, 0, 0, 1, 0, 1, 0, 1, NULL, '2024-12-08 19:48:52', '2024-12-08 19:48:52'),
(8, 'WEBINAR SUCCESSTORY GENPRO', 'webinar-successtory-genpro', 'event/01J8KNNHS25JV4GSM2JFSG5RMN.jpg', 2, 1, '<p>🔗 Strategi dalam membangun bisnis adalah salah satu langkah menentukan arah kesuksesan&nbsp; bisnis kita. Pandemi covid telah berakhir, tentu menjadi catatan liku perjalanan bisnis saat menghadapi badai.&nbsp;<br><br>&nbsp;<br>- Kembali hadir Series Webinar Genpro&nbsp;<br>- ⁠Wadah belajar dengan expert&nbsp;<br>- ⁠Berjejaring&nbsp;<br><br>WEBINAR SUCCESSTORY GENPRO<br>B A N G K I T&nbsp; PASCA&nbsp; C O V I D<br><br>🎯 Catat Tanggalnya yaa&nbsp;<br>📅 Kamis, 26 September 2024&nbsp;<br>🕓16.00 WIB - Selesai&nbsp;<br>📱 Zoom<br><br><br>🎥 Narasumber :&nbsp;<br>Iwan Susanti<br>Direktur Marketing PT SLC, Hydro Group, AVP Genpro Banten</p>', '2024-09-24', '2024-09-26', '16:00:00', '17:30:00', 'Online', 'ZOOM', 'JAKARTA', 'Midtrans', 31, 1, 0, 0, 1, 0, 1, 0, 0, 'https://us02web.zoom.us/j/82326158825?pwd=clp0WWVnbmJHUFRRODd3SGMvODVkZz09', '2024-12-08 19:48:52', '2024-12-08 19:48:52'),
(9, 'GENPRO PRESIDENTIAL SUMMIT 2024', 'genpro-presidential-summit-2024', 'event/01JE39CED70W3C8PSC6NBZMPDC.jpeg', 1, 1, '<p>SELURUH MEMBER GENPRO DI INDONESIA</p>', '2024-12-12', '2024-12-13', '13:00:00', '17:00:00', 'Offline', 'HNI PLAZA', '-', 'Manual', 31, 1, 0, 1, 1, 0, 1, 0, 1, NULL, '2024-12-08 19:48:52', '2024-12-08 19:48:52'),
(10, 'KONSER KEMANUSIAAN PALESTINA', 'konser-kemanusiaan-palestina', 'event/01JE14Y8QP16SG9RDJSCYWVBMP.jpeg', 1, 5, '<p>Acara ini bertujuan untuk menggalang dana demi membantu saudara-saudara kita di Palestina yang tengah menghadapi tantangan besar. Dengan melibatkan Izzatul Islam, kami berharap dapat memberikan kontribusi nyata melalui donasi dan dukungan moral untuk perjuangan mereka.</p><p>Mari bersama-sama kita hadir, berdonasi, dan berbagi kasih untuk meringankan beban mereka. Setiap kontribusi Anda akan sangat berarti dalam memberikan harapan bagi masa depan yang lebih baik.</p>', '2024-12-13', '2024-12-13', '08:00:00', '17:00:00', 'Offline', 'HNI PLAZA', 'Jl. Raya Kalimalang, RT.3/RW.10, Pd. Klp., Kec. Duren Sawit, Kota Jakarta Timur, Daerah Khusus Ibukota Jakarta 13450', 'Midtrans', 31, 0, 0, 0, 0, 0, 1, 0, 0, NULL, '2024-12-08 19:48:52', '2024-12-08 19:48:52');

-- --------------------------------------------------------

--
-- Table structure for table `events_old`
--

CREATE TABLE `events_old` (
  `id` bigint(20) UNSIGNED NOT NULL,
  `name` varchar(255) NOT NULL,
  `slug` varchar(191) NOT NULL,
  `image` varchar(255) NOT NULL,
  `user_id` bigint(20) UNSIGNED NOT NULL,
  `category_event_id` bigint(20) UNSIGNED NOT NULL,
  `date_start` date NOT NULL,
  `date_end` date NOT NULL,
  `time_start` time NOT NULL,
  `time_end` time NOT NULL,
  `location` enum('offline','online') NOT NULL,
  `place_name` varchar(255) NOT NULL,
  `address` text NOT NULL,
  `url_streaming` varchar(255) DEFAULT NULL,
  `description` text NOT NULL,
  `created_at` timestamp NULL DEFAULT NULL,
  `updated_at` timestamp NULL DEFAULT NULL,
  `use_no_ktp` tinyint(1) NOT NULL DEFAULT 1,
  `use_birth_date` tinyint(1) NOT NULL DEFAULT 1,
  `use_gender` tinyint(1) NOT NULL DEFAULT 1,
  `use_company_name` tinyint(1) NOT NULL DEFAULT 1,
  `use_phone_number` tinyint(1) NOT NULL DEFAULT 1,
  `use_document` tinyint(1) NOT NULL DEFAULT 1,
  `use_business_matching` tinyint(1) NOT NULL DEFAULT 1,
  `province` bigint(20) NOT NULL,
  `payment_type` enum('transfer_online','transfer_manual') NOT NULL,
  `account_name` varchar(255) DEFAULT NULL,
  `account_no` varchar(255) DEFAULT NULL,
  `bank_name` varchar(255) DEFAULT NULL,
  `use_auth` tinyint(1) NOT NULL DEFAULT 1
) ENGINE=InnoDB DEFAULT CHARSET=utf8mb4 COLLATE=utf8mb4_general_ci;

--
-- Dumping data for table `events_old`
--

INSERT INTO `events_old` (`id`, `name`, `slug`, `image`, `user_id`, `category_event_id`, `date_start`, `date_end`, `time_start`, `time_end`, `location`, `place_name`, `address`, `url_streaming`, `description`, `created_at`, `updated_at`, `use_no_ktp`, `use_birth_date`, `use_gender`, `use_company_name`, `use_phone_number`, `use_document`, `use_business_matching`, `province`, `payment_type`, `account_name`, `account_no`, `bank_name`, `use_auth`) VALUES
(1, 'Genpro Presidential Summit (GPS) 2023', 'genpro-presidential-summit-gps-2023', 'event/01HFMYFME40YVV7JZ35JJ9FHJ3.png', 1, 1, '2023-12-22', '2023-12-25', '08:00:00', '21:00:00', 'offline', 'Jakarta Convention Center', 'Jl. Gatot Subroto No.1, RT.1/RW.3, Gelora, Kecamatan Tanah Abang, Kota Jakarta Pusat, Daerah Khusus Ibukota Jakarta 10270', NULL, '<p>Untukmu Sobat Pejuang 🙌🏻<br><br>Mengundang member Genpro untuk bergabung dalam Genpro Presidential Summit (GPS) 2023 🔐<br><br>Genpro Presidential Summit (GPS) 2023 adalah ajang pertemuan silaturrahim nasional Genpro dengan Konten acara Rapat Nasional, Seminar/Pelatihan, Expo, dan Business Matching* yang mengusung tema Kolaborasi Memberdayakan Pengusah Muda<br><br>💦Acara GPS tahun ini berkolaborasi dengan salah satu event besar yaitu Expo Jakarta Halal Festival (JHF).&nbsp;<br><br>✨Kita akan bertemu, menghimpun semangat juang dalam wadah perjuangan Genpro sebagai upaya menjalankan visi misi Genpro lebih besar.</p>', '2023-11-07 00:42:52', '2023-11-23 20:07:09', 0, 0, 0, 1, 1, 0, 1, 31, 'transfer_online', NULL, NULL, NULL, 1),
(3, 'WEBINAR GENPRO', 'webinar-genpro', 'event/01HME94ZXSHQH1NX2HG9J7HJBM.jpg', 1, 1, '2024-01-17', '2024-01-18', '16:00:00', '17:30:00', 'online', 'Zoom', '0', 'https://us02web.zoom.us/j/82326158825?pwd=clp0WWVnbmJHUFRRODd3SGMvODVkZz09', '<p>🎯 *<strong>BESOK BANGET</strong>*</p><p><br></p><p>Dalam artikel disebutkan Optimalisasi kerja suatu organisasi adalah _<em>peningkatan/pengoptimalan proses dalam mencapai tujuan dengan pemanfaatan Sumber Daya Manusia yang ada.</em>_&nbsp;</p><p>Nah hal ini juga perlu dalam perusahaan atau bisnis.&nbsp;</p><p>Tentu bisnis kita memiliki target, tujuan kedepan ! Untuk itu, kita sebagai bisnis owner musti tau peran kita tentang optimalisasi kinerja bisnis/ perusahaan kita. ✨😍</p><p><br></p><p>*<strong>WEBINAR GENPRO</strong>*</p><p>_<em>Optimalisasi Pengelolaan Kinerja Perusahaan</em>_&nbsp;</p><p><br></p><p>🌏 Webinar ini akan membagikan bagaimana optimalisasi kinerja perusahaan dari sudut pandang human resources loh, sungguh menarik bukan ✨</p><p><br></p><p><br></p><p>🎯 Catat Tanggalnya yaa&nbsp;</p><p>• Jumat, 19 Januari 2024&nbsp;</p><p>• ⁠16.00 WIB - Selesai&nbsp;</p><p>• ⁠Zoom : https://us02web.zoom.us/j/82326158825?pwd=clp0WWVnbmJHUFRRODd3SGMvODVkZz09</p><p>• ⁠Meeting ID: 823 2615 8825</p><p>Passcode: SMEOKE</p><p><br></p><p>👤 *<strong>Dendy Novryana Prawira, SKM, MM, CT, CHRP, CPGR, CHRM.</strong>*</p><p>( HR BPP Genpro )</p><p><br></p><p><br></p><p>Link pendaftaran :&nbsp;</p><p>bit.ly/WEBINARGENPRO2023</p><p>atau&nbsp;</p><p>Sahabatgenpro.com&nbsp;</p><p><br></p><p>-- - - - - - - - - - - - - - - - - - - - - -</p>', '2024-01-18 05:36:19', '2024-12-01 06:07:59', 0, 0, 0, 1, 1, 0, 1, 0, 'transfer_manual', 'PT. PLATINUM PERADABAN MULIA', '124.00.1015448.3', 'MANDIRI', 1),
(4, 'WORKSHOP BUILDING HUMAN RESOURCE SYSTEM', 'workshop-building-human-resource-system', 'event/01HQVHS44X10X3HXNJYCVVQGSP.jpg', 1, 2, '2024-05-21', '2024-08-22', '08:00:00', '17:00:00', 'offline', 'Aula Ukhuwwah RS Al Irsyad Gedung 1 Lantai 4 ', 'Jalan KH Mas Mansyur No.210-214 dan 191, Nyamplungan, Kec. Pabean Cantikan, Surabaya, Jawa Timur 60162', NULL, '<p>BERSAMA COACH JAYA&nbsp;<br>Workshop Series 1 Tiket untuk 5 orang (1 Perusahaan)<br>Chapter 1 | 21 - 23 Mei 2024&nbsp;<br>Chapter 2 | 23 - 25 Jui 2024&nbsp;<br>Chapter 3 | 25 - 27 Juni 2024&nbsp;<br>Chapter 4 | 20 - 22 Agustus 2024<br><br>Tempat : Aula Ukhuwwah RS Al Irsyad Gedung 1 Lantai 4&nbsp;<br><br>Setelah mengikuti program ini PESERTA AKAN MAMPU :&nbsp;<br>1. Merancang Sistem Human Resource dalam mewujudkan Visi &amp; Misi Perusahaan&nbsp;<br>2. Membangun militansi dan loyalitas karyawan terhadap nilai - nilai yang ditetapkan perusahaan&nbsp;<br>3. Memahami dan menjalankan Sistem pengembangan SDM yang efektif&nbsp;<br>4. Memiliki seorang assesor DISC dan memiliki sistem rekrutmen yang efektif&nbsp;<br>5. Menjadi sebuah Holding Company&nbsp;<br><br>Informasi kegiatan :&nbsp;<br>0853-2762-0058 (Sensi)<br>0813-1989-0217 (Sriyanto)<br><br>Support by&nbsp;<br>GENPRO&nbsp;<br>CREATIVENESIA&nbsp;<br>Lantabur<br>TMIM</p>', '2024-02-29 16:04:20', '2024-03-17 16:14:34', 0, 0, 0, 1, 1, 0, 0, 35, 'transfer_manual', 'PLATINUM PERADABAN MULIA', '1240010333483', 'MANDIRI', 1),
(5, 'CERDAS MENGELOLA KEUANGAN DI ERA DIGITAL BERSAMA MILENIAL', 'cerdas-mengelola-keuangan-di-era-digital-bersama-milenial', 'event/01J7G240C2GVB711JKVH1V02QR.jpg', 1, 1, '2024-09-12', '2024-09-12', '16:00:00', '17:30:00', 'online', 'Zoom', 'https://us02web.zoom.us/j/82326158825?pwd=clp0WWVnbmJHUFRRODd3SGMvODVkZz09', 'https://us02web.zoom.us/j/82326158825?pwd=clp0WWVnbmJHUFRRODd3SGMvODVkZz09', '<p>Cerdas mengelola keuangan adalah salah satu kemampuan penting yang harus di miliki oleh seorang pembisnis karena ini berhubungan dengan bagaimana arah bisnis kedepan. Mulai dari perencanaan finansial sampai pengelolaannya sangat penting untuk diperhatikan dan dipelajari bagaimana penerapannya.&nbsp;<br>Di Era perkembangan teknologi dan turunannya yang semakin pesat, kita juga perlu mengupgade ilmu terkait keuangan juga loh !&nbsp;<br>&nbsp;<br><br>- Kembali hadir Series Webinar Genpro&nbsp;<br>- ⁠Wadah belajar dengan expert&nbsp;<br>- ⁠Berjejaring&nbsp;<br><br>WEBINAR GENPRO<br>\"Cerdas Mengelola Keuangan di Era Digital Bersama Milenial\"<br><br>-&nbsp; &nbsp;Catat Tanggalnya yaa&nbsp;<br>&nbsp; &nbsp; &nbsp;Kamis, 12 September 2024&nbsp;<br>&nbsp; &nbsp; &nbsp;16.00 WIB - Selesai&nbsp;<br>&nbsp; &nbsp; &nbsp;https://us02web.zoom.us/j/82326158825?pwd=clp0WWVnbmJHUFRRODd3SGMvODVkZz09<br>&nbsp; &nbsp; &nbsp;Meeting ID: 823 2615 8825<br>&nbsp; &nbsp; &nbsp;Passcode: SMEOKE<br><br>🎥 Narasumber :&nbsp;<br>Galih Pandekar</p>', '2024-09-11 01:10:10', '2024-09-11 01:12:55', 0, 0, 0, 1, 1, 0, 0, 0, 'transfer_online', '-', '-', '-', 0),
(6, 'BISNIS MATCHING ASIA PASIFIK', 'bisnis-matching-asia-pasifik', 'event/01J8D5W78ZX5D63TS8DK88QTG0.jpg', 1, 4, '2024-10-03', '2024-10-03', '12:00:00', '19:00:00', 'offline', 'HNI PLAZA', 'Pd. Klp., Kec. Duren Sawit, Kota Jakarta Timur, Daerah Khusus Ibukota Jakarta 13450', NULL, '<p>-</p>', '2024-09-18 21:32:34', '2024-09-22 08:37:34', 0, 0, 0, 1, 1, 0, 1, 31, 'transfer_online', NULL, NULL, NULL, 1),
(8, 'WEBINAR SUCCESSTORY GENPRO', 'webinar-successtory-genpro', 'event/01J8KNNHS25JV4GSM2JFSG5RMN.jpg', 2, 1, '2024-09-24', '2024-09-26', '16:00:00', '17:30:00', 'online', 'ZOOM', 'JAKARTA', 'https://us02web.zoom.us/j/82326158825?pwd=clp0WWVnbmJHUFRRODd3SGMvODVkZz09', '<p>🔗 Strategi dalam membangun bisnis adalah salah satu langkah menentukan arah kesuksesan&nbsp; bisnis kita. Pandemi covid telah berakhir, tentu menjadi catatan liku perjalanan bisnis saat menghadapi badai.&nbsp;<br><br>&nbsp;<br>- Kembali hadir Series Webinar Genpro&nbsp;<br>- ⁠Wadah belajar dengan expert&nbsp;<br>- ⁠Berjejaring&nbsp;<br><br>WEBINAR SUCCESSTORY GENPRO<br>B A N G K I T&nbsp; PASCA&nbsp; C O V I D<br><br>🎯 Catat Tanggalnya yaa&nbsp;<br>📅 Kamis, 26 September 2024&nbsp;<br>🕓16.00 WIB - Selesai&nbsp;<br>📱 Zoom<br><br><br>🎥 Narasumber :&nbsp;<br>Iwan Susanti<br>Direktur Marketing PT SLC, Hydro Group, AVP Genpro Banten</p>', '2024-09-24 21:05:13', '2024-09-24 21:09:40', 0, 0, 0, 1, 1, 0, 0, 0, 'transfer_online', NULL, NULL, NULL, 1),
(9, 'GENPRO PRESIDENTIAL SUMMIT 2024', 'genpro-presidential-summit-2024', 'event/01JE39CED70W3C8PSC6NBZMPDC.jpeg', 1, 1, '2024-12-12', '2024-12-13', '13:00:00', '17:00:00', 'offline', 'HNI PLAZA', '-', NULL, '<p>SELURUH MEMBER GENPRO DI INDONESIA</p>', '2024-11-11 02:51:49', '2024-12-02 01:56:52', 0, 0, 1, 1, 1, 0, 1, 31, 'transfer_manual', ' PT. PLATINUM PERADABAN MULIA', '124.00.1015448.3', 'BANK MANDIRI* (008)', 1),
(10, 'KONSER KEMANUSIAAN PALESTINA', 'konser-kemanusiaan-palestina', 'event/01JE14Y8QP16SG9RDJSCYWVBMP.jpeg', 1, 5, '2024-12-13', '2024-12-13', '08:00:00', '17:00:00', 'offline', 'HNI PLAZA', 'Jl. Raya Kalimalang, RT.3/RW.10, Pd. Klp., Kec. Duren Sawit, Kota Jakarta Timur, Daerah Khusus Ibukota Jakarta 13450', NULL, '<p>Acara ini bertujuan untuk menggalang dana demi membantu saudara-saudara kita di Palestina yang tengah menghadapi tantangan besar. Dengan melibatkan Izzatul Islam, kami berharap dapat memberikan kontribusi nyata melalui donasi dan dukungan moral untuk perjuangan mereka.</p><p>Mari bersama-sama kita hadir, berdonasi, dan berbagi kasih untuk meringankan beban mereka. Setiap kontribusi Anda akan sangat berarti dalam memberikan harapan bagi masa depan yang lebih baik.</p>', '2024-12-01 06:00:44', '2024-12-01 06:00:44', 0, 0, 0, 0, 1, 0, 0, 31, 'transfer_online', NULL, NULL, NULL, 0);

-- --------------------------------------------------------

--
-- Table structure for table `event_payment_configs`
--

CREATE TABLE `event_payment_configs` (
  `id` bigint(20) UNSIGNED NOT NULL,
  `event_id` bigint(20) UNSIGNED NOT NULL,
  `account_number` varchar(255) NOT NULL,
  `account_name` varchar(255) NOT NULL,
  `bank_name` varchar(255) NOT NULL,
  `created_at` timestamp NULL DEFAULT NULL,
  `updated_at` timestamp NULL DEFAULT NULL
) ENGINE=InnoDB DEFAULT CHARSET=utf8mb4 COLLATE=utf8mb4_unicode_ci;

--
-- Dumping data for table `event_payment_configs`
--

INSERT INTO `event_payment_configs` (`id`, `event_id`, `account_number`, `account_name`, `bank_name`, `created_at`, `updated_at`) VALUES
(1, 3, '124.00.1015448.3', 'PT. PLATINUM PERADABAN MULIA', 'MANDIRI', '2024-12-08 19:48:52', '2024-12-08 19:48:52'),
(2, 4, '1240010333483', 'PLATINUM PERADABAN MULIA', 'MANDIRI', '2024-12-08 19:48:52', '2024-12-08 19:48:52'),
(3, 5, '-', '-', '-', '2024-12-08 19:48:52', '2024-12-08 19:48:52'),
(4, 9, '124.00.1015448.3', ' PT. PLATINUM PERADABAN MULIA', 'BANK MANDIRI* (008)', '2024-12-08 19:48:52', '2024-12-08 19:48:52');

-- --------------------------------------------------------

--
-- Table structure for table `failed_jobs`
--

CREATE TABLE `failed_jobs` (
  `id` bigint(20) UNSIGNED NOT NULL,
  `uuid` varchar(255) NOT NULL,
  `connection` text NOT NULL,
  `queue` text NOT NULL,
  `payload` longtext NOT NULL,
  `exception` longtext NOT NULL,
  `failed_at` timestamp NOT NULL DEFAULT current_timestamp()
) ENGINE=InnoDB DEFAULT CHARSET=utf8mb4 COLLATE=utf8mb4_general_ci;

-- --------------------------------------------------------

--
-- Table structure for table `jobs`
--

CREATE TABLE `jobs` (
  `id` bigint(20) UNSIGNED NOT NULL,
  `queue` varchar(255) NOT NULL,
  `payload` longtext NOT NULL,
  `attempts` tinyint(3) UNSIGNED NOT NULL,
  `reserved_at` int(10) UNSIGNED DEFAULT NULL,
  `available_at` int(10) UNSIGNED NOT NULL,
  `created_at` int(10) UNSIGNED NOT NULL
) ENGINE=InnoDB DEFAULT CHARSET=utf8mb4 COLLATE=utf8mb4_unicode_ci;

-- --------------------------------------------------------

--
-- Table structure for table `job_batches`
--

CREATE TABLE `job_batches` (
  `id` varchar(255) NOT NULL,
  `name` varchar(255) NOT NULL,
  `total_jobs` int(11) NOT NULL,
  `pending_jobs` int(11) NOT NULL,
  `failed_jobs` int(11) NOT NULL,
  `failed_job_ids` longtext NOT NULL,
  `options` mediumtext DEFAULT NULL,
  `cancelled_at` int(11) DEFAULT NULL,
  `created_at` int(11) NOT NULL,
  `finished_at` int(11) DEFAULT NULL
) ENGINE=InnoDB DEFAULT CHARSET=utf8mb4 COLLATE=utf8mb4_unicode_ci;

-- --------------------------------------------------------

--
-- Table structure for table `lessons`
--

CREATE TABLE `lessons` (
  `id` bigint(20) UNSIGNED NOT NULL,
  `type` enum('video','text','file') NOT NULL,
  `title` varchar(255) NOT NULL,
  `content` text DEFAULT NULL,
  `is_free` tinyint(1) NOT NULL DEFAULT 0,
  `video_path` varchar(255) DEFAULT NULL,
  `file_path` varchar(255) DEFAULT NULL,
  `course_id` bigint(20) UNSIGNED NOT NULL,
  `set_id` bigint(20) UNSIGNED NOT NULL,
  `created_at` timestamp NULL DEFAULT NULL,
  `updated_at` timestamp NULL DEFAULT NULL,
  `task` varchar(255) DEFAULT NULL,
  `has_attendance` tinyint(1) NOT NULL DEFAULT 0
) ENGINE=MyISAM DEFAULT CHARSET=utf8mb4 COLLATE=utf8mb4_unicode_ci;

--
-- Dumping data for table `lessons`
--

INSERT INTO `lessons` (`id`, `type`, `title`, `content`, `is_free`, `video_path`, `file_path`, `course_id`, `set_id`, `created_at`, `updated_at`, `task`, `has_attendance`) VALUES
(1, 'video', 'MENGENAL POLA KERJASAMA', NULL, 1, 'https://www.youtube.com/watch?v=s2wGEQikgU0', NULL, 1, 1, '2024-10-13 19:31:28', '2024-10-16 20:44:29', NULL, 0);

-- --------------------------------------------------------

--
-- Table structure for table `lesson_attendances`
--

CREATE TABLE `lesson_attendances` (
  `id` bigint(20) UNSIGNED NOT NULL,
  `lesson_id` bigint(20) UNSIGNED NOT NULL,
  `member_id` bigint(20) UNSIGNED NOT NULL,
  `created_at` timestamp NULL DEFAULT NULL,
  `updated_at` timestamp NULL DEFAULT NULL
) ENGINE=MyISAM DEFAULT CHARSET=utf8mb4 COLLATE=utf8mb4_unicode_ci;

-- --------------------------------------------------------

--
-- Table structure for table `member_private_courses`
--

CREATE TABLE `member_private_courses` (
  `id` bigint(20) UNSIGNED NOT NULL,
  `report` varchar(255) NOT NULL,
  `total_omset` varchar(255) NOT NULL,
  `genpro_position` varchar(255) NOT NULL,
  `course_id` bigint(20) UNSIGNED NOT NULL,
  `member_id` bigint(20) UNSIGNED NOT NULL,
  `created_at` timestamp NULL DEFAULT NULL,
  `updated_at` timestamp NULL DEFAULT NULL
) ENGINE=MyISAM DEFAULT CHARSET=utf8mb4 COLLATE=utf8mb4_unicode_ci;

--
-- Dumping data for table `member_private_courses`
--

INSERT INTO `member_private_courses` (`id`, `report`, `total_omset`, `genpro_position`, `course_id`, `member_id`, `created_at`, `updated_at`) VALUES
(1, 'reports/7pyODQgZ2foIqq1D8dJIHduBuTjciPCc0FGe62Xl.pdf', '123123123', 'Tes', 3, 3281, '2024-11-04 21:46:40', '2024-11-04 21:46:40');

-- --------------------------------------------------------

--
-- Table structure for table `migrations`
--

CREATE TABLE `migrations` (
  `id` int(10) UNSIGNED NOT NULL,
  `migration` varchar(255) NOT NULL,
  `batch` int(11) NOT NULL
) ENGINE=InnoDB DEFAULT CHARSET=utf8mb4 COLLATE=utf8mb4_general_ci;

--
-- Dumping data for table `migrations`
--

INSERT INTO `migrations` (`id`, `migration`, `batch`) VALUES
(16, '2023_11_02_103632_create_members_table', 1),
(32, '2014_10_12_000000_create_users_table', 2),
(33, '2014_10_12_100000_create_password_reset_tokens_table', 2),
(34, '2016_06_01_000001_create_oauth_auth_codes_table', 2),
(35, '2016_06_01_000002_create_oauth_access_tokens_table', 2),
(36, '2016_06_01_000003_create_oauth_refresh_tokens_table', 2),
(37, '2016_06_01_000004_create_oauth_clients_table', 2),
(38, '2016_06_01_000005_create_oauth_personal_access_clients_table', 2),
(39, '2019_08_19_000000_create_failed_jobs_table', 2),
(40, '2019_12_14_000001_create_personal_access_tokens_table', 2),
(41, '2023_11_01_052401_create_kategori_event_table', 2),
(42, '2023_11_01_053618_create_events_table', 2),
(43, '2023_11_02_045417_create_tiket_table', 2),
(44, '2023_11_06_051816_add_usaha_to_member_table', 3),
(61, '2024_12_03_105619_create_provinces_table', 4),
(62, '2024_12_06_105221_create_members_table', 4),
(63, '2024_12_06_111345_create_businesses_table', 4),
(64, '2024_12_06_111745_create_social_media_table', 4),
(65, '2024_12_06_112050_create_addresses_table', 4),
(66, '2024_12_06_112441_create_social_accounts_table', 4),
(67, '2024_12_06_112922_create_subscriptions_table', 4),
(68, '2024_12_06_132019_create_events_table', 4),
(69, '2024_12_06_133809_create_event_payment_configs_table', 4),
(70, '2024_12_06_140003_create_tickets_table', 4),
(71, '2024_12_06_141427_create_transactions_table', 4),
(72, '2024_12_06_141944_create_payments_table', 4),
(73, '2024_12_06_142010_create_transaction_guests_table', 4),
(74, '2024_12_06_143434_create_transactions_tickets_table', 4);

-- --------------------------------------------------------

--
-- Table structure for table `payments`
--

CREATE TABLE `payments` (
  `id` bigint(20) UNSIGNED NOT NULL,
  `transaction_id` bigint(20) UNSIGNED NOT NULL,
  `payment_method` varchar(255) DEFAULT NULL,
  `status` varchar(255) NOT NULL,
  `bank_name` varchar(255) DEFAULT NULL,
  `card_type` varchar(255) DEFAULT NULL,
  `paid_at` datetime NOT NULL,
  `created_at` timestamp NULL DEFAULT NULL,
  `updated_at` timestamp NULL DEFAULT NULL
) ENGINE=InnoDB DEFAULT CHARSET=utf8mb4 COLLATE=utf8mb4_unicode_ci;

--
-- Dumping data for table `payments`
--

INSERT INTO `payments` (`id`, `transaction_id`, `payment_method`, `status`, `bank_name`, `card_type`, `paid_at`, `created_at`, `updated_at`) VALUES
(1, 1, 'bank_transfer', 'settlement', 'bni', NULL, '2023-12-13 11:14:33', '2024-12-08 19:48:52', '2024-12-08 19:48:52');

-- --------------------------------------------------------

--
-- Table structure for table `premium_settings`
--

CREATE TABLE `premium_settings` (
  `id` bigint(20) UNSIGNED NOT NULL,
  `price` bigint(20) NOT NULL DEFAULT 0,
  `created_at` timestamp NULL DEFAULT NULL,
  `updated_at` timestamp NULL DEFAULT NULL,
  `business_scale_id` bigint(20) UNSIGNED NOT NULL
) ENGINE=MyISAM DEFAULT CHARSET=utf8mb4 COLLATE=utf8mb4_unicode_ci;

--
-- Dumping data for table `premium_settings`
--

INSERT INTO `premium_settings` (`id`, `price`, `created_at`, `updated_at`, `business_scale_id`) VALUES
(1, 500000, '2024-10-06 19:29:37', '2024-10-13 17:04:36', 0),
(2, 2000000, '2024-10-13 17:04:19', '2024-10-13 17:04:19', 0);

-- --------------------------------------------------------

--
-- Table structure for table `provinces`
--

CREATE TABLE `provinces` (
  `id` bigint(20) UNSIGNED NOT NULL,
  `name` varchar(255) NOT NULL,
  `created_at` timestamp NULL DEFAULT NULL,
  `updated_at` timestamp NULL DEFAULT NULL
) ENGINE=InnoDB DEFAULT CHARSET=utf8mb4 COLLATE=utf8mb4_unicode_ci;

--
-- Dumping data for table `provinces`
--

INSERT INTO `provinces` (`id`, `name`, `created_at`, `updated_at`) VALUES
(11, 'ACEH', '2024-12-08 19:48:45', '2024-12-08 19:48:45'),
(12, 'SUMATERA UTARA', '2024-12-08 19:48:45', '2024-12-08 19:48:45'),
(13, 'SUMATERA BARAT', '2024-12-08 19:48:45', '2024-12-08 19:48:45'),
(14, 'RIAU', '2024-12-08 19:48:45', '2024-12-08 19:48:45'),
(15, 'JAMBI', '2024-12-08 19:48:45', '2024-12-08 19:48:45'),
(16, 'SUMATERA SELATAN', '2024-12-08 19:48:45', '2024-12-08 19:48:45'),
(17, 'BENGKULU', '2024-12-08 19:48:45', '2024-12-08 19:48:45'),
(18, 'LAMPUNG', '2024-12-08 19:48:45', '2024-12-08 19:48:45'),
(19, 'KEPULAUAN BANGKA BELITUNG', '2024-12-08 19:48:45', '2024-12-08 19:48:45'),
(21, 'KEPULAUAN RIAU', '2024-12-08 19:48:45', '2024-12-08 19:48:45'),
(31, 'DKI JAKARTA', '2024-12-08 19:48:45', '2024-12-08 19:48:45'),
(32, 'JAWA BARAT', '2024-12-08 19:48:45', '2024-12-08 19:48:45'),
(33, 'JAWA TENGAH', '2024-12-08 19:48:45', '2024-12-08 19:48:45'),
(34, 'DI YOGYAKARTA', '2024-12-08 19:48:45', '2024-12-08 19:48:45'),
(35, 'JAWA TIMUR', '2024-12-08 19:48:45', '2024-12-08 19:48:45'),
(36, 'BANTEN', '2024-12-08 19:48:45', '2024-12-08 19:48:45'),
(51, 'BALI', '2024-12-08 19:48:45', '2024-12-08 19:48:45'),
(52, 'NUSA TENGGARA BARAT', '2024-12-08 19:48:45', '2024-12-08 19:48:45'),
(53, 'NUSA TENGGARA TIMUR', '2024-12-08 19:48:45', '2024-12-08 19:48:45'),
(61, 'KALIMANTAN BARAT', '2024-12-08 19:48:45', '2024-12-08 19:48:45'),
(62, 'KALIMANTAN TENGAH', '2024-12-08 19:48:45', '2024-12-08 19:48:45'),
(63, 'KALIMANTAN SELATAN', '2024-12-08 19:48:45', '2024-12-08 19:48:45'),
(64, 'KALIMANTAN TIMUR', '2024-12-08 19:48:45', '2024-12-08 19:48:45'),
(65, 'KALIMANTAN UTARA', '2024-12-08 19:48:45', '2024-12-08 19:48:45'),
(71, 'SULAWESI UTARA', '2024-12-08 19:48:45', '2024-12-08 19:48:45'),
(72, 'SULAWESI TENGAH', '2024-12-08 19:48:45', '2024-12-08 19:48:45'),
(73, 'SULAWESI SELATAN', '2024-12-08 19:48:45', '2024-12-08 19:48:45'),
(74, 'SULAWESI TENGGARA', '2024-12-08 19:48:45', '2024-12-08 19:48:45'),
(75, 'GORONTALO', '2024-12-08 19:48:45', '2024-12-08 19:48:45'),
(76, 'SULAWESI BARAT', '2024-12-08 19:48:45', '2024-12-08 19:48:45'),
(81, 'MALUKU', '2024-12-08 19:48:45', '2024-12-08 19:48:45'),
(82, 'MALUKU UTARA', '2024-12-08 19:48:45', '2024-12-08 19:48:45'),
(91, 'PAPUA BARAT', '2024-12-08 19:48:45', '2024-12-08 19:48:45'),
(94, 'PAPUA', '2024-12-08 19:48:45', '2024-12-08 19:48:45');

-- --------------------------------------------------------

--
-- Table structure for table `sessions`
--

CREATE TABLE `sessions` (
  `id` varchar(255) NOT NULL,
  `user_id` bigint(20) UNSIGNED DEFAULT NULL,
  `ip_address` varchar(45) DEFAULT NULL,
  `user_agent` text DEFAULT NULL,
  `payload` longtext NOT NULL,
  `last_activity` int(11) NOT NULL
) ENGINE=InnoDB DEFAULT CHARSET=utf8mb4 COLLATE=utf8mb4_unicode_ci;

--
-- Dumping data for table `sessions`
--

INSERT INTO `sessions` (`id`, `user_id`, `ip_address`, `user_agent`, `payload`, `last_activity`) VALUES
('kTmpmBJveNFeXFyYqVusVDxzlRoVoxxfuRoN79Li', 3377, '127.0.0.1', 'Mozilla/5.0 (X11; Linux x86_64; rv:133.0) Gecko/20100101 Firefox/133.0', '[BLOB]', 1733830567),
('PF6I7o8Aii7hfjxjMjrRhrbcHVKOYrFOFmzfOr2R', 3377, '127.0.0.1', 'Mozilla/5.0 (X11; Linux x86_64; rv:128.0) Gecko/20100101 Firefox/128.0', '[BLOB]', 1733884077);

-- --------------------------------------------------------

--
-- Table structure for table `sets`
--

CREATE TABLE `sets` (
  `id` bigint(20) UNSIGNED NOT NULL,
  `name` varchar(255) NOT NULL,
  `course_id` bigint(20) UNSIGNED NOT NULL,
  `created_at` timestamp NULL DEFAULT NULL,
  `updated_at` timestamp NULL DEFAULT NULL
) ENGINE=MyISAM DEFAULT CHARSET=utf8mb4 COLLATE=utf8mb4_unicode_ci;

--
-- Dumping data for table `sets`
--

INSERT INTO `sets` (`id`, `name`, `course_id`, `created_at`, `updated_at`) VALUES
(1, 'PEMAHAMAN DASAR', 1, '2024-10-13 19:31:17', '2024-10-16 20:43:49'),
(2, 'KOLABORASI UMKM ', 1, '2024-10-18 23:13:48', '2024-10-18 23:13:48');

-- --------------------------------------------------------

--
-- Table structure for table `sliders`
--

CREATE TABLE `sliders` (
  `id` bigint(20) UNSIGNED NOT NULL,
  `image` varchar(255) NOT NULL,
  `created_at` timestamp NULL DEFAULT NULL,
  `updated_at` timestamp NULL DEFAULT NULL
) ENGINE=MyISAM DEFAULT CHARSET=utf8mb4 COLLATE=utf8mb4_general_ci;

--
-- Dumping data for table `sliders`
--

INSERT INTO `sliders` (`id`, `image`, `created_at`, `updated_at`) VALUES
(5, '01J8HMP6AMK4BM9RZC58TCDQZN.jpg', '2024-09-22 08:28:21', '2024-09-24 02:09:37'),
(6, '01J8D5R0NEZAW9HHGHYC5ZK51R.jpg', '2024-09-22 08:31:30', '2024-09-22 08:31:30'),
(7, '01J8H68WWKZEN2GYRFN7MWFPP5.jpg', '2024-09-23 21:57:41', '2024-09-23 21:57:41'),
(8, '01J8H6A98DHN59E80WDD194F9K.jpg', '2024-09-23 21:58:09', '2024-09-23 21:58:26');

-- --------------------------------------------------------

--
-- Table structure for table `social_accounts`
--

CREATE TABLE `social_accounts` (
  `id` bigint(20) UNSIGNED NOT NULL,
  `provider_id` varchar(255) NOT NULL,
  `provider_name` varchar(255) NOT NULL,
  `member_id` bigint(20) UNSIGNED NOT NULL,
  `created_at` timestamp NULL DEFAULT NULL,
  `updated_at` timestamp NULL DEFAULT NULL
) ENGINE=InnoDB DEFAULT CHARSET=utf8mb4 COLLATE=utf8mb4_unicode_ci;

-- --------------------------------------------------------

--
-- Table structure for table `social_media`
--

CREATE TABLE `social_media` (
  `id` bigint(20) UNSIGNED NOT NULL,
  `member_id` bigint(20) UNSIGNED NOT NULL,
  `platform` enum('Facebook','Instagram','Youtube','Twitter','Other') NOT NULL,
  `url` varchar(255) NOT NULL,
  `created_at` timestamp NULL DEFAULT NULL,
  `updated_at` timestamp NULL DEFAULT NULL
) ENGINE=InnoDB DEFAULT CHARSET=utf8mb4 COLLATE=utf8mb4_unicode_ci;

--
-- Dumping data for table `social_media`
--

INSERT INTO `social_media` (`id`, `member_id`, `platform`, `url`, `created_at`, `updated_at`) VALUES
(1, 3372, 'Youtube', 'www.gurihkuchicken.', '2024-12-08 19:48:52', '2024-12-08 19:48:52'),
(2, 3352, 'Youtube', 'IUKLIN Official', '2024-12-08 19:48:52', '2024-12-08 19:48:52'),
(3, 3331, 'Facebook', 'https://www.facebook.com/siti.nuraini.77770?mibextid=ZbWKwL', '2024-12-08 19:48:52', '2024-12-08 19:48:52'),
(4, 3323, 'Instagram', 'etcsultan', '2024-12-08 19:48:52', '2024-12-08 19:48:52'),
(5, 3323, 'Facebook', 'Etcsultan', '2024-12-08 19:48:52', '2024-12-08 19:48:52'),
(6, 3320, 'Instagram', 'https://www.instagram.com/klinikgiginatura/', '2024-12-08 19:48:52', '2024-12-08 19:48:52'),
(7, 3320, 'Youtube', 'https://www.youtube.com/@naturadentalcenter', '2024-12-08 19:48:52', '2024-12-08 19:48:52'),
(8, 3314, 'Instagram', 'null', '2024-12-08 19:48:52', '2024-12-08 19:48:52'),
(9, 3314, 'Facebook', 'null', '2024-12-08 19:48:52', '2024-12-08 19:48:52'),
(10, 3314, 'Twitter', 'null', '2024-12-08 19:48:52', '2024-12-08 19:48:52'),
(11, 3310, 'Instagram', 'Alfatih', '2024-12-08 19:48:52', '2024-12-08 19:48:52'),
(12, 3310, 'Facebook', 'Alfatih', '2024-12-08 19:48:52', '2024-12-08 19:48:52'),
(13, 3310, 'Twitter', 'null', '2024-12-08 19:48:52', '2024-12-08 19:48:52'),
(14, 3304, 'Instagram', 'https://salaamsupply.co.id/', '2024-12-08 19:48:52', '2024-12-08 19:48:52'),
(15, 3304, 'Facebook', 'https://salaamsupply.co.id/', '2024-12-08 19:48:52', '2024-12-08 19:48:52'),
(16, 3304, 'Twitter', 'https://salaamsupply.co.id/', '2024-12-08 19:48:52', '2024-12-08 19:48:52'),
(17, 3304, 'Youtube', 'https://salaamsupply.co.id/', '2024-12-08 19:48:52', '2024-12-08 19:48:52'),
(18, 3302, 'Instagram', 'null', '2024-12-08 19:48:52', '2024-12-08 19:48:52'),
(19, 3302, 'Facebook', 'null', '2024-12-08 19:48:52', '2024-12-08 19:48:52'),
(20, 3302, 'Twitter', 'null', '2024-12-08 19:48:52', '2024-12-08 19:48:52'),
(21, 3302, 'Youtube', 'https://youtu.be/nDgrGVD77uQ', '2024-12-08 19:48:52', '2024-12-08 19:48:52'),
(22, 3300, 'Instagram', 'dapurmama_eza', '2024-12-08 19:48:52', '2024-12-08 19:48:52'),
(23, 3300, 'Facebook', 'Rendang Taragak/Murzalina', '2024-12-08 19:48:52', '2024-12-08 19:48:52'),
(24, 3300, 'Twitter', 'Null', '2024-12-08 19:48:52', '2024-12-08 19:48:52'),
(25, 3295, 'Instagram', 'null', '2024-12-08 19:48:52', '2024-12-08 19:48:52'),
(26, 3295, 'Facebook', 'null', '2024-12-08 19:48:52', '2024-12-08 19:48:52'),
(27, 3295, 'Twitter', 'null', '2024-12-08 19:48:52', '2024-12-08 19:48:52'),
(28, 3293, 'Instagram', 'https://www.instagram.com/moistcare?igsh=MWE5eDMzMGpweTF6Ng==', '2024-12-08 19:48:52', '2024-12-08 19:48:52'),
(29, 3293, 'Facebook', 'https://www.facebook.com/moistcareclinic/', '2024-12-08 19:48:52', '2024-12-08 19:48:52'),
(30, 3293, 'Twitter', 'null', '2024-12-08 19:48:52', '2024-12-08 19:48:52'),
(31, 3293, 'Youtube', 'https://www.youtube.com/watch?v=9-P61v2ssP4', '2024-12-08 19:48:52', '2024-12-08 19:48:52'),
(32, 3292, 'Instagram', 'null', '2024-12-08 19:48:52', '2024-12-08 19:48:52'),
(33, 3292, 'Facebook', 'https://www.facebook.com/KrisnaDharmaKurnia', '2024-12-08 19:48:52', '2024-12-08 19:48:52'),
(34, 3292, 'Twitter', 'null', '2024-12-08 19:48:52', '2024-12-08 19:48:52'),
(35, 3290, 'Instagram', 'null', '2024-12-08 19:48:52', '2024-12-08 19:48:52'),
(36, 3290, 'Facebook', 'null', '2024-12-08 19:48:52', '2024-12-08 19:48:52'),
(37, 3290, 'Twitter', 'null', '2024-12-08 19:48:52', '2024-12-08 19:48:52'),
(38, 3288, 'Instagram', 'https://www.instagram.com/reel/C5XxJTWrRvd/', '2024-12-08 19:48:52', '2024-12-08 19:48:52'),
(39, 3288, 'Facebook', 'https://www.facebook.com/BumbuRasaKoe/', '2024-12-08 19:48:52', '2024-12-08 19:48:52'),
(40, 3288, 'Twitter', 'null', '2024-12-08 19:48:52', '2024-12-08 19:48:52'),
(41, 3288, 'Youtube', 'https://www.youtube.com/watch?v=ZLlMwM_TUYk', '2024-12-08 19:48:52', '2024-12-08 19:48:52'),
(42, 3286, 'Instagram', 'https://www.instagram.com/theumrahmy', '2024-12-08 19:48:52', '2024-12-08 19:48:52'),
(43, 3286, 'Facebook', 'https://www.facebook.com/share/zJWiCS14saPpMdcK/', '2024-12-08 19:48:52', '2024-12-08 19:48:52'),
(44, 3286, 'Twitter', 'null', '2024-12-08 19:48:52', '2024-12-08 19:48:52'),
(45, 3286, 'Youtube', 'https://youtube.com/@theumrah', '2024-12-08 19:48:52', '2024-12-08 19:48:52'),
(46, 3282, 'Youtube', 'https://m.youtube.com/watch?v=lMdzTnsUx9E', '2024-12-08 19:48:52', '2024-12-08 19:48:52'),
(47, 1239, 'Instagram', '@juwarakitchen', '2024-12-08 19:48:52', '2024-12-08 19:48:52'),
(48, 1239, 'Facebook', 'Yulia.Rahmadewi', '2024-12-08 19:48:52', '2024-12-08 19:48:52'),
(49, 1239, 'Youtube', 'https://youtu.be/oFge0g7T4t8?feature=shared', '2024-12-08 19:48:52', '2024-12-08 19:48:52');

-- --------------------------------------------------------

--
-- Table structure for table `subscriptions`
--

CREATE TABLE `subscriptions` (
  `id` bigint(20) UNSIGNED NOT NULL,
  `member_id` bigint(20) UNSIGNED NOT NULL,
  `subscription_start` datetime NOT NULL,
  `subscription_end` datetime NOT NULL,
  `created_at` timestamp NULL DEFAULT NULL,
  `updated_at` timestamp NULL DEFAULT NULL
) ENGINE=InnoDB DEFAULT CHARSET=utf8mb4 COLLATE=utf8mb4_unicode_ci;

-- --------------------------------------------------------

--
-- Table structure for table `subscription_premiums`
--

CREATE TABLE `subscription_premiums` (
  `id` bigint(20) UNSIGNED NOT NULL,
  `date_start` date NOT NULL,
  `date_end` date NOT NULL,
  `member_id` bigint(20) UNSIGNED NOT NULL,
  `created_at` timestamp NULL DEFAULT NULL,
  `updated_at` timestamp NULL DEFAULT NULL
) ENGINE=MyISAM DEFAULT CHARSET=utf8mb4 COLLATE=utf8mb4_unicode_ci;

-- --------------------------------------------------------

--
-- Table structure for table `tbl_daftar_hitam`
--

CREATE TABLE `tbl_daftar_hitam` (
  `id` bigint(20) UNSIGNED NOT NULL,
  `member_userid` bigint(20) UNSIGNED NOT NULL,
  `problem` varchar(255) NOT NULL,
  `keterangan` text NOT NULL,
  `file` varchar(255) DEFAULT NULL,
  `status` enum('terima','pending','ditolak') NOT NULL DEFAULT 'pending',
  `created_at` timestamp NULL DEFAULT NULL,
  `updated_at` timestamp NULL DEFAULT NULL
) ENGINE=MyISAM DEFAULT CHARSET=utf8mb4 COLLATE=utf8mb4_general_ci;

--
-- Dumping data for table `tbl_daftar_hitam`
--

INSERT INTO `tbl_daftar_hitam` (`id`, `member_userid`, `problem`, `keterangan`, `file`, `status`, `created_at`, `updated_at`) VALUES
(1, 3067, 'Tidak jujur', 'Kasus kemarin ada yg belum di selesaikan', NULL, 'pending', '2023-11-25 23:59:18', '2023-11-25 23:59:18');

-- --------------------------------------------------------

--
-- Table structure for table `tbl_komen_artikel`
--

CREATE TABLE `tbl_komen_artikel` (
  `id` bigint(20) UNSIGNED NOT NULL,
  `member_userid` bigint(20) UNSIGNED NOT NULL,
  `artikel_id` bigint(20) UNSIGNED NOT NULL,
  `username` varchar(255) NOT NULL,
  `isi` varchar(255) NOT NULL,
  `created_at` timestamp NULL DEFAULT NULL,
  `updated_at` timestamp NULL DEFAULT NULL
) ENGINE=MyISAM DEFAULT CHARSET=utf8mb4 COLLATE=utf8mb4_general_ci;

--
-- Dumping data for table `tbl_komen_artikel`
--

INSERT INTO `tbl_komen_artikel` (`id`, `member_userid`, `artikel_id`, `username`, `isi`, `created_at`, `updated_at`) VALUES
(7, 3067, 64, 'Hermawan Tan', 'Lorem ipsum, dolor sit amet consectetur adipisicing elit. Magnam in, rerum illum doloremque praesentium est voluptates, similique nihil nemo obcaecati libero excepturi, totam incidunt quibusdam! Nobis quidem voluptates ut ad.', '2023-11-24 06:53:23', '2023-11-24 06:53:23'),
(8, 3067, 64, 'Hermawan Tan', 'lorem', '2023-11-24 06:56:54', '2023-11-24 06:56:54');

-- --------------------------------------------------------

--
-- Table structure for table `tickets`
--

CREATE TABLE `tickets` (
  `id` bigint(20) UNSIGNED NOT NULL,
  `event_id` bigint(20) UNSIGNED NOT NULL,
  `name` varchar(255) NOT NULL,
  `price` bigint(20) NOT NULL DEFAULT 0,
  `stock` int(11) NOT NULL,
  `price_type` enum('Free','Paid') NOT NULL,
  `max_purchase` int(11) NOT NULL,
  `people_per_ticket` int(11) NOT NULL,
  `created_at` timestamp NULL DEFAULT NULL,
  `updated_at` timestamp NULL DEFAULT NULL
) ENGINE=InnoDB DEFAULT CHARSET=utf8mb4 COLLATE=utf8mb4_unicode_ci;

--
-- Dumping data for table `tickets`
--

INSERT INTO `tickets` (`id`, `event_id`, `name`, `price`, `stock`, `price_type`, `max_purchase`, `people_per_ticket`, `created_at`, `updated_at`) VALUES
(1, 1, 'KHUSUS ANGGOTA', 950000, 186, 'Paid', 10, 1, '2024-12-08 19:48:52', '2024-12-08 19:48:52'),
(8, 3, 'WEBINAR GENPRO', 0, 99, 'Free', 2, 1, '2024-12-08 19:48:52', '2024-12-08 19:48:52'),
(9, 4, '1 TIKET UNTUK 5 ORANG', 40000000, 29, 'Paid', 2, 5, '2024-12-08 19:48:52', '2024-12-08 19:48:52'),
(10, 5, 'WEBINAR GENPRO', 0, 95, 'Free', 2, 1, '2024-12-08 19:48:52', '2024-12-08 19:48:52'),
(11, 6, 'Business Matching', 0, 16, 'Free', 1, 1, '2024-12-08 19:48:52', '2024-12-08 19:48:52'),
(13, 9, 'TIKET PRESIDENTIAL SUMMIT 2024', 750000, 135, 'Paid', 10, 1, '2024-12-08 19:48:52', '2024-12-08 19:48:52'),
(14, 10, 'UMUM', 0, 22, 'Free', 20, 1, '2024-12-08 19:48:52', '2024-12-08 19:48:52');

-- --------------------------------------------------------

--
-- Table structure for table `tickets_old`
--

CREATE TABLE `tickets_old` (
  `id` bigint(20) UNSIGNED NOT NULL,
  `name` varchar(255) NOT NULL,
  `stock` varchar(255) NOT NULL,
  `price` bigint(20) DEFAULT NULL,
  `description` text NOT NULL,
  `payment_type` enum('berbayar','gratis') NOT NULL,
  `event_id` bigint(20) UNSIGNED NOT NULL,
  `max_purchase` int(11) NOT NULL,
  `created_at` timestamp NULL DEFAULT NULL,
  `updated_at` timestamp NULL DEFAULT NULL,
  `amount_people` varchar(255) NOT NULL DEFAULT '1'
) ENGINE=InnoDB DEFAULT CHARSET=utf8mb4 COLLATE=utf8mb4_general_ci;

--
-- Dumping data for table `tickets_old`
--

INSERT INTO `tickets_old` (`id`, `name`, `stock`, `price`, `description`, `payment_type`, `event_id`, `max_purchase`, `created_at`, `updated_at`, `amount_people`) VALUES
(1, 'KHUSUS ANGGOTA', '186', 950000, '<p>-</p>', 'berbayar', 1, 10, '2023-11-07 00:43:53', '2024-09-20 01:07:04', '1'),
(3, 'GRATIS', '987', NULL, '<p>-</p>', 'gratis', 2, 1, '2023-11-13 17:06:26', '2023-11-27 00:48:50', '1'),
(7, 'tiket testing', '8', NULL, '<p>qwe</p>', 'gratis', 2, 5, '2023-11-24 03:36:17', '2023-11-24 03:38:44', '1'),
(8, 'WEBINAR GENPRO', '99', NULL, '<p>🎯 *<strong>BESOK BANGET</strong>*</p><p><br></p><p>Dalam artikel disebutkan Optimalisasi kerja suatu organisasi adalah _<em>peningkatan/pengoptimalan proses dalam mencapai tujuan dengan pemanfaatan Sumber Daya Manusia yang ada.</em>_&nbsp;</p><p>Nah hal ini juga perlu dalam perusahaan atau bisnis.&nbsp;</p><p>Tentu bisnis kita memiliki target, tujuan kedepan ! Untuk itu, kita sebagai bisnis owner musti tau peran kita tentang optimalisasi kinerja bisnis/ perusahaan kita. ✨😍</p><p><br></p><p>*<strong>WEBINAR GENPRO</strong>*</p><p>_<em>Optimalisasi Pengelolaan Kinerja Perusahaan</em>_&nbsp;</p><p><br></p><p>🌏 Webinar ini akan membagikan bagaimana optimalisasi kinerja perusahaan dari sudut pandang human resources loh, sungguh menarik bukan ✨</p><p><br></p><p><br></p><p>🎯 Catat Tanggalnya yaa&nbsp;</p><p>• Jumat, 19 Januari 2024&nbsp;</p><p>• ⁠16.00 WIB - Selesai&nbsp;</p><p>• ⁠Zoom : https://us02web.zoom.us/j/82326158825?pwd=clp0WWVnbmJHUFRRODd3SGMvODVkZz09</p><p>• ⁠Meeting ID: 823 2615 8825</p><p>Passcode: SMEOKE</p><p><br></p><p>👤 *<strong>Dendy Novryana Prawira, SKM, MM, CT, CHRP, CPGR, CHRM.</strong>*</p><p>( HR BPP Genpro )</p><p><br></p><p><br></p><p>Link pendaftaran :&nbsp;</p><p>bit.ly/WEBINARGENPRO2023</p><p>atau&nbsp;</p><p>Sahabatgenpro.com&nbsp;</p><p><br></p><p>-- - - - - - - - - - - - - - - - - - - - - -</p>', 'gratis', 3, 2, '2024-01-18 05:41:33', '2024-01-18 05:43:49', '1'),
(9, '1 TIKET UNTUK 5 ORANG', '29', 40000000, '<p>1 TIKET INI BERALKU UNTUK 5 ORANG ANGGOTA TEAM DALAM 1 KALI TRANSAKSI</p>', 'berbayar', 4, 2, '2024-02-29 16:10:40', '2024-03-17 16:19:00', '5'),
(10, 'WEBINAR GENPRO', '95', NULL, '<p>Cerdas mengelola keuangan adalah salah satu kemampuan penting yang harus di miliki oleh seorang pembisnis karena ini berhubungan dengan bagaimana arah bisnis kedepan. Mulai dari perencanaan finansial sampai pengelolaannya sangat penting untuk diperhatikan dan dipelajari bagaimana penerapannya.&nbsp;<br>Di Era perkembangan teknologi dan turunannya yang semakin pesat, kita juga perlu mengupgade ilmu terkait keuangan juga loh !&nbsp;<br>&nbsp;<br><br>- Kembali hadir Series Webinar Genpro&nbsp;<br>- ⁠Wadah belajar dengan expert&nbsp;<br>- ⁠Berjejaring&nbsp;<br><br>WEBINAR GENPRO<br>&nbsp;✨ Cerdas Mengelola Keuangan di Era Digital Bersama Milenial ✨<br><br>🎯 Catat Tanggalnya yaa&nbsp;<br>📅 Kamis, 12 September 2024&nbsp;<br>🕓16.00 WIB - Selesai&nbsp;<br>📱 Zoom : https://us02web.zoom.us/j/82326158825?pwd=clp0WWVnbmJHUFRRODd3SGMvODVkZz09<br>Meeting ID: 823 2615 8825<br>Passcode: SMEOKE<br><br>🎥 Narasumber :&nbsp;<br>Galih Pandekar</p>', 'gratis', 5, 2, '2024-09-11 01:16:44', '2024-09-16 00:51:46', '1'),
(11, 'Business Matching', '16', NULL, '<p>-</p>', 'gratis', 6, 1, '2024-09-18 21:33:38', '2024-10-02 21:53:33', '1'),
(12, 'event testing', '12', 2000, '<p>sadf</p>', 'berbayar', 7, 1, '2024-09-20 21:22:54', '2024-09-20 21:22:54', '1'),
(13, 'TIKET PRESIDENTIAL SUMMIT 2024', '135', 750000, '<p>SELURUH ANGGOTA GENPRO HADIR DALAM PRESIDENTIAL SUMMIT 2024 DI HNI PLAZA</p>', 'berbayar', 9, 10, '2024-11-11 02:53:37', '2024-12-05 20:21:13', '1'),
(14, 'UMUM', '22', NULL, '<p>Konser amal Palestina bersama Izzatul Islam merupakan sebuah acara yang menggabungkan pertunjukan musik dengan tujuan amal untuk mendukung rakyat Palestina. Dalam konser in</p>', 'gratis', 10, 20, '2024-12-01 06:02:51', '2024-12-05 20:17:34', '1');

-- --------------------------------------------------------

--
-- Table structure for table `ticket_transaction`
--

CREATE TABLE `ticket_transaction` (
  `id` bigint(20) UNSIGNED NOT NULL,
  `invoice` varchar(255) NOT NULL,
  `transaction_id` bigint(20) UNSIGNED NOT NULL,
  `ticket_id` bigint(20) UNSIGNED NOT NULL,
  `name` varchar(255) NOT NULL,
  `business_name` varchar(255) DEFAULT NULL,
  `phone` varchar(255) DEFAULT NULL,
  `document` varchar(255) DEFAULT NULL,
  `business_matching` tinyint(1) NOT NULL DEFAULT 0,
  `attend` tinyint(1) NOT NULL DEFAULT 0,
  `created_at` timestamp NULL DEFAULT NULL,
  `updated_at` timestamp NULL DEFAULT NULL
) ENGINE=InnoDB DEFAULT CHARSET=utf8mb4 COLLATE=utf8mb4_unicode_ci;

--
-- Dumping data for table `ticket_transaction`
--

INSERT INTO `ticket_transaction` (`id`, `invoice`, `transaction_id`, `ticket_id`, `name`, `business_name`, `phone`, `document`, `business_matching`, `attend`, `created_at`, `updated_at`) VALUES
(1, 'TRX-ZNM9KDQM', 163, 14, 'Hermawan Tan', NULL, '081351442797', NULL, 0, 0, '2024-12-09 20:35:01', '2024-12-09 20:35:01'),
(2, 'TRX-ZARH6FBP', 163, 14, 'Exwadia', NULL, '081351442797', NULL, 0, 0, '2024-12-09 20:35:01', '2024-12-09 20:35:01'),
(3, 'TRX-YYHYMBJV', 164, 13, 'Hermawan  Tan', 'Usahaku', '081351442797', NULL, 1, 0, '2024-12-10 00:22:19', '2024-12-10 00:22:19');

-- --------------------------------------------------------

--
-- Table structure for table `transaction_details`
--

CREATE TABLE `transaction_details` (
  `id` bigint(20) UNSIGNED NOT NULL,
  `name` varchar(255) NOT NULL,
  `company` varchar(255) DEFAULT NULL,
  `phone_number` varchar(255) DEFAULT NULL,
  `file` varchar(255) DEFAULT NULL,
  `business_matching` varchar(255) DEFAULT NULL,
  `created_at` timestamp NULL DEFAULT NULL,
  `updated_at` timestamp NULL DEFAULT NULL,
  `transaction_id` bigint(20) UNSIGNED NOT NULL,
  `ticket_id` bigint(20) UNSIGNED NOT NULL,
  `invoice` varchar(255) NOT NULL,
  `attendance_status` enum('belum_hadir','hadir') NOT NULL,
  `deleted_at` timestamp NULL DEFAULT NULL
) ENGINE=InnoDB DEFAULT CHARSET=utf8mb4 COLLATE=utf8mb4_general_ci;

--
-- Dumping data for table `transaction_details`
--

INSERT INTO `transaction_details` (`id`, `name`, `company`, `phone_number`, `file`, `business_matching`, `created_at`, `updated_at`, `transaction_id`, `ticket_id`, `invoice`, `attendance_status`, `deleted_at`) VALUES
(12, 'Hermawan Tan', 'Institusi', '08123', NULL, 'membutuhkan', '2023-11-15 06:52:26', '2023-12-06 04:37:46', 44, 1, '', 'belum_hadir', '2023-12-06 04:37:46'),
(13, 'Hermawan Tan', 'Institusi', '08123', NULL, 'membutuhkan', '2023-11-15 06:52:26', '2023-12-06 04:37:46', 44, 1, '', 'belum_hadir', '2023-12-06 04:37:46'),
(14, 'Hermawan Tan', 'Institusi', '08123', NULL, 'membutuhkan', '2023-11-15 06:52:26', '2023-12-06 04:37:46', 44, 1, '', 'belum_hadir', '2023-12-06 04:37:46'),
(15, 'Naufal', 'Medisin', '08991336413', NULL, 'membutuhkan', '2023-11-15 07:03:21', '2023-12-06 04:37:46', 45, 1, '', 'belum_hadir', '2023-12-06 04:37:46'),
(16, 'Hermawan Tan', 'Institusi', '08123', NULL, 'membutuhkan', '2023-11-15 18:20:03', '2023-12-06 04:37:46', 46, 1, '', 'belum_hadir', '2023-12-06 04:37:46'),
(17, 'Hermawan Tan', 'Institusi', '08123', NULL, 'membutuhkan', '2023-11-15 18:20:03', '2023-12-06 04:37:46', 46, 1, '', 'belum_hadir', '2023-12-06 04:37:46'),
(18, 'Hermawan Tan', NULL, NULL, NULL, NULL, '2023-11-15 20:35:45', '2023-12-06 04:37:46', 47, 1, '', 'belum_hadir', '2023-12-06 04:37:46'),
(19, 'Hermawan Tan', NULL, NULL, NULL, NULL, '2023-11-15 20:35:45', '2023-12-06 04:37:46', 47, 1, '', 'belum_hadir', '2023-12-06 04:37:46'),
(20, 'Hermawan Tan', NULL, NULL, NULL, NULL, '2023-11-15 20:35:45', '2023-12-06 04:37:46', 47, 1, '', 'belum_hadir', '2023-12-06 04:37:46'),
(21, 'Hermawan  Tan', NULL, NULL, NULL, NULL, '2023-11-15 20:54:14', '2023-12-06 04:37:46', 48, 1, '', 'belum_hadir', '2023-12-06 04:37:46'),
(22, 'Hermawan', NULL, NULL, NULL, NULL, '2023-11-15 20:59:26', '2023-12-06 04:37:46', 49, 1, '', 'belum_hadir', '2023-12-06 04:37:46'),
(23, 'Hermawan', NULL, NULL, NULL, NULL, '2023-11-15 20:59:26', '2023-12-06 04:37:46', 49, 1, '', 'belum_hadir', '2023-12-06 04:37:46'),
(24, 'Hermawan Tn', NULL, NULL, NULL, NULL, '2023-11-15 21:27:01', '2023-12-06 04:37:46', 50, 1, '', 'belum_hadir', '2023-12-06 04:37:46'),
(25, 'Hermawan', NULL, NULL, NULL, NULL, '2023-11-15 21:30:47', '2023-12-06 04:37:46', 51, 1, '', 'belum_hadir', '2023-12-06 04:37:46'),
(26, 'Mursyid Naufal', NULL, NULL, NULL, NULL, '2023-11-18 15:44:28', '2023-12-06 04:37:46', 52, 1, '', 'belum_hadir', '2023-12-06 04:37:46'),
(27, 'Naufal', NULL, NULL, NULL, NULL, '2023-11-18 15:45:04', '2023-12-06 04:38:00', 53, 1, '', 'belum_hadir', '2023-12-06 04:38:00'),
(28, 'Muhammad Mursid Naufal', 'Naufal', '628991337413', NULL, 'membutuhkan', '2023-11-19 17:28:45', '2023-12-06 04:38:00', 70, 1, '', 'belum_hadir', '2023-12-06 04:38:00'),
(29, 'Hermawan Tan', 'Usaha 1', '08123', NULL, 'membutuhkan', '2023-11-19 23:22:14', '2023-12-06 04:38:00', 71, 1, '', 'belum_hadir', '2023-12-06 04:38:00'),
(30, 'Hermawan Tan', 'Institusi 1', '0812351442797', NULL, 'membutuhkan', '2023-11-19 23:29:07', '2023-12-06 04:38:00', 72, 1, '', 'belum_hadir', '2023-12-06 04:38:00'),
(31, 'Hermawan Tan', 'Institusi 1', '123123', NULL, 'membutuhkan', '2023-11-19 23:35:28', '2023-12-06 04:38:00', 73, 1, '', 'belum_hadir', '2023-12-06 04:38:00'),
(32, 'Hermawan Tan', 'institusi 1', '08123', NULL, 'membutuhkan', '2023-11-19 23:37:22', '2023-12-06 04:38:00', 74, 1, '', 'belum_hadir', '2023-12-06 04:38:00'),
(33, 'Hermawan Tan', 'Institusi 1', '08123', NULL, 'membutuhkan', '2023-11-19 23:43:29', '2023-12-06 04:38:00', 75, 1, '', 'belum_hadir', '2023-12-06 04:38:00'),
(34, 'Hermawan Tan', 'Insititusi 1', '08123', NULL, 'membutuhkan', '2023-11-19 23:47:15', '2023-12-06 04:38:00', 76, 1, '', 'belum_hadir', '2023-12-06 04:38:00'),
(35, 'Hermawan Tan', 'Company 1', '08123', NULL, 'membutuhkan', '2023-11-20 00:04:34', '2023-12-06 04:35:46', 77, 1, '', 'belum_hadir', '2023-12-06 04:35:46'),
(41, 'Hermawan Tan', 'Usaha 1', '081351442797', NULL, 'membutuhkan', '2023-11-20 19:04:12', '2023-12-06 04:40:00', 83, 1, '', 'belum_hadir', '2023-12-06 04:40:00'),
(42, 'Hermawan Tan', 'Usaha 1', '081351442797', NULL, 'membutuhkan', '2023-11-20 19:07:54', '2023-12-06 04:40:00', 84, 4, '', 'belum_hadir', '2023-12-06 04:40:00'),
(43, 'Ramadhan Nur Khadafi', 'StartUp', '082352675347', NULL, 'membutuhkan', '2023-11-20 19:15:23', '2023-12-06 04:40:00', 85, 4, '', 'belum_hadir', '2023-12-06 04:40:00'),
(44, 'Ramadhan Nur Khadafi', 'StartUp', '082352675347', NULL, 'membutuhkan', '2023-11-20 19:18:26', '2023-12-06 04:40:00', 86, 4, '', 'belum_hadir', '2023-12-06 04:40:00'),
(45, 'Mursyid', 'MEDISIN', '628991337413', NULL, 'membutuhkan', '2023-11-20 19:22:28', '2023-12-06 04:40:45', 87, 4, '', 'belum_hadir', '2023-12-06 04:40:45'),
(46, 'Hermawan Tan', 'Usaha 1', '081351442797', NULL, NULL, '2023-11-21 05:49:24', '2023-12-06 04:36:27', 88, 3, '', 'belum_hadir', '2023-12-06 04:36:27'),
(47, 'Hermawan Tan', 'Usaha 1', '081351442797', NULL, 'membutuhkan', '2023-11-22 21:41:29', '2023-12-06 04:40:45', 89, 5, 'TRX-4I06ZOL9', 'hadir', '2023-12-06 04:40:45'),
(48, 'Mursyid', 'MEDISIN', '628991337413', NULL, NULL, '2023-11-22 22:00:49', '2023-12-06 04:36:51', 117, 3, 'TRX-w04QD0sI', 'hadir', '2023-12-06 04:36:51'),
(49, 'Mursyid', 'MEDISIN', '628991337413', NULL, NULL, '2023-11-22 22:00:53', '2023-12-06 04:36:51', 116, 3, 'TRX-Ye7dzeGu', 'belum_hadir', '2023-12-06 04:36:51'),
(50, 'Mursyid', 'MEDISIN', '628991337413', NULL, NULL, '2023-11-22 22:00:55', '2023-12-06 04:36:51', 122, 3, 'TRX-P4KST4zX', 'belum_hadir', '2023-12-06 04:36:51'),
(51, 'Mursyid', 'MEDISIN', '628991337413', NULL, NULL, '2023-11-22 22:00:58', '2023-12-06 04:37:01', 124, 3, 'TRX-IbaAAifL', 'belum_hadir', '2023-12-06 04:37:01'),
(52, 'Mursyid', 'MEDISIN', '628991337413', NULL, NULL, '2023-11-22 22:00:58', '2023-12-06 04:37:01', 123, 3, 'TRX-1LOfPvfy', 'belum_hadir', '2023-12-06 04:37:01'),
(53, 'Mursyid', 'MEDISIN', '628991337413', NULL, NULL, '2023-11-22 22:01:00', '2023-12-06 04:36:51', 119, 3, 'TRX-S0oVS50u', 'belum_hadir', '2023-12-06 04:36:51'),
(54, 'Mursyid', 'MEDISIN', '628991337413', NULL, NULL, '2023-11-22 22:01:07', '2023-12-06 04:36:51', 120, 3, 'TRX-zqQL4uqf', 'belum_hadir', '2023-12-06 04:36:51'),
(55, 'Mursyid', 'MEDISIN', '628991337413', NULL, NULL, '2023-11-22 22:01:07', '2023-12-06 04:37:01', 126, 3, 'TRX-8AkEnJAt', 'belum_hadir', '2023-12-06 04:37:01'),
(56, 'Mursyid', 'MEDISIN', '628991337413', NULL, NULL, '2023-11-22 22:01:09', '2023-12-06 04:37:01', 128, 3, 'TRX-xC4ZaESU', 'belum_hadir', '2023-12-06 04:37:01'),
(57, 'Mursyid', 'MEDISIN', '628991337413', NULL, NULL, '2023-11-22 22:01:09', '2023-12-06 04:37:01', 129, 3, 'TRX-94AjJdf9', 'belum_hadir', '2023-12-06 04:37:01'),
(58, 'Mursyid', 'MEDISIN', '628991337413', NULL, NULL, '2023-11-22 22:01:13', '2023-12-06 04:37:01', 127, 3, 'TRX-AWmo2VNk', 'belum_hadir', '2023-12-06 04:37:01'),
(59, 'Hermawan Tan', 'Usaha 1', '081351442797', NULL, 'membutuhkan', '2023-11-22 22:02:18', '2023-12-06 04:40:45', 130, 5, 'TRX-mXB6eQcw', 'belum_hadir', '2023-12-06 04:40:45'),
(60, 'Hermawan Tan', 'Usaha 1', '081351442797', NULL, 'membutuhkan', '2023-11-23 18:14:27', '2023-12-06 04:40:45', 131, 6, 'TRX-GnPGEney', 'belum_hadir', '2023-12-06 04:40:45'),
(61, 'Mursyid', 'PT SINTESA PERSADA TEKNOLOGI', '628991337413', NULL, 'membutuhkan', '2023-11-24 02:48:43', '2023-12-06 04:40:45', 132, 6, 'TRX-JqthOeLG', 'belum_hadir', '2023-12-06 04:40:45'),
(62, 'Hermawan Tan', 'Usaha 1', '081351442797', NULL, 'membutuhkan', '2023-11-24 03:24:13', '2023-12-06 04:40:45', 133, 5, 'TRX-eNxiXYzH', 'belum_hadir', '2023-12-06 04:40:45'),
(63, 'Hermawan Tan', 'Usaha 1', '081351442797', NULL, NULL, '2023-11-24 03:36:36', '2023-12-06 04:37:01', 134, 7, 'TRX-nn2PuKCG', 'belum_hadir', '2023-12-06 04:37:01'),
(64, 'Hermawan Tan', 'Usaha 1', '081351442797', NULL, NULL, '2023-11-24 03:38:44', '2023-12-06 04:37:01', 135, 7, 'TRX-nqSmqnkP', 'belum_hadir', '2023-12-06 04:37:01'),
(65, 'Mursyid', 'PT SINTESA PERSADA TEKNOLOGI', '628991337413', NULL, 'membutuhkan', '2023-11-24 03:39:35', '2023-12-06 04:40:45', 136, 5, 'TRX-iftZG1qc', 'belum_hadir', '2023-12-06 04:40:45'),
(66, 'Arzain Zamhari', 'GENPRO Bengkulu', '081366408849', NULL, 'belum_membutuhkan', '2023-11-26 18:45:02', '2023-12-06 21:06:13', 137, 1, 'TRX-8VCgGyqZ', 'belum_hadir', '2023-12-06 21:06:13'),
(67, 'Mursyid Naufal', 'MEDISIN', '0811111110108', NULL, 'membutuhkan', '2023-11-26 18:57:16', '2023-12-06 04:40:45', 138, 1, 'TRX-EmZetE0J', 'belum_hadir', '2023-12-06 04:40:45'),
(68, 'Mursyid Naufal', 'MEDISIN', '0811111110108', NULL, 'membutuhkan', '2023-11-26 19:07:34', '2023-12-06 04:40:45', 139, 1, 'TRX-GRoyAwK0', 'belum_hadir', '2023-12-06 04:40:45'),
(69, 'Hermawan Tan', 'Company 1', '08123', NULL, NULL, '2023-11-27 00:48:50', '2023-12-06 04:37:01', 140, 3, 'TRX-HeKCfPGl', 'belum_hadir', '2023-12-06 04:37:01'),
(70, 'Emi Susanti', 'Genpro Area Riau', '6285271271383', NULL, 'belum_membutuhkan', '2023-11-29 00:36:33', '2023-11-29 00:36:33', 141, 1, 'TRX-dSQNGa4C', 'belum_hadir', NULL),
(71, 'Yurita', 'Genpro Area Riau', '+62 812-6113-3048', NULL, 'belum_membutuhkan', '2023-11-29 00:36:33', '2023-11-29 00:36:33', 141, 1, 'TRX-BB23x5iA', 'belum_hadir', NULL),
(72, 'Sike Aqlia Nur Fahma', 'Genpro Area Riau / Saya tukang.com', '+62 812-5214-2468', NULL, 'membutuhkan', '2023-11-29 00:36:33', '2023-11-29 00:36:33', 141, 1, 'TRX-reet2PHa', 'belum_hadir', NULL),
(73, 'Dina yuliana', 'WE Genpro', '082130555350', NULL, 'membutuhkan', '2023-11-29 06:47:28', '2023-11-29 06:47:28', 142, 1, 'TRX-bGe3ngiX', 'belum_hadir', NULL),
(74, 'Ghulam Azzam Robbani', 'KB TK SD Exiss Abata dan SMP Leaderss Khalid bin Walid', '08561608951', NULL, 'membutuhkan', '2023-11-29 23:35:35', '2023-11-29 23:35:35', 143, 1, 'TRX-vN9XqUx0', 'belum_hadir', NULL),
(75, 'Umair Arasy Abdul Azhiem', 'KB TK SD Exiss Abata dan SMP Leaderss Khalid bin Walid', '089615721966', NULL, 'membutuhkan', '2023-11-29 23:35:35', '2023-11-29 23:35:35', 143, 1, 'TRX-uZYiemkv', 'belum_hadir', NULL),
(76, 'Ammar Arasy Abdul Azhiem', 'PT Pesona Madani Indonesia', '081388910237', NULL, 'membutuhkan', '2023-11-29 23:35:35', '2023-11-29 23:35:35', 143, 1, 'TRX-wolJ4Yxg', 'belum_hadir', NULL),
(77, 'Tanty era putri', 'GCEDi architecture & ?nterior services', '082176339297', NULL, 'belum_membutuhkan', '2023-12-05 02:04:17', '2023-12-15 18:21:34', 144, 1, 'TRX-QE5cAex6', 'belum_hadir', '2023-12-15 18:21:34'),
(78, 'Tanty era putri', 'GCEDi architecture & ?nterior services', '082176339297', NULL, 'belum_membutuhkan', '2023-12-05 02:07:26', '2023-12-15 18:31:59', 145, 1, 'TRX-y0W0EhPu', 'belum_hadir', '2023-12-15 18:31:59'),
(79, 'Tanty era putri', 'GCEDi architecture & ?nterior services', '082176339297', NULL, 'belum_membutuhkan', '2023-12-05 02:12:47', '2023-12-15 18:37:11', 146, 1, 'TRX-j28aW2Y7', 'belum_hadir', '2023-12-15 18:37:11'),
(80, 'Heri Harjoni', 'Genpro Bengkulu', '08117302343', NULL, 'belum_membutuhkan', '2023-12-05 02:15:51', '2023-12-05 02:15:51', 147, 1, 'TRX-eeVtV3wt', 'belum_hadir', NULL),
(81, 'Jupriadi', 'Genpro', '081933122700', NULL, 'membutuhkan', '2023-12-05 20:13:04', '2023-12-05 20:13:04', 148, 1, 'TRX-zDLwjz2Z', 'belum_hadir', NULL),
(82, 'Khohaning', 'PT. BIG', '082372944724', NULL, 'membutuhkan', '2023-12-05 20:42:34', '2023-12-05 20:42:34', 149, 1, 'TRX-u2Br9cf7', 'belum_hadir', NULL),
(83, 'Ardizal', 'PT. BIG', '081373533557', NULL, 'membutuhkan', '2023-12-05 20:42:34', '2023-12-05 20:42:34', 149, 1, 'TRX-CCVyH2QU', 'belum_hadir', NULL),
(84, 'Arzain Zamhari', 'Berkah Iqra Gemilang', '081366408849', NULL, 'belum_membutuhkan', '2023-12-06 20:39:57', '2023-12-06 20:39:57', 150, 1, 'TRX-f7CHVCx4', 'belum_hadir', NULL),
(85, 'Heri Harjoni', 'Amanie Grup', '08117302343', NULL, 'belum_membutuhkan', '2023-12-06 20:39:57', '2023-12-06 20:39:57', 150, 1, 'TRX-TdkLp0eq', 'belum_hadir', NULL),
(86, 'Arzain Zamhari', 'Berkah Iqra Gemilang', '081366408849', NULL, 'membutuhkan', '2023-12-06 21:09:48', '2023-12-06 21:09:48', 151, 1, 'TRX-jicnXoM6', 'belum_hadir', NULL),
(87, 'ardizal', 'pt big', '+62 823-7294-4724', NULL, 'membutuhkan', '2023-12-07 18:42:17', '2023-12-07 18:42:17', 152, 1, 'TRX-1MrfTcHK', 'belum_hadir', NULL),
(88, 'khohaning', 'pt big', '+62 813-7353-3557', NULL, 'membutuhkan', '2023-12-07 18:42:17', '2023-12-07 18:42:17', 152, 1, 'TRX-eqIm3OXJ', 'belum_hadir', NULL),
(89, 'Muhamad Anantiyo Widodo', 'Yayasan Fi Ahsani Taqwim', '081325632218', NULL, 'membutuhkan', '2023-12-10 00:28:20', '2023-12-10 00:28:20', 153, 1, 'TRX-B5zooT2r', 'belum_hadir', NULL),
(90, 'Puguh wiji pamungkas', 'Rsu wajak husada', '081357000852', NULL, 'belum_membutuhkan', '2023-12-10 01:40:07', '2023-12-10 01:40:07', 154, 1, 'TRX-LkKqhOsp', 'belum_hadir', NULL),
(91, 'Fitriya Fajar Wati', 'Rsu wajak husada', '081216313215', NULL, 'belum_membutuhkan', '2023-12-10 01:40:07', '2023-12-10 01:40:07', 154, 1, 'TRX-ySycSEht', 'belum_hadir', NULL),
(92, 'Anis Zulfa Fitroti', 'Marwah Collection', '082125555396', NULL, 'belum_membutuhkan', '2023-12-10 16:00:19', '2023-12-10 16:00:19', 155, 1, 'TRX-ksMg7J0O', 'belum_hadir', NULL),
(93, 'H. Girman, ST., MM', 'Genpro Kudus', '081326013206', NULL, 'membutuhkan', '2023-12-10 23:18:33', '2023-12-10 23:18:33', 156, 1, 'TRX-kx5Ra335', 'belum_hadir', NULL),
(94, 'Tanty era putri', 'GCEDi architecture & ?nterior services', '082176339297', NULL, 'membutuhkan', '2023-12-11 07:51:44', '2023-12-11 07:51:44', 157, 1, 'TRX-6G1Pl2PS', 'belum_hadir', NULL),
(95, 'Tanty era putri', 'GCEDi architecture & ?nterior services', '082176339297', NULL, 'membutuhkan', '2023-12-11 08:02:21', '2023-12-15 18:36:51', 158, 1, 'TRX-TUhzEV2u', 'belum_hadir', '2023-12-15 18:36:51'),
(96, 'Tanty era putri', 'GCEDi architecture & ?nterior services', '082176339297', NULL, 'membutuhkan', '2023-12-11 08:23:35', '2023-12-11 08:23:35', 159, 1, 'TRX-QhwMG8yF', 'belum_hadir', NULL),
(97, 'Tanty era putri', 'GCEDi architecture & ?nterior services', '082176339297', NULL, 'membutuhkan', '2023-12-11 08:25:03', '2023-12-11 08:25:03', 160, 1, 'TRX-x2y6Ug2c', 'belum_hadir', NULL),
(98, 'Mursyid Naufal', 'MEDISIN', '0811111110108', NULL, 'membutuhkan', '2023-12-11 08:34:19', '2023-12-15 18:17:50', 161, 1, 'TRX-gNR2zbjg', 'belum_hadir', '2023-12-15 18:17:50'),
(99, 'Mursyid Naufal', 'MEDISIN', '0811111110108', NULL, 'membutuhkan', '2023-12-11 08:35:13', '2023-12-15 18:37:38', 162, 1, 'TRX-UJX9j28I', 'belum_hadir', '2023-12-15 18:37:38'),
(100, 'Tanty era putri', 'GCEDi architecture & ?nterior services', '082176339297', NULL, 'membutuhkan', '2023-12-11 08:35:32', '2023-12-11 08:35:32', 163, 1, 'TRX-sasdgV10', 'belum_hadir', NULL),
(101, 'Imam Yuliarto', 'Rumah Aspirasi', '081326893228', NULL, 'membutuhkan', '2023-12-11 23:54:19', '2023-12-11 23:54:19', 164, 1, 'TRX-9Cu4K1gL', 'belum_hadir', NULL),
(102, 'Yesineba', 'WE BPP Genpro', '08112240921', NULL, 'membutuhkan', '2023-12-12 20:13:54', '2023-12-12 20:13:54', 165, 1, 'TRX-rDaM7oxN', 'belum_hadir', NULL),
(103, 'Efrianti', 'RS. Permata Hati', '081363110283', NULL, 'membutuhkan', '2023-12-12 21:01:23', '2023-12-12 21:01:23', 166, 1, 'TRX-zt31XQh3', 'belum_hadir', NULL),
(104, 'Deny Moroyati, S.Pd', 'PT. Dmoroy Kreasi Alam Nusantara', '081368356668', NULL, 'membutuhkan', '2023-12-12 22:06:22', '2023-12-12 22:06:22', 167, 1, 'TRX-LoBkXG5y', 'belum_hadir', NULL),
(105, 'Suwondo Abdul Karim', 'PT RESIK BUMI PERKASA', '081213313370', NULL, 'membutuhkan', '2023-12-12 23:11:23', '2023-12-12 23:11:23', 168, 1, 'TRX-F8XehwAN', 'belum_hadir', NULL),
(106, 'Yesineba', 'WE BPP Genpro', '08112240921', NULL, 'membutuhkan', '2023-12-12 23:12:47', '2023-12-15 18:17:42', 169, 1, 'TRX-7cRTMeUY', 'belum_hadir', '2023-12-15 18:17:42'),
(107, 'Suwondo Abdul Karim', 'PT. Resik Bumi Perkasa', '081213313370', NULL, 'membutuhkan', '2023-12-12 23:13:16', '2023-12-12 23:13:16', 170, 1, 'TRX-fWK6FDso', 'belum_hadir', NULL),
(108, 'Zamri', 'JAYA SEMPURNA AGRO JAMBI', '082266259001', NULL, 'membutuhkan', '2023-12-13 00:14:59', '2023-12-13 00:14:59', 171, 1, 'TRX-DHpAXLPQ', 'belum_hadir', NULL),
(109, 'RUDI SUTIONO, SP', 'PUPUK ORGANIK SEMPURNA PLUS', '082230703363', NULL, 'membutuhkan', '2023-12-13 00:48:48', '2023-12-13 00:48:48', 172, 1, 'TRX-GxkRVMJl', 'belum_hadir', NULL),
(110, 'HASAN BASRI ALI', 'PUPUK ORGANIK SEMPURNA PLUS', '082318220546', NULL, 'membutuhkan', '2023-12-13 00:53:28', '2023-12-13 00:53:28', 173, 1, 'TRX-Ng86x25l', 'belum_hadir', NULL),
(111, 'H. Girman, ST., MM', 'Preschapter Genpro Kudus', '081326013206', NULL, 'membutuhkan', '2023-12-13 01:09:30', '2023-12-13 01:09:30', 174, 1, 'TRX-sstD5aQ3', 'belum_hadir', NULL),
(112, 'Slamet Ari Waluyo', 'HANNA Chemicals & Lubricants', '081517000001', NULL, 'membutuhkan', '2023-12-13 20:30:38', '2023-12-13 20:30:38', 175, 1, 'TRX-09Pa468b', 'belum_hadir', NULL),
(113, 'dr. Fidel Fuadi', 'RS. Permata Hati', '081363110283', NULL, 'membutuhkan', '2023-12-14 07:03:06', '2023-12-14 07:03:06', 176, 1, 'TRX-bzqhmt6W', 'belum_hadir', NULL),
(114, 'Aris Permana', 'Klinik Gigi Natura', '087782263737', NULL, 'membutuhkan', '2023-12-14 18:42:26', '2023-12-14 18:42:26', 177, 1, 'TRX-azh8dNFH', 'belum_hadir', NULL),
(115, 'Drg. Nin Miryanti', 'Klinik Gigi Natura', '087782263733', NULL, 'membutuhkan', '2023-12-14 18:42:26', '2023-12-14 18:42:26', 177, 1, 'TRX-OMbTeeKG', 'belum_hadir', NULL),
(116, 'M. Naufal Harits', 'PT Expor Impor', '+6285771882750', NULL, 'membutuhkan', '2023-12-14 18:42:26', '2023-12-14 18:42:26', 177, 1, 'TRX-bgcbcIz1', 'belum_hadir', NULL),
(117, 'Slamet Ari Waluyo', 'HANNA Chemicals & Lubricants', '081517000001', NULL, 'membutuhkan', '2023-12-14 21:50:03', '2023-12-14 21:50:03', 178, 1, 'TRX-Yg30wYxF', 'belum_hadir', NULL),
(118, 'Deny Moroyati, S.Pd', 'PT. Dmoroy Kreasi Alam Nusantara', '081368356668', NULL, 'membutuhkan', '2023-12-14 22:54:11', '2023-12-14 22:54:11', 179, 1, 'TRX-J5LlQohP', 'belum_hadir', NULL),
(119, 'Inin Fariana,S.Pd', 'konfeksi dan percetakan', '082234860035', NULL, 'membutuhkan', '2023-12-17 17:52:08', '2023-12-17 17:52:08', 180, 1, 'TRX-846H0miH', 'belum_hadir', NULL),
(120, 'HARIS MAULIDINNOR', 'HNI', '081939018181', NULL, 'membutuhkan', '2023-12-17 18:42:44', '2023-12-17 18:42:44', 181, 1, 'TRX-bZoX3kFC', 'belum_hadir', NULL),
(121, 'Inin Fariana,S.Pd', 'konfeksi dan percetakan', '082234860035', NULL, 'membutuhkan', '2023-12-19 06:15:54', '2023-12-19 06:15:54', 182, 1, 'TRX-h949GJDp', 'belum_hadir', NULL),
(122, 'ASEP BUDIAWAN', 'GENPRO JABAR PRIANGAN', '08122226451', NULL, 'membutuhkan', '2023-12-20 14:48:05', '2023-12-20 14:48:05', 183, 1, 'TRX-fsQm9orq', 'belum_hadir', NULL),
(123, 'Wahyudi', 'GenPro Sumsel', '085609493304', NULL, 'membutuhkan', '2023-12-21 15:54:15', '2023-12-21 15:54:15', 184, 1, 'TRX-vXUthZ8I', 'belum_hadir', NULL),
(124, 'Marutha Kristian', 'GenPro sumsel', '081369139878', NULL, 'membutuhkan', '2023-12-21 15:54:15', '2023-12-21 15:54:15', 184, 1, 'TRX-HBz57PLl', 'belum_hadir', NULL),
(125, 'Dian Eko Prasetyo', 'GenPro Sumsel', '08127104299', NULL, 'membutuhkan', '2023-12-21 15:54:15', '2023-12-21 15:54:15', 184, 1, 'TRX-Z7mCWZ90', 'belum_hadir', NULL),
(126, 'Ben Heri', 'GenPro sumsel', '085366802631', NULL, 'membutuhkan', '2023-12-21 15:54:15', '2023-12-21 15:54:15', 184, 1, 'TRX-pBc2Bewr', 'belum_hadir', NULL),
(127, 'Abdus Shomad demsya', 'GenPro Sumsel', '08117101981', NULL, 'membutuhkan', '2023-12-21 15:54:15', '2023-12-21 15:54:15', 184, 1, 'TRX-dKx4Q80y', 'belum_hadir', NULL),
(128, 'Reni Andriani', 'RS. Permata Hati', '081363110283', NULL, 'membutuhkan', '2023-12-21 21:30:51', '2023-12-21 21:30:51', 185, 1, 'TRX-Hm7PEH55', 'belum_hadir', NULL),
(129, 'Sensiani', 'Genpro', '085327620058', NULL, NULL, '2024-01-18 05:43:49', '2024-01-18 05:43:49', 186, 8, 'TRX-ylwg39PF', 'belum_hadir', NULL),
(130, 'Mursyid', 'PT SINTESA PERSADA TEKNOLOGI', '628991337413', NULL, NULL, '2024-02-29 16:14:39', '2024-03-17 16:23:56', 187, 9, 'TRX-0fBJAn2p', 'belum_hadir', '2024-03-17 16:23:56'),
(131, 'Mursyid', 'PT SINTESA PERSADA TEKNOLOGI', '628991337413', NULL, NULL, '2024-03-17 16:19:00', '2024-03-17 16:19:00', 188, 9, 'TRX-xbAyaEZB', 'belum_hadir', NULL),
(132, 'Ahmad Naufal', 'PT SINTESA PERSADA TEKNOLOGI', '08991337413', NULL, NULL, '2024-03-17 16:19:00', '2024-03-17 16:19:00', 188, 9, 'TRX-jFR5XcO6', 'belum_hadir', NULL),
(133, 'Naufal', 'SIPTECH', '08991337413', NULL, NULL, '2024-03-17 16:19:00', '2024-03-17 16:19:00', 188, 9, 'TRX-WSFOU0tW', 'belum_hadir', NULL),
(134, 'Naufal', 'SIPTECH', '08991337413', NULL, NULL, '2024-03-17 16:19:00', '2024-03-17 16:19:00', 188, 9, 'TRX-ISM951CX', 'belum_hadir', NULL),
(135, 'NAUFAL', 'siptech', '08991337413', NULL, NULL, '2024-03-17 16:19:00', '2024-03-17 16:19:00', 188, 9, 'TRX-ktiFrn6v', 'belum_hadir', NULL),
(136, 'Sensiani', 'Genpro', '085327620058', NULL, NULL, '2024-09-11 01:20:04', '2024-09-11 01:20:04', 189, 10, 'TRX-oXpPiHUa', 'belum_hadir', NULL),
(137, 'Hermawan Tan', 'Usaha 1', '081351442797', NULL, NULL, '2024-09-11 01:47:19', '2024-09-11 01:47:19', 191, 10, 'TRX-9dQcWDTK', 'belum_hadir', NULL),
(138, 'Mursyid', 'PT SINTESA PERSADA TEKNOLOGI', '628991337413', NULL, NULL, '2024-09-11 01:48:10', '2024-09-11 01:48:10', 192, 10, 'TRX-rIq6lIlv', 'belum_hadir', NULL),
(139, 'Alfredo', 'Dapur Dijah', '089514470206', NULL, NULL, '2024-09-11 18:02:57', '2024-09-11 18:02:57', 193, 10, 'TRX-0sq23Ze7', 'belum_hadir', NULL),
(140, 'Hermawan Tan', 'institusi', '08123', NULL, NULL, '2024-09-16 00:51:46', '2024-09-16 00:51:46', 194, 10, 'TRX-KdaNMe7I', 'belum_hadir', NULL),
(141, 'Mursyid', 'PT SINTESA PERSADA TEKNOLOGI', '0', NULL, 'membutuhkan', '2024-09-20 01:00:02', '2024-09-20 01:00:02', 195, 1, 'TRX-2Apx4cDh', 'belum_hadir', NULL),
(142, 'Mursyid', 'PT SINTESA PERSADA TEKNOLOGI', '0', NULL, 'membutuhkan', '2024-09-20 01:07:04', '2024-09-20 01:07:04', 196, 1, 'TRX-sBThECr9', 'belum_hadir', NULL),
(143, 'Wawan', 'asdfadsf', '123213', NULL, 'membutuhkan', '2024-09-22 18:34:55', '2024-09-22 18:34:55', 197, 11, 'TRX-Z5ZJd4aY', 'belum_hadir', NULL),
(144, 'Mursid Naufal', 'MEDISIN', '081111110108', NULL, 'membutuhkan', '2024-09-22 20:25:45', '2024-09-22 20:25:45', 198, 11, 'TRX-X0DWxhFH', 'belum_hadir', NULL),
(145, 'Riduan Hanif bin Ahmad Zainudin', 'Anggerik Yakin Sdn Bhd', '011***', NULL, 'membutuhkan', '2024-09-24 21:09:28', '2024-09-24 21:09:28', 199, 11, 'TRX-iV5joEaD', 'belum_hadir', NULL),
(146, 'Agresta Priatama', 'SINTESA INTI PRESTASI', '084***', NULL, 'membutuhkan', '2024-09-24 21:13:17', '2024-09-24 21:13:17', 200, 11, 'TRX-U4eKmFPH', 'belum_hadir', NULL),
(147, 'Mahawan Sigit Adhi Kusumo', 'PT. Adhima Bionatura Indonesia', '087***', NULL, 'membutuhkan', '2024-09-24 21:59:42', '2024-09-24 21:59:42', 201, 11, 'TRX-0dSBQAYv', 'belum_hadir', NULL),
(148, 'Syaiful Zaman Tawakal', 'PT Selaras Rasakoe Indonesia', '081218443533', NULL, 'membutuhkan', '2024-09-25 01:34:19', '2024-09-25 01:34:19', 202, 11, 'TRX-dpoluKUr', 'belum_hadir', NULL),
(149, 'Fauzan Arief', 'CV Equator Aromaterapi', '082111697854', NULL, 'membutuhkan', '2024-09-25 19:36:55', '2024-09-25 19:36:55', 203, 11, 'TRX-UDsFc2dO', 'belum_hadir', NULL),
(150, 'Djati Kusumo', 'PT Teknik Karya Industri', '0818106583', NULL, 'membutuhkan', '2024-09-25 20:55:40', '2024-09-25 20:55:40', 204, 11, 'TRX-IQdcv3LM', 'belum_hadir', NULL),
(151, 'Mohd Zawawi', 'Theumrah Maqbulah Travel', '+60133579699', NULL, 'membutuhkan', '2024-09-25 21:00:28', '2024-09-25 21:00:28', 205, 11, 'TRX-Om9Td0Gv', 'belum_hadir', NULL),
(152, 'Mohd Farid Ismail', 'Muazzin AV Retail & Services', '+60183710007', NULL, 'membutuhkan', '2024-09-25 21:13:07', '2024-09-25 21:13:07', 206, 11, 'TRX-O15JoU8x', 'belum_hadir', NULL),
(153, 'Irma Puspita Arisanty', 'MOIST care Clinic', '081802926390', NULL, 'membutuhkan', '2024-09-25 21:26:00', '2024-09-25 21:26:00', 207, 11, 'TRX-h5PPxAj8', 'belum_hadir', NULL),
(154, 'Yuli Setiawan', 'PT Badi Semesta Medik', '08129696029', NULL, 'membutuhkan', '2024-09-26 06:34:40', '2024-09-26 06:34:40', 208, 11, 'TRX-9NDOQUBG', 'belum_hadir', NULL),
(155, 'Murzalina', 'Catering Dapur Mama Eza', '087877418464', NULL, 'membutuhkan', '2024-09-26 07:30:19', '2024-09-26 07:30:19', 209, 11, 'TRX-Hk9rclRx', 'belum_hadir', NULL),
(156, 'Muhidah', 'Catering Dapur Mama Eza', '087825202075', NULL, 'membutuhkan', '2024-09-26 14:45:46', '2024-09-26 14:45:46', 210, 11, 'TRX-f7sVrZru', 'belum_hadir', NULL),
(157, 'Dr Mustaqim Isham', 'Amdee Healthcare Sdn. Bhd.', '+60192571257', NULL, 'membutuhkan', '2024-09-27 11:26:13', '2024-09-27 11:26:13', 211, 11, 'TRX-juckRO4p', 'belum_hadir', NULL),
(158, 'Siti Najjiya Binti Mingu', 'MM ENTERPRISE', '+60149956659', NULL, 'belum_membutuhkan', '2024-09-27 16:57:03', '2024-09-27 16:57:03', 212, 11, 'TRX-VL6K9015', 'belum_hadir', NULL),
(159, 'Yahya Abdullah Maziyya', 'Salaam Supply', '081385653299', NULL, 'membutuhkan', '2024-09-28 17:47:30', '2024-09-28 17:47:30', 213, 11, 'TRX-YGBZThM3', 'belum_hadir', NULL),
(160, 'Ayu Nabilah', 'Salaam Supply', '089693249363', NULL, 'membutuhkan', '2024-09-28 19:15:26', '2024-09-28 19:15:26', 214, 11, 'TRX-VBxUo2Wc', 'belum_hadir', NULL),
(161, 'Setiyo SS', 'Gagas Envirotek Indonesia', '087727773223', NULL, 'membutuhkan', '2024-09-28 21:23:47', '2024-09-28 21:23:47', 215, 11, 'TRX-2yGxx1BS', 'belum_hadir', NULL),
(162, 'Yesineba', 'PT. Hadeka - Hidro Daya Kinerja', '08112240921', NULL, 'membutuhkan', '2024-09-28 22:25:16', '2024-09-28 22:25:16', 216, 11, 'TRX-rl3tRnfN', 'belum_hadir', NULL),
(163, 'Namin Awaludin', 'Majelis taklim', '08990911028', NULL, 'membutuhkan', '2024-09-29 18:35:32', '2024-09-29 18:35:32', 217, 11, 'TRX-COX4vchl', 'belum_hadir', NULL),
(164, 'Idris Sukses', 'IDRIS SUKSES', '085697000621', NULL, 'membutuhkan', '2024-09-30 02:31:09', '2024-09-30 02:31:09', 218, 11, 'TRX-KMdt4Mhm', 'belum_hadir', NULL),
(165, 'yusnita hijab', 'WE Genpro', '085784520988', NULL, 'membutuhkan', '2024-09-30 02:47:11', '2024-09-30 02:47:11', 219, 11, 'TRX-nJ9WaCfd', 'belum_hadir', NULL),
(166, 'Tanty era putri', 'GCEDİ Architecture & Interior services', '082176339297', NULL, 'membutuhkan', '2024-09-30 03:11:53', '2024-09-30 03:11:53', 220, 11, 'TRX-OS1dW9Zi', 'belum_hadir', NULL),
(167, 'Burhanuddin Hamid D', 'IMANI Hospital & Consulting', '628113512121', NULL, 'membutuhkan', '2024-09-30 19:25:11', '2024-09-30 19:25:11', 221, 11, 'TRX-s60UU7Rd', 'belum_hadir', NULL),
(168, 'Dr. Burhanuddin Hamid', 'IMANI', '08113512121', NULL, 'membutuhkan', '2024-09-30 19:42:13', '2024-09-30 19:42:13', 222, 11, 'TRX-k1Pv2vPI', 'belum_hadir', NULL),
(169, 'Yulia Candra rahmadewi', 'PT. Juwara Prima Food', '08118427004', NULL, 'membutuhkan', '2024-10-01 05:20:10', '2024-10-01 05:20:10', 223, 11, 'TRX-sOcRVNTf', 'belum_hadir', NULL),
(170, 'Ario Bismoko', 'Imani Primary Care', '087785682709', NULL, 'membutuhkan', '2024-10-01 17:42:17', '2024-10-01 17:42:17', 224, 11, 'TRX-GtG1p4A9', 'belum_hadir', NULL),
(171, 'zahfan asadalloh', 'Misafir Education', '08111282945', NULL, 'membutuhkan', '2024-10-01 18:49:20', '2024-10-01 18:49:20', 225, 11, 'TRX-iflifXus', 'belum_hadir', NULL),
(172, 'Galih Setyaji', 'Imani Persada Cemerlang', '085714216420', NULL, 'belum_membutuhkan', '2024-10-01 23:02:03', '2024-10-01 23:02:03', 226, 11, 'TRX-XEdJ03rF', 'belum_hadir', NULL),
(173, 'Hanan Tsabitah', 'Natura Dental Center', '6282210033107', NULL, 'membutuhkan', '2024-10-02 04:43:47', '2024-10-02 04:43:47', 227, 11, 'TRX-sLHG5Hcu', 'belum_hadir', NULL),
(174, 'Daud Abdi Panuntun', 'PT RESIK BUMI PERKASA', '081391112337', NULL, 'membutuhkan', '2024-10-02 17:24:50', '2024-10-02 17:24:50', 228, 11, 'TRX-rO9eOjBt', 'belum_hadir', NULL),
(175, 'Desi Pertiwi', 'ArRoyyan store', '081388748320', NULL, 'membutuhkan', '2024-10-02 19:17:19', '2024-10-02 19:17:19', 229, 11, 'TRX-kM0YE0Zm', 'belum_hadir', NULL),
(176, 'Lapak Emak', 'Lapak emak', '087864382488', NULL, 'membutuhkan', '2024-10-02 21:53:33', '2024-10-02 21:53:33', 230, 11, 'TRX-7OscqWeE', 'belum_hadir', NULL),
(177, 'Wawan', 'asdfadsf', '0813', NULL, 'belum_membutuhkan', '2024-11-29 19:35:40', '2024-11-29 19:35:40', 255, 13, 'up4muWo2', 'belum_hadir', NULL),
(178, 'sensiani mustafa', '0', '0', NULL, 'belum_membutuhkan', '2024-12-01 05:29:02', '2024-12-01 05:29:02', 256, 13, 'nE3Dyl7K', 'belum_hadir', NULL),
(179, 'Mursid Naufal', 'MEDISIN', '081111110108', NULL, 'membutuhkan', '2024-12-02 02:01:34', '2024-12-02 02:01:34', 257, 13, 'AnehjgWs', 'belum_hadir', NULL),
(180, 'Wawan', 'asdfadsf', '0813', NULL, 'belum_membutuhkan', '2024-12-02 03:55:45', '2024-12-02 03:55:45', 258, 13, 'Wpafz7yN', 'belum_hadir', NULL),
(181, 'Hilma Wahdatul Kamilah', 'Gasin', '081398628003', NULL, NULL, '2024-12-03 04:04:08', '2024-12-03 04:04:08', 259, 14, 'fkWKeDYX', 'belum_hadir', NULL),
(182, 'Hilma Wahdatul Kamilah', 'Gasin', '081398628003', NULL, NULL, '2024-12-03 04:04:12', '2024-12-03 04:04:12', 261, 14, '1SYLKoJR', 'belum_hadir', NULL),
(183, 'Hilma Wahdatul Kamilah', 'Gasin', '081398628003', NULL, NULL, '2024-12-03 04:04:13', '2024-12-03 04:04:13', 260, 14, 'AicMhWKp', 'belum_hadir', NULL),
(184, 'Suhaidi Edy', 'CV. GLOBAL INDONESIA SUKSES', '085789000111', NULL, 'belum_membutuhkan', '2024-12-03 17:24:59', '2024-12-03 17:24:59', 262, 13, 'GvFMw9vR', 'belum_hadir', NULL),
(185, 'Jupriadi', 'CV Rinjani Persada', '085237346711', NULL, 'membutuhkan', '2024-12-03 18:52:49', '2024-12-03 18:52:49', 263, 13, '1GQo9KNA', 'belum_hadir', NULL),
(186, 'Firda', 'Nefira store', '08568414897', NULL, NULL, '2024-12-03 23:10:57', '2024-12-03 23:10:57', 264, 14, 'q8WnhFXp', 'belum_hadir', NULL),
(187, 'Dwi', NULL, '085719748574', NULL, NULL, '2024-12-03 23:10:57', '2024-12-03 23:10:57', 264, 14, '2h2BCgNv', 'belum_hadir', NULL),
(188, 'Syaiful Zaman Tawakal', 'PT Selaras Rasakoe Indonesia', '081218443533', NULL, 'membutuhkan', '2024-12-04 00:03:58', '2024-12-04 00:03:58', 265, 13, 'wR378BIW', 'belum_hadir', NULL),
(189, 'Husni Muslim', 'Insan Karima Group', '08127508115', NULL, 'membutuhkan', '2024-12-04 01:58:34', '2024-12-04 01:58:34', 266, 13, 'OUFYDBbS', 'belum_hadir', NULL),
(190, 'Wawan', 'asdfadsf', '0813', NULL, NULL, '2024-12-04 06:52:10', '2024-12-04 06:52:10', 267, 14, 'NaPh79Sb', 'belum_hadir', NULL),
(191, 'Hermawan Tan', NULL, '081351442797', NULL, NULL, '2024-12-04 07:22:22', '2024-12-04 07:22:22', 268, 14, 'PKuc9da6', 'belum_hadir', NULL),
(192, 'Hermawan Tan', NULL, '081351442797', NULL, NULL, '2024-12-04 07:27:06', '2024-12-04 07:27:06', 269, 14, 'W8XfXvS5', 'belum_hadir', NULL),
(193, 'Hermawan Tan', NULL, '081351442797', NULL, NULL, '2024-12-04 07:28:14', '2024-12-04 07:28:14', 270, 14, 'PjS597dE', 'belum_hadir', NULL),
(194, 'hermawan tan', NULL, '081351442797', NULL, NULL, '2024-12-04 07:29:30', '2024-12-04 07:29:30', 271, 14, 'TP0Cmdv1', 'belum_hadir', NULL),
(195, 'hermawan tan', NULL, '081351442797', NULL, NULL, '2024-12-04 07:34:31', '2024-12-04 07:34:31', 272, 14, 'T6XOfOyK', 'belum_hadir', NULL),
(196, 'Astri Priyani', NULL, '087847095388', NULL, NULL, '2024-12-04 08:44:58', '2024-12-04 08:44:58', 273, 14, '49WSKdto', 'belum_hadir', NULL),
(197, 'Hasna Az-Zahra', NULL, '089653150425', NULL, NULL, '2024-12-04 08:44:58', '2024-12-04 08:44:58', 273, 14, 'xgVE6PUl', 'belum_hadir', NULL),
(198, 'Yumna Rifdatussalma', NULL, '08170106572', NULL, NULL, '2024-12-04 08:44:58', '2024-12-04 08:44:58', 273, 14, 'dAuwzfxv', 'belum_hadir', NULL),
(199, 'Abizard Muhammad Faraz Raufa', NULL, '08170106572', NULL, NULL, '2024-12-04 08:44:58', '2024-12-04 08:44:58', 273, 14, '0FVvB9rS', 'belum_hadir', NULL),
(200, 'Murdiansyah', NULL, '08170106572', NULL, NULL, '2024-12-04 08:44:58', '2024-12-04 08:44:58', 273, 14, 'Lyf4tedR', 'belum_hadir', NULL),
(201, 'Astri Priyani', NULL, '087847095388', NULL, NULL, '2024-12-04 08:45:03', '2024-12-04 08:45:03', 274, 14, 'eZcpjD1m', 'belum_hadir', NULL),
(202, 'Hasna Az-Zahra', NULL, '089653150425', NULL, NULL, '2024-12-04 08:45:03', '2024-12-04 08:45:03', 274, 14, 'fETnPrNO', 'belum_hadir', NULL),
(203, 'Yumna Rifdatussalma', NULL, '08170106572', NULL, NULL, '2024-12-04 08:45:03', '2024-12-04 08:45:03', 274, 14, 'hxZWcLZf', 'belum_hadir', NULL),
(204, 'Abizard Muhammad Faraz Raufa', NULL, '08170106572', NULL, NULL, '2024-12-04 08:45:03', '2024-12-04 08:45:03', 274, 14, 'UttDGECg', 'belum_hadir', NULL),
(205, 'Murdiansyah', NULL, '08170106572', NULL, NULL, '2024-12-04 08:45:03', '2024-12-04 08:45:03', 274, 14, 'U0oShk9t', 'belum_hadir', NULL),
(206, 'Astri Priyani', NULL, '087847095388', NULL, NULL, '2024-12-04 08:45:04', '2024-12-04 08:45:04', 275, 14, 'rPnvtEKc', 'belum_hadir', NULL),
(207, 'Hasna Az-Zahra', NULL, '089653150425', NULL, NULL, '2024-12-04 08:45:04', '2024-12-04 08:45:04', 275, 14, 'idz6bIDB', 'belum_hadir', NULL),
(208, 'Yumna Rifdatussalma', NULL, '08170106572', NULL, NULL, '2024-12-04 08:45:04', '2024-12-04 08:45:04', 275, 14, 'SQz0eQrF', 'belum_hadir', NULL),
(209, 'Abizard Muhammad Faraz Raufa', NULL, '08170106572', NULL, NULL, '2024-12-04 08:45:04', '2024-12-04 08:45:04', 275, 14, 'dv2UlKLo', 'belum_hadir', NULL),
(210, 'Murdiansyah', NULL, '08170106572', NULL, NULL, '2024-12-04 08:45:04', '2024-12-04 08:45:04', 275, 14, '5PwPmEpw', 'belum_hadir', NULL),
(211, 'Astri Priyani', NULL, '087847095388', NULL, NULL, '2024-12-04 08:45:05', '2024-12-04 08:45:05', 276, 14, '12xVUsWb', 'belum_hadir', NULL),
(212, 'Hasna Az-Zahra', NULL, '089653150425', NULL, NULL, '2024-12-04 08:45:05', '2024-12-04 08:45:05', 276, 14, 'ErNfwwTY', 'belum_hadir', NULL),
(213, 'Yumna Rifdatussalma', NULL, '08170106572', NULL, NULL, '2024-12-04 08:45:05', '2024-12-04 08:45:05', 276, 14, 'xWWBZKYf', 'belum_hadir', NULL),
(214, 'Abizard Muhammad Faraz Raufa', NULL, '08170106572', NULL, NULL, '2024-12-04 08:45:05', '2024-12-04 08:45:05', 276, 14, '3fvo1z6n', 'belum_hadir', NULL),
(215, 'Murdiansyah', NULL, '08170106572', NULL, NULL, '2024-12-04 08:45:05', '2024-12-04 08:45:05', 276, 14, 'TuJ5kseC', 'belum_hadir', NULL),
(216, 'Astri Priyani', NULL, '087847095388', NULL, NULL, '2024-12-04 08:45:05', '2024-12-04 08:45:05', 277, 14, 'ROsVzCWD', 'belum_hadir', NULL),
(217, 'Hasna Az-Zahra', NULL, '089653150425', NULL, NULL, '2024-12-04 08:45:05', '2024-12-04 08:45:05', 277, 14, 'QwKXVxHU', 'belum_hadir', NULL),
(218, 'Yumna Rifdatussalma', NULL, '08170106572', NULL, NULL, '2024-12-04 08:45:05', '2024-12-04 08:45:05', 277, 14, 'i0v81WS5', 'belum_hadir', NULL),
(219, 'Abizard Muhammad Faraz Raufa', NULL, '08170106572', NULL, NULL, '2024-12-04 08:45:05', '2024-12-04 08:45:05', 277, 14, 'ixHIhyOb', 'belum_hadir', NULL),
(220, 'Murdiansyah', NULL, '08170106572', NULL, NULL, '2024-12-04 08:45:05', '2024-12-04 08:45:05', 277, 14, 'cJSGOU4P', 'belum_hadir', NULL),
(221, 'Astri Priyani', NULL, '087847095388', NULL, NULL, '2024-12-04 08:45:08', '2024-12-04 08:45:08', 278, 14, 'tkaPMkZx', 'belum_hadir', NULL),
(222, 'Hasna Az-Zahra', NULL, '089653150425', NULL, NULL, '2024-12-04 08:45:08', '2024-12-04 08:45:08', 278, 14, 'kTpYjpQA', 'belum_hadir', NULL),
(223, 'Yumna Rifdatussalma', NULL, '08170106572', NULL, NULL, '2024-12-04 08:45:08', '2024-12-04 08:45:08', 278, 14, 'F2Z8L9gu', 'belum_hadir', NULL),
(224, 'Abizard Muhammad Faraz Raufa', NULL, '08170106572', NULL, NULL, '2024-12-04 08:45:08', '2024-12-04 08:45:08', 278, 14, 'xCJQcHET', 'belum_hadir', NULL),
(225, 'Murdiansyah', NULL, '08170106572', NULL, NULL, '2024-12-04 08:45:08', '2024-12-04 08:45:08', 278, 14, 'Oa70Z2Yv', 'belum_hadir', NULL),
(226, 'Astri Priyani', NULL, '087847095388', NULL, NULL, '2024-12-04 08:45:10', '2024-12-04 08:45:10', 279, 14, 'Azm6srtl', 'belum_hadir', NULL),
(227, 'Hasna Az-Zahra', NULL, '089653150425', NULL, NULL, '2024-12-04 08:45:10', '2024-12-04 08:45:10', 279, 14, 'e8lcpYc8', 'belum_hadir', NULL),
(228, 'Yumna Rifdatussalma', NULL, '08170106572', NULL, NULL, '2024-12-04 08:45:10', '2024-12-04 08:45:10', 279, 14, 'uVbMm6Ft', 'belum_hadir', NULL),
(229, 'Abizard Muhammad Faraz Raufa', NULL, '08170106572', NULL, NULL, '2024-12-04 08:45:10', '2024-12-04 08:45:10', 279, 14, 'Je79vlH5', 'belum_hadir', NULL),
(230, 'Murdiansyah', NULL, '08170106572', NULL, NULL, '2024-12-04 08:45:10', '2024-12-04 08:45:10', 279, 14, '3jNu7TH2', 'belum_hadir', NULL),
(231, 'Astri Priyani', NULL, '087847095388', NULL, NULL, '2024-12-04 08:45:11', '2024-12-04 08:45:11', 280, 14, 'MQWWlUBv', 'belum_hadir', NULL),
(232, 'Hasna Az-Zahra', NULL, '089653150425', NULL, NULL, '2024-12-04 08:45:11', '2024-12-04 08:45:11', 280, 14, 'zVROHIed', 'belum_hadir', NULL),
(233, 'Yumna Rifdatussalma', NULL, '08170106572', NULL, NULL, '2024-12-04 08:45:11', '2024-12-04 08:45:11', 280, 14, 'C434wpu9', 'belum_hadir', NULL),
(234, 'Abizard Muhammad Faraz Raufa', NULL, '08170106572', NULL, NULL, '2024-12-04 08:45:11', '2024-12-04 08:45:11', 280, 14, '7l0ZoUOo', 'belum_hadir', NULL),
(235, 'Murdiansyah', NULL, '08170106572', NULL, NULL, '2024-12-04 08:45:11', '2024-12-04 08:45:11', 280, 14, 'klSQepU5', 'belum_hadir', NULL),
(236, 'Astri Priyani', NULL, '087847095388', NULL, NULL, '2024-12-04 08:45:11', '2024-12-04 08:45:11', 281, 14, 'FfXNy3We', 'belum_hadir', NULL),
(237, 'Hasna Az-Zahra', NULL, '089653150425', NULL, NULL, '2024-12-04 08:45:11', '2024-12-04 08:45:11', 281, 14, '21t66oK0', 'belum_hadir', NULL),
(238, 'Yumna Rifdatussalma', NULL, '08170106572', NULL, NULL, '2024-12-04 08:45:11', '2024-12-04 08:45:11', 281, 14, 'H2nLBUTv', 'belum_hadir', NULL),
(239, 'Abizard Muhammad Faraz Raufa', NULL, '08170106572', NULL, NULL, '2024-12-04 08:45:11', '2024-12-04 08:45:11', 281, 14, 'XDR8Khvo', 'belum_hadir', NULL),
(240, 'Murdiansyah', NULL, '08170106572', NULL, NULL, '2024-12-04 08:45:11', '2024-12-04 08:45:11', 281, 14, '2SKpFebN', 'belum_hadir', NULL),
(241, 'Astri Priyani', NULL, '087847095388', NULL, NULL, '2024-12-04 08:45:12', '2024-12-04 08:45:12', 282, 14, 'ToB5tSn9', 'belum_hadir', NULL),
(242, 'Hasna Az-Zahra', NULL, '089653150425', NULL, NULL, '2024-12-04 08:45:12', '2024-12-04 08:45:12', 282, 14, '3YFLMB7g', 'belum_hadir', NULL),
(243, 'Yumna Rifdatussalma', NULL, '08170106572', NULL, NULL, '2024-12-04 08:45:12', '2024-12-04 08:45:12', 282, 14, 'tTnI3ObR', 'belum_hadir', NULL),
(244, 'Abizard Muhammad Faraz Raufa', NULL, '08170106572', NULL, NULL, '2024-12-04 08:45:12', '2024-12-04 08:45:12', 282, 14, 'OfuXV34L', 'belum_hadir', NULL),
(245, 'Murdiansyah', NULL, '08170106572', NULL, NULL, '2024-12-04 08:45:12', '2024-12-04 08:45:12', 282, 14, 'Z6rImeFD', 'belum_hadir', NULL),
(246, 'Astri Priyani', NULL, '087847095388', NULL, NULL, '2024-12-04 08:45:12', '2024-12-04 08:45:12', 283, 14, 'pdEmdgAP', 'belum_hadir', NULL),
(247, 'Hasna Az-Zahra', NULL, '089653150425', NULL, NULL, '2024-12-04 08:45:12', '2024-12-04 08:45:12', 283, 14, 'oHNVaZ4R', 'belum_hadir', NULL),
(248, 'Yumna Rifdatussalma', NULL, '08170106572', NULL, NULL, '2024-12-04 08:45:12', '2024-12-04 08:45:12', 283, 14, 'McTN652h', 'belum_hadir', NULL),
(249, 'Abizard Muhammad Faraz Raufa', NULL, '08170106572', NULL, NULL, '2024-12-04 08:45:12', '2024-12-04 08:45:12', 283, 14, 'spG5fWfd', 'belum_hadir', NULL),
(250, 'Murdiansyah', NULL, '08170106572', NULL, NULL, '2024-12-04 08:45:12', '2024-12-04 08:45:12', 283, 14, '2BowvSnO', 'belum_hadir', NULL),
(251, 'Astri Priyani', NULL, '087847095388', NULL, NULL, '2024-12-04 08:45:12', '2024-12-04 08:45:12', 284, 14, 'snt3t870', 'belum_hadir', NULL),
(252, 'Hasna Az-Zahra', NULL, '089653150425', NULL, NULL, '2024-12-04 08:45:12', '2024-12-04 08:45:12', 284, 14, 'rGR2V25r', 'belum_hadir', NULL),
(253, 'Yumna Rifdatussalma', NULL, '08170106572', NULL, NULL, '2024-12-04 08:45:12', '2024-12-04 08:45:12', 284, 14, 'XmchwcqT', 'belum_hadir', NULL),
(254, 'Abizard Muhammad Faraz Raufa', NULL, '08170106572', NULL, NULL, '2024-12-04 08:45:12', '2024-12-04 08:45:12', 284, 14, 'qnXfzjDK', 'belum_hadir', NULL),
(255, 'Murdiansyah', NULL, '08170106572', NULL, NULL, '2024-12-04 08:45:12', '2024-12-04 08:45:12', 284, 14, 'U8KpSAN1', 'belum_hadir', NULL),
(256, 'Astri Priyani', NULL, '087847095388', NULL, NULL, '2024-12-04 08:45:12', '2024-12-04 08:45:12', 285, 14, '9KceV8Ri', 'belum_hadir', NULL),
(257, 'Hasna Az-Zahra', NULL, '089653150425', NULL, NULL, '2024-12-04 08:45:12', '2024-12-04 08:45:12', 285, 14, 'EMOzM17j', 'belum_hadir', NULL),
(258, 'Yumna Rifdatussalma', NULL, '08170106572', NULL, NULL, '2024-12-04 08:45:12', '2024-12-04 08:45:12', 285, 14, 'QIu29lCe', 'belum_hadir', NULL),
(259, 'Abizard Muhammad Faraz Raufa', NULL, '08170106572', NULL, NULL, '2024-12-04 08:45:12', '2024-12-04 08:45:12', 285, 14, 'sWrd8VZ5', 'belum_hadir', NULL),
(260, 'Murdiansyah', NULL, '08170106572', NULL, NULL, '2024-12-04 08:45:12', '2024-12-04 08:45:12', 285, 14, 'yMM6zent', 'belum_hadir', NULL),
(261, 'Astri Priyani', NULL, '087847095388', NULL, NULL, '2024-12-04 08:45:13', '2024-12-04 08:45:13', 286, 14, 'anUgU8mU', 'belum_hadir', NULL),
(262, 'Hasna Az-Zahra', NULL, '089653150425', NULL, NULL, '2024-12-04 08:45:13', '2024-12-04 08:45:13', 286, 14, 'IDCvRMKz', 'belum_hadir', NULL),
(263, 'Yumna Rifdatussalma', NULL, '08170106572', NULL, NULL, '2024-12-04 08:45:13', '2024-12-04 08:45:13', 286, 14, 'DHMsZZpl', 'belum_hadir', NULL),
(264, 'Abizard Muhammad Faraz Raufa', NULL, '08170106572', NULL, NULL, '2024-12-04 08:45:13', '2024-12-04 08:45:13', 286, 14, 'EmcionN2', 'belum_hadir', NULL),
(265, 'Murdiansyah', NULL, '08170106572', NULL, NULL, '2024-12-04 08:45:13', '2024-12-04 08:45:13', 286, 14, '7qwtGiZQ', 'belum_hadir', NULL),
(266, 'Astri Priyani', NULL, '087847095388', NULL, NULL, '2024-12-04 08:45:13', '2024-12-04 08:45:13', 287, 14, 'sFuTmiPc', 'belum_hadir', NULL),
(267, 'Hasna Az-Zahra', NULL, '089653150425', NULL, NULL, '2024-12-04 08:45:13', '2024-12-04 08:45:13', 287, 14, 'hvG0nK2O', 'belum_hadir', NULL),
(268, 'Yumna Rifdatussalma', NULL, '08170106572', NULL, NULL, '2024-12-04 08:45:13', '2024-12-04 08:45:13', 287, 14, 'iHl7j7Dp', 'belum_hadir', NULL),
(269, 'Abizard Muhammad Faraz Raufa', NULL, '08170106572', NULL, NULL, '2024-12-04 08:45:13', '2024-12-04 08:45:13', 287, 14, '6RKONxGH', 'belum_hadir', NULL),
(270, 'Murdiansyah', NULL, '08170106572', NULL, NULL, '2024-12-04 08:45:13', '2024-12-04 08:45:13', 287, 14, 'rLfnlFtS', 'belum_hadir', NULL),
(271, 'Astri Priyani', NULL, '087847095388', NULL, NULL, '2024-12-04 08:45:14', '2024-12-04 08:45:14', 288, 14, 'DqWpJe7y', 'belum_hadir', NULL),
(272, 'Hasna Az-Zahra', NULL, '089653150425', NULL, NULL, '2024-12-04 08:45:14', '2024-12-04 08:45:14', 288, 14, '7J9c4aGI', 'belum_hadir', NULL),
(273, 'Yumna Rifdatussalma', NULL, '08170106572', NULL, NULL, '2024-12-04 08:45:14', '2024-12-04 08:45:14', 288, 14, 'LJkoC5wU', 'belum_hadir', NULL),
(274, 'Abizard Muhammad Faraz Raufa', NULL, '08170106572', NULL, NULL, '2024-12-04 08:45:14', '2024-12-04 08:45:14', 288, 14, 'Mo52JiVT', 'belum_hadir', NULL),
(275, 'Murdiansyah', NULL, '08170106572', NULL, NULL, '2024-12-04 08:45:14', '2024-12-04 08:45:14', 288, 14, 'CXArcsnY', 'belum_hadir', NULL),
(276, 'Astri Priyani', NULL, '087847095388', NULL, NULL, '2024-12-04 08:45:14', '2024-12-04 08:45:14', 289, 14, 'tJy1Wuy3', 'belum_hadir', NULL),
(277, 'Hasna Az-Zahra', NULL, '089653150425', NULL, NULL, '2024-12-04 08:45:14', '2024-12-04 08:45:14', 289, 14, 'W5HWWuLf', 'belum_hadir', NULL),
(278, 'Yumna Rifdatussalma', NULL, '08170106572', NULL, NULL, '2024-12-04 08:45:14', '2024-12-04 08:45:14', 289, 14, 'Be4UWk2D', 'belum_hadir', NULL),
(279, 'Abizard Muhammad Faraz Raufa', NULL, '08170106572', NULL, NULL, '2024-12-04 08:45:14', '2024-12-04 08:45:14', 289, 14, 'cdOoI9DZ', 'belum_hadir', NULL),
(280, 'Murdiansyah', NULL, '08170106572', NULL, NULL, '2024-12-04 08:45:14', '2024-12-04 08:45:14', 289, 14, 'GctNyjKg', 'belum_hadir', NULL),
(281, 'Astri Priyani', NULL, '087847095388', NULL, NULL, '2024-12-04 08:45:14', '2024-12-04 08:45:14', 290, 14, 'xmD2aTyB', 'belum_hadir', NULL),
(282, 'Hasna Az-Zahra', NULL, '089653150425', NULL, NULL, '2024-12-04 08:45:14', '2024-12-04 08:45:14', 290, 14, 'slVcvjxq', 'belum_hadir', NULL),
(283, 'Yumna Rifdatussalma', NULL, '08170106572', NULL, NULL, '2024-12-04 08:45:14', '2024-12-04 08:45:14', 290, 14, '8OhOobrm', 'belum_hadir', NULL),
(284, 'Abizard Muhammad Faraz Raufa', NULL, '08170106572', NULL, NULL, '2024-12-04 08:45:14', '2024-12-04 08:45:14', 290, 14, 'NJumEegN', 'belum_hadir', NULL),
(285, 'Murdiansyah', NULL, '08170106572', NULL, NULL, '2024-12-04 08:45:14', '2024-12-04 08:45:14', 290, 14, 'YRuHSRic', 'belum_hadir', NULL),
(286, 'Muhammad Rodhi', NULL, '085888451351', NULL, NULL, '2024-12-04 08:53:50', '2024-12-04 08:53:50', 291, 14, 'OYTCi1qa', 'belum_hadir', NULL),
(287, 'Muhammad Rodhi', NULL, '085888451351', NULL, NULL, '2024-12-04 08:53:52', '2024-12-04 08:53:52', 292, 14, 'cGAYiCHb', 'belum_hadir', NULL),
(288, 'Muhammad Rodhi', NULL, '085888451351', NULL, NULL, '2024-12-04 08:53:52', '2024-12-04 08:53:52', 293, 14, '5qsyubMn', 'belum_hadir', NULL),
(289, 'Muhammad Rodhi', NULL, '085888451351', NULL, NULL, '2024-12-04 08:53:53', '2024-12-04 08:53:53', 294, 14, 'tqIJ43l0', 'belum_hadir', NULL),
(290, 'Muhammad Rodhi', NULL, '085888451351', NULL, NULL, '2024-12-04 08:53:53', '2024-12-04 08:53:53', 295, 14, '4aox3Rso', 'belum_hadir', NULL),
(291, 'Muhammad Rodhi', NULL, '085888451351', NULL, NULL, '2024-12-04 08:53:53', '2024-12-04 08:53:53', 296, 14, 'FhF1qbLo', 'belum_hadir', NULL),
(292, 'Muhammad Rodhi', NULL, '085888451351', NULL, NULL, '2024-12-04 08:53:53', '2024-12-04 08:53:53', 297, 14, 'mwDFqjve', 'belum_hadir', NULL),
(293, 'Muhammad Rodhi', NULL, '085888451351', NULL, NULL, '2024-12-04 08:53:53', '2024-12-04 08:53:53', 298, 14, 'KlsqUdNu', 'belum_hadir', NULL),
(294, 'Muhammad Rodhi', NULL, '085888451351', NULL, NULL, '2024-12-04 08:53:58', '2024-12-04 08:53:58', 299, 14, 'xVu0BtOy', 'belum_hadir', NULL),
(295, 'Lathifah', NULL, '087847095388', NULL, NULL, '2024-12-04 14:23:54', '2024-12-04 14:23:54', 300, 14, 'MgiwRJSX', 'belum_hadir', NULL),
(296, 'Priyati', NULL, '087847095388', NULL, NULL, '2024-12-04 14:23:54', '2024-12-04 14:23:54', 300, 14, 'GP36SivD', 'belum_hadir', NULL),
(297, 'Lathifah', NULL, '087847095388', NULL, NULL, '2024-12-04 14:23:56', '2024-12-04 14:23:56', 301, 14, 'IuIysA89', 'belum_hadir', NULL),
(298, 'Priyati', NULL, '087847095388', NULL, NULL, '2024-12-04 14:23:56', '2024-12-04 14:23:56', 301, 14, 'OIXQ573i', 'belum_hadir', NULL),
(299, 'Lathifah', NULL, '087847095388', NULL, NULL, '2024-12-04 14:23:58', '2024-12-04 14:23:58', 302, 14, 'lUHUPebk', 'belum_hadir', NULL),
(300, 'Priyati', NULL, '087847095388', NULL, NULL, '2024-12-04 14:23:58', '2024-12-04 14:23:58', 302, 14, 'w324jS1p', 'belum_hadir', NULL),
(301, 'Lathifah', NULL, '087847095388', NULL, NULL, '2024-12-04 14:23:59', '2024-12-04 14:23:59', 303, 14, 'A3928iUM', 'belum_hadir', NULL),
(302, 'Priyati', NULL, '087847095388', NULL, NULL, '2024-12-04 14:23:59', '2024-12-04 14:23:59', 303, 14, 'i9WFAB02', 'belum_hadir', NULL),
(303, 'Lathifah', NULL, '087847095388', NULL, NULL, '2024-12-04 14:23:59', '2024-12-04 14:23:59', 304, 14, 'RBkmwCZM', 'belum_hadir', NULL),
(304, 'Priyati', NULL, '087847095388', NULL, NULL, '2024-12-04 14:23:59', '2024-12-04 14:23:59', 304, 14, 'QVB1Efj1', 'belum_hadir', NULL),
(305, 'Lathifah', NULL, '087847095388', NULL, NULL, '2024-12-04 14:24:00', '2024-12-04 14:24:00', 305, 14, 'SG6y5n4t', 'belum_hadir', NULL),
(306, 'Priyati', NULL, '087847095388', NULL, NULL, '2024-12-04 14:24:00', '2024-12-04 14:24:00', 305, 14, 'Lco2nRTH', 'belum_hadir', NULL),
(307, 'Lathifah', NULL, '087847095388', NULL, NULL, '2024-12-04 14:24:00', '2024-12-04 14:24:00', 306, 14, 'oO0yiDvF', 'belum_hadir', NULL),
(308, 'Priyati', NULL, '087847095388', NULL, NULL, '2024-12-04 14:24:00', '2024-12-04 14:24:00', 306, 14, 'EN1Daenh', 'belum_hadir', NULL),
(309, 'Emi Susanti', 'IUKLIN Shoap', '085271271383', NULL, 'membutuhkan', '2024-12-04 16:39:06', '2024-12-04 16:39:06', 307, 13, 'LpbA5YnU', 'belum_hadir', NULL),
(310, 'Halimatus Sa\'diyah', NULL, '081389961205', NULL, NULL, '2024-12-04 18:42:20', '2024-12-04 18:42:20', 308, 14, 'QzCSeC6u', 'belum_hadir', NULL),
(311, 'Sholahuddin Al Ayyubi', NULL, '08561525050', NULL, NULL, '2024-12-04 18:42:20', '2024-12-04 18:42:20', 308, 14, 'VL8rL3dN', 'belum_hadir', NULL),
(312, 'Yunita', NULL, '081386584930', NULL, NULL, '2024-12-04 19:17:38', '2024-12-04 19:17:38', 309, 14, 'CgBLFZAO', 'belum_hadir', NULL),
(313, 'Muhammad Khoirul Azzam', NULL, '081386584930', NULL, NULL, '2024-12-04 19:17:38', '2024-12-04 19:17:38', 309, 14, 'VaUdaD8N', 'belum_hadir', NULL),
(314, 'Muhammad Azri Hanafi', NULL, '081386584930', NULL, NULL, '2024-12-04 19:17:38', '2024-12-04 19:17:38', 309, 14, '7f8TwLED', 'belum_hadir', NULL),
(315, 'Muthiah', NULL, '089644305996', NULL, NULL, '2024-12-04 19:18:59', '2024-12-04 19:18:59', 310, 14, 'MhpGbEqD', 'belum_hadir', NULL),
(316, 'Muthiah', NULL, '089644305996', NULL, NULL, '2024-12-04 19:19:05', '2024-12-04 19:19:05', 311, 14, 'f46QWvcD', 'belum_hadir', NULL),
(317, 'Muthiah', NULL, '089644305996', NULL, NULL, '2024-12-04 19:19:07', '2024-12-04 19:19:07', 312, 14, 'jLoRp0Au', 'belum_hadir', NULL),
(318, 'Muthiah', NULL, '089644305996', NULL, NULL, '2024-12-04 19:19:08', '2024-12-04 19:19:08', 313, 14, 'XfoogfnG', 'belum_hadir', NULL),
(319, 'Muthiah', NULL, '089644305996', NULL, NULL, '2024-12-04 19:19:08', '2024-12-04 19:19:08', 314, 14, 'EOWfjPO7', 'belum_hadir', NULL),
(320, 'Muthiah', NULL, '089644305996', NULL, NULL, '2024-12-04 19:19:08', '2024-12-04 19:19:08', 315, 14, 'sxCAKDeo', 'belum_hadir', NULL),
(321, 'Muthiah', NULL, '089644305996', NULL, NULL, '2024-12-04 19:19:13', '2024-12-04 19:19:13', 316, 14, 'itV10MjJ', 'belum_hadir', NULL),
(322, 'Muthiah', NULL, '089644305996', NULL, NULL, '2024-12-04 19:19:15', '2024-12-04 19:19:15', 317, 14, 'LUlzj8Dg', 'belum_hadir', NULL),
(323, 'Muthiah', NULL, '089644305996', NULL, NULL, '2024-12-04 19:19:18', '2024-12-04 19:19:18', 318, 14, 'XlUQ8LJI', 'belum_hadir', NULL),
(324, 'Muthiah', NULL, '089644305996', NULL, NULL, '2024-12-04 19:20:12', '2024-12-04 19:20:12', 321, 14, 'qiPGMCBq', 'belum_hadir', NULL),
(325, 'Muthiah', NULL, '089644305996', NULL, NULL, '2024-12-04 19:20:12', '2024-12-04 19:20:12', 320, 14, 'L7LQMLHP', 'belum_hadir', NULL),
(326, 'Muthiah', NULL, '089644305996', NULL, NULL, '2024-12-04 19:20:12', '2024-12-04 19:20:12', 319, 14, 'w5MO8DpW', 'belum_hadir', NULL),
(327, 'Muthiah', NULL, '089644305996', NULL, NULL, '2024-12-04 19:20:12', '2024-12-04 19:20:12', 322, 14, 'V5bwdrop', 'belum_hadir', NULL),
(328, 'Muthiah', NULL, '089644305996', NULL, NULL, '2024-12-04 19:20:13', '2024-12-04 19:20:13', 323, 14, 'rmsYa8Lu', 'belum_hadir', NULL),
(329, 'Muthiah', NULL, '089644305996', NULL, NULL, '2024-12-04 19:20:13', '2024-12-04 19:20:13', 324, 14, 'zBBbofRS', 'belum_hadir', NULL);
INSERT INTO `transaction_details` (`id`, `name`, `company`, `phone_number`, `file`, `business_matching`, `created_at`, `updated_at`, `transaction_id`, `ticket_id`, `invoice`, `attendance_status`, `deleted_at`) VALUES
(330, 'Muthiah', NULL, '089644305996', NULL, NULL, '2024-12-04 19:20:13', '2024-12-04 19:20:13', 325, 14, 'fgu0Se2R', 'belum_hadir', NULL),
(331, 'Muthiah', NULL, '089644305996', NULL, NULL, '2024-12-04 19:20:14', '2024-12-04 19:20:14', 326, 14, 'WK4XpkII', 'belum_hadir', NULL),
(332, 'Muthiah', NULL, '089644305996', NULL, NULL, '2024-12-04 19:20:14', '2024-12-04 19:20:14', 327, 14, 'ZHWyAyNS', 'belum_hadir', NULL),
(333, 'Muthiah', NULL, '089644305996', NULL, NULL, '2024-12-04 19:20:14', '2024-12-04 19:20:14', 328, 14, 'kkrXJLEf', 'belum_hadir', NULL),
(334, 'Muthiah', NULL, '089644305996', NULL, NULL, '2024-12-04 19:20:14', '2024-12-04 19:20:14', 329, 14, '4Ch6v5N5', 'belum_hadir', NULL),
(335, 'Muthiah', NULL, '089644305996', NULL, NULL, '2024-12-04 19:20:17', '2024-12-04 19:20:17', 330, 14, '8ZAZKsdi', 'belum_hadir', NULL),
(336, 'Muthiah', NULL, '089644305996', NULL, NULL, '2024-12-04 19:20:17', '2024-12-04 19:20:17', 331, 14, 'KoEbYUzT', 'belum_hadir', NULL),
(337, 'Muthiah', NULL, '089644305996', NULL, NULL, '2024-12-04 19:20:17', '2024-12-04 19:20:17', 332, 14, '6GJvVCwM', 'belum_hadir', NULL),
(338, 'Muthiah', NULL, '089644305996', NULL, NULL, '2024-12-04 19:20:18', '2024-12-04 19:20:18', 333, 14, '7i1CRDM4', 'belum_hadir', NULL),
(339, 'Muthiah', NULL, '089644305996', NULL, NULL, '2024-12-04 19:20:18', '2024-12-04 19:20:18', 334, 14, 'c7uhm5ej', 'belum_hadir', NULL),
(340, 'Muthiah', NULL, '089644305996', NULL, NULL, '2024-12-04 19:20:19', '2024-12-04 19:20:19', 335, 14, 's7tLpoGx', 'belum_hadir', NULL),
(341, 'Muthiah', NULL, '089644305996', NULL, NULL, '2024-12-04 19:20:19', '2024-12-04 19:20:19', 336, 14, 'Arl7SsUt', 'belum_hadir', NULL),
(342, 'Muthiah', NULL, '089644305996', NULL, NULL, '2024-12-04 19:20:19', '2024-12-04 19:20:19', 337, 14, 'AwDX8htt', 'belum_hadir', NULL),
(343, 'Muthiah', NULL, '089644305996', NULL, NULL, '2024-12-04 19:21:07', '2024-12-04 19:21:07', 338, 14, 'IqQOQBMa', 'belum_hadir', NULL),
(344, 'Wawan', 'asdfadsf', '0813', NULL, 'belum_membutuhkan', '2024-12-04 20:12:21', '2024-12-04 20:12:21', 339, 13, 'jgca4X0b', 'belum_hadir', NULL),
(345, 'Hermawan Tan', NULL, '081351442797', NULL, NULL, '2024-12-04 20:12:56', '2024-12-04 20:12:56', 340, 14, '2vowBOv1', 'belum_hadir', NULL),
(346, 'Hamidatun ni\'mah', NULL, '+62 878-3886-2816', NULL, NULL, '2024-12-04 20:19:31', '2024-12-04 20:19:31', 341, 14, 'UcrOeuiJ', 'belum_hadir', NULL),
(347, 'Ismail', NULL, '085216340342', NULL, NULL, '2024-12-04 20:19:31', '2024-12-04 20:19:31', 341, 14, 'GIW17VyS', 'belum_hadir', NULL),
(348, 'Hamidatun ni\'mah', NULL, '+62 878-3886-2816', NULL, NULL, '2024-12-04 20:19:34', '2024-12-04 20:19:34', 342, 14, 'kReZx6uK', 'belum_hadir', NULL),
(349, 'Ismail', NULL, '085216340342', NULL, NULL, '2024-12-04 20:19:34', '2024-12-04 20:19:34', 342, 14, 'BWo91Hx2', 'belum_hadir', NULL),
(350, 'Hamidatun ni\'mah', NULL, '+62 878-3886-2816', NULL, NULL, '2024-12-04 20:19:35', '2024-12-04 20:19:35', 343, 14, 'G0rU6Tyo', 'belum_hadir', NULL),
(351, 'Ismail', NULL, '085216340342', NULL, NULL, '2024-12-04 20:19:35', '2024-12-04 20:19:35', 343, 14, 'W7xXKRXp', 'belum_hadir', NULL),
(352, 'Gilang Silmaulidia', NULL, '085693009106', NULL, NULL, '2024-12-04 22:06:32', '2024-12-04 22:06:32', 344, 14, 'yIi9Tlr0', 'belum_hadir', NULL),
(353, 'Yulia', NULL, '085210807604', NULL, NULL, '2024-12-04 22:10:59', '2024-12-04 22:10:59', 345, 14, 'OjXs2Vwb', 'belum_hadir', NULL),
(354, 'Yulia', NULL, '085210807604', NULL, NULL, '2024-12-04 22:11:02', '2024-12-04 22:11:02', 346, 14, '6FRFCQSQ', 'belum_hadir', NULL),
(355, 'Yulia', NULL, '085210807604', NULL, NULL, '2024-12-04 22:11:04', '2024-12-04 22:11:04', 347, 14, 'LsmrP8oP', 'belum_hadir', NULL),
(356, 'Yulia', NULL, '085210807604', NULL, NULL, '2024-12-04 22:11:05', '2024-12-04 22:11:05', 348, 14, '3B9EARm7', 'belum_hadir', NULL),
(357, 'Yulia', NULL, '085210807604', NULL, NULL, '2024-12-04 22:11:05', '2024-12-04 22:11:05', 349, 14, '3E6i4PYL', 'belum_hadir', NULL),
(358, 'Yulia', NULL, '085210807604', NULL, NULL, '2024-12-04 22:11:06', '2024-12-04 22:11:06', 350, 14, 'aBQQSROn', 'belum_hadir', NULL),
(359, 'Yulia', NULL, '085210807604', NULL, NULL, '2024-12-04 22:11:07', '2024-12-04 22:11:07', 351, 14, 'm4zqBmy1', 'belum_hadir', NULL),
(360, 'Yulia', NULL, '085210807604', NULL, NULL, '2024-12-04 22:11:07', '2024-12-04 22:11:07', 352, 14, 'wAofsMO2', 'belum_hadir', NULL),
(361, 'Yani', NULL, '081293291618', NULL, NULL, '2024-12-04 22:14:40', '2024-12-04 22:14:40', 353, 14, 'EOoOhSLZ', 'belum_hadir', NULL),
(362, 'H. Girman, ST., MM', 'Mitra Printing', '081326013206', NULL, 'membutuhkan', '2024-12-04 22:25:10', '2024-12-04 22:25:10', 354, 13, 'lNyJerSm', 'belum_hadir', NULL),
(363, 'Yulius Patimuri', NULL, '081586559280', NULL, NULL, '2024-12-04 22:37:45', '2024-12-04 22:37:45', 355, 14, 'NpDot6IW', 'belum_hadir', NULL),
(364, 'Yulius Patimuri', NULL, '081586559280', NULL, NULL, '2024-12-04 22:37:46', '2024-12-04 22:37:46', 356, 14, 'DfhtxFlt', 'belum_hadir', NULL),
(365, 'Yulius Patimuri', NULL, '081586559280', NULL, NULL, '2024-12-04 22:37:48', '2024-12-04 22:37:48', 357, 14, 'bfGZvJOE', 'belum_hadir', NULL),
(366, 'Muh Ngatsori Widyanto', NULL, '081331609926', NULL, NULL, '2024-12-04 22:40:33', '2024-12-04 22:40:33', 358, 14, 'EeAxGf6b', 'belum_hadir', NULL),
(367, 'Mulliyah', NULL, '+62 813-9964-6182', NULL, NULL, '2024-12-04 22:40:33', '2024-12-04 22:40:33', 358, 14, 'pT5NR9Ik', 'belum_hadir', NULL),
(368, 'Nurhayati', NULL, '085693280962', NULL, NULL, '2024-12-04 22:52:58', '2024-12-04 22:52:58', 359, 14, '4GiJufgD', 'belum_hadir', NULL),
(369, 'Djon Sarmaidi', NULL, '085692815176', NULL, NULL, '2024-12-04 22:52:58', '2024-12-04 22:52:58', 359, 14, '6JBf2rdz', 'belum_hadir', NULL),
(370, 'Afifah Sholihah', NULL, '08170213108', NULL, NULL, '2024-12-04 23:07:17', '2024-12-04 23:07:17', 360, 14, 'GQUrtEqm', 'belum_hadir', NULL),
(371, 'Afifah Sholihah', NULL, '08170213108', NULL, NULL, '2024-12-04 23:07:20', '2024-12-04 23:07:20', 361, 14, 'kmjhK4tB', 'belum_hadir', NULL),
(372, 'Afifah Sholihah', NULL, '08170213108', NULL, NULL, '2024-12-04 23:07:22', '2024-12-04 23:07:22', 362, 14, '2hpNirBx', 'belum_hadir', NULL),
(373, 'Afifah Sholihah', NULL, '08170213108', NULL, NULL, '2024-12-04 23:07:23', '2024-12-04 23:07:23', 363, 14, 'BgqljcgN', 'belum_hadir', NULL),
(374, 'Afifah Sholihah', NULL, '08170213108', NULL, NULL, '2024-12-04 23:07:29', '2024-12-04 23:07:29', 364, 14, 'pE4YU9rZ', 'belum_hadir', NULL),
(375, 'Afifah Sholihah', NULL, '08170213108', NULL, NULL, '2024-12-04 23:07:32', '2024-12-04 23:07:32', 365, 14, '97nghMtG', 'belum_hadir', NULL),
(376, 'Afifah Sholihah', NULL, '08170213108', NULL, NULL, '2024-12-04 23:07:32', '2024-12-04 23:07:32', 367, 14, 'feEGD1TU', 'belum_hadir', NULL),
(377, 'Afifah Sholihah', NULL, '08170213108', NULL, NULL, '2024-12-04 23:07:32', '2024-12-04 23:07:32', 366, 14, 'oouv8Qkf', 'belum_hadir', NULL),
(378, 'Afifah Sholihah', NULL, '08170213108', NULL, NULL, '2024-12-04 23:07:33', '2024-12-04 23:07:33', 368, 14, 'k5YXcCJB', 'belum_hadir', NULL),
(379, 'Afifah Sholihah', NULL, '08170213108', NULL, NULL, '2024-12-04 23:07:33', '2024-12-04 23:07:33', 369, 14, 'Ep4RgI8f', 'belum_hadir', NULL),
(380, 'Afifah Sholihah', NULL, '08170213108', NULL, NULL, '2024-12-04 23:07:33', '2024-12-04 23:07:33', 370, 14, 'F56BnZJV', 'belum_hadir', NULL),
(381, 'Salsabila', NULL, '081617512703', NULL, NULL, '2024-12-04 23:07:56', '2024-12-04 23:07:56', 371, 14, '8XwvexTF', 'belum_hadir', NULL),
(382, 'Juliati Tri Handayani', NULL, '085218489933', NULL, NULL, '2024-12-05 00:15:17', '2024-12-05 00:15:17', 372, 14, 'KVmWalIM', 'belum_hadir', NULL),
(383, 'Fatimah Nur Fauziah', NULL, '082385406907', NULL, NULL, '2024-12-05 00:15:18', '2024-12-05 00:15:18', 372, 14, 'X6TxOhrG', 'belum_hadir', NULL),
(384, 'Juliati Tri Handayani', NULL, '085218489933', NULL, NULL, '2024-12-05 00:15:26', '2024-12-05 00:15:26', 373, 14, 'rubdih47', 'belum_hadir', NULL),
(385, 'Fatimah Nur Fauziah', NULL, '082385406907', NULL, NULL, '2024-12-05 00:15:26', '2024-12-05 00:15:26', 373, 14, '8hdYwFqL', 'belum_hadir', NULL),
(386, 'Juliati Tri Handayani', NULL, '085218489933', NULL, NULL, '2024-12-05 00:15:45', '2024-12-05 00:15:45', 374, 14, 'sNtRHyRK', 'belum_hadir', NULL),
(387, 'Fatimah Nur Fauziah', NULL, '082385406907', NULL, NULL, '2024-12-05 00:15:45', '2024-12-05 00:15:45', 374, 14, 'CRLizf69', 'belum_hadir', NULL),
(388, 'Juliati Tri Handayani', NULL, '085218489933', NULL, NULL, '2024-12-05 00:15:47', '2024-12-05 00:15:47', 375, 14, 'D46FDAS3', 'belum_hadir', NULL),
(389, 'Fatimah Nur Fauziah', NULL, '082385406907', NULL, NULL, '2024-12-05 00:15:47', '2024-12-05 00:15:47', 375, 14, 'dciMbDfF', 'belum_hadir', NULL),
(390, 'Juliati Tri Handayani', NULL, '085218489933', NULL, NULL, '2024-12-05 00:15:48', '2024-12-05 00:15:48', 376, 14, '8clg7Tgz', 'belum_hadir', NULL),
(391, 'Fatimah Nur Fauziah', NULL, '082385406907', NULL, NULL, '2024-12-05 00:15:48', '2024-12-05 00:15:48', 376, 14, 'oqeWC7VL', 'belum_hadir', NULL),
(392, 'Juliati Tri Handayani', NULL, '085218489933', NULL, NULL, '2024-12-05 00:15:49', '2024-12-05 00:15:49', 377, 14, 's0bYdXiK', 'belum_hadir', NULL),
(393, 'Fatimah Nur Fauziah', NULL, '082385406907', NULL, NULL, '2024-12-05 00:15:49', '2024-12-05 00:15:49', 377, 14, 'znN96PtA', 'belum_hadir', NULL),
(394, 'Juliati Tri Handayani', NULL, '085218489933', NULL, NULL, '2024-12-05 00:15:50', '2024-12-05 00:15:50', 378, 14, 'FqfujFzV', 'belum_hadir', NULL),
(395, 'Fatimah Nur Fauziah', NULL, '082385406907', NULL, NULL, '2024-12-05 00:15:50', '2024-12-05 00:15:50', 378, 14, 'lYkhnXeD', 'belum_hadir', NULL),
(396, 'Juliati Tri Handayani', NULL, '085218489933', NULL, NULL, '2024-12-05 00:15:53', '2024-12-05 00:15:53', 379, 14, 'cyaCMH8L', 'belum_hadir', NULL),
(397, 'Fatimah Nur Fauziah', NULL, '082385406907', NULL, NULL, '2024-12-05 00:15:53', '2024-12-05 00:15:53', 379, 14, '1IVggPK8', 'belum_hadir', NULL),
(398, 'Tedi Iswanto', 'PT. Inspirasi Berkah Mandiri (Jasa Pengelolaan Digital Marketing dan Sosial Media Marketing)', '081285526272', NULL, 'membutuhkan', '2024-12-05 00:20:25', '2024-12-05 00:20:25', 380, 13, 'kQdmHD4d', 'belum_hadir', NULL),
(399, 'Roy', NULL, '+62 856-7904-720', NULL, NULL, '2024-12-05 01:16:37', '2024-12-05 01:16:37', 381, 14, 'jhxjVI38', 'belum_hadir', NULL),
(400, 'Unang Supriadi (Kang Unang)', 'PT Bintang Seragam Indonesia', '081310533099', NULL, 'membutuhkan', '2024-12-05 03:12:19', '2024-12-05 03:12:19', 382, 13, 'IwYLjvQ4', 'belum_hadir', NULL),
(401, 'Akhmad Arwyn Imamur Rozi', NULL, '085236798989', NULL, NULL, '2024-12-05 04:13:07', '2024-12-05 04:13:07', 383, 14, 'NC9fXc8Y', 'belum_hadir', NULL),
(402, 'Akhmad Arwyn Imamur Rozi', NULL, '085236798989', NULL, NULL, '2024-12-05 04:13:08', '2024-12-05 04:13:08', 384, 14, 'lY9Ikb21', 'belum_hadir', NULL),
(403, 'Zulrachmad Lonthor', NULL, '081281777118', NULL, NULL, '2024-12-05 04:45:48', '2024-12-05 04:45:48', 385, 14, 'XyduTiFV', 'belum_hadir', NULL),
(404, 'Septiawan', NULL, '081280121424', NULL, NULL, '2024-12-05 06:03:44', '2024-12-05 06:03:44', 386, 14, 'edn5FZcL', 'belum_hadir', NULL),
(405, 'Septiawan', NULL, '081280121424', NULL, NULL, '2024-12-05 06:03:45', '2024-12-05 06:03:45', 387, 14, 'gXwVDeQF', 'belum_hadir', NULL),
(406, 'Septiawan', NULL, '081280121424', NULL, NULL, '2024-12-05 06:03:45', '2024-12-05 06:03:45', 388, 14, 'dii8lnHn', 'belum_hadir', NULL),
(407, 'Septiawan', NULL, '081280121424', NULL, NULL, '2024-12-05 06:03:46', '2024-12-05 06:03:46', 389, 14, '7uLDcRmR', 'belum_hadir', NULL),
(408, 'Septiawan', NULL, '081280121424', NULL, NULL, '2024-12-05 06:03:51', '2024-12-05 06:03:51', 390, 14, 'nKDzVw5q', 'belum_hadir', NULL),
(409, 'Nurnazilah Hikmah', NULL, '085773631126', NULL, NULL, '2024-12-05 06:46:53', '2024-12-05 06:46:53', 391, 14, 'mFq3uyxO', 'belum_hadir', NULL),
(410, 'Diyah', NULL, '085717788125', NULL, NULL, '2024-12-05 08:04:56', '2024-12-05 08:04:56', 392, 14, 'wiWiH97A', 'belum_hadir', NULL),
(411, 'Diyah', NULL, '085717788125', NULL, NULL, '2024-12-05 08:04:59', '2024-12-05 08:04:59', 393, 14, 'iH6LzYaZ', 'belum_hadir', NULL),
(412, 'Diyah', NULL, '085717788125', NULL, NULL, '2024-12-05 08:05:03', '2024-12-05 08:05:03', 394, 14, 'iDjcQwAY', 'belum_hadir', NULL),
(413, 'Yatia yacuh achir', NULL, '08979252358', NULL, NULL, '2024-12-05 18:32:47', '2024-12-05 18:32:47', 395, 14, 'k0T5dr6c', 'belum_hadir', NULL),
(414, 'Yatia yacuh achir', NULL, '08979252358', NULL, NULL, '2024-12-05 18:32:47', '2024-12-05 18:32:47', 396, 14, 'BMNR7evx', 'belum_hadir', NULL),
(415, 'Yatia yacuh achir', NULL, '08979252358', NULL, NULL, '2024-12-05 18:33:01', '2024-12-05 18:33:01', 397, 14, 'lvOya1Ti', 'belum_hadir', NULL),
(416, 'Erna sutiyana', NULL, '08568886475', NULL, NULL, '2024-12-05 19:58:45', '2024-12-05 19:58:45', 398, 14, 'sxAlpUGh', 'belum_hadir', NULL),
(417, 'Lalii hadiyati', NULL, '087832858701', NULL, NULL, '2024-12-05 19:58:45', '2024-12-05 19:58:45', 398, 14, 'EXnbuswH', 'belum_hadir', NULL),
(418, 'Isnani', NULL, '082220466510', NULL, NULL, '2024-12-05 19:58:45', '2024-12-05 19:58:45', 398, 14, 'Ipc9e5Oh', 'belum_hadir', NULL),
(419, 'Amaliasari', NULL, '085810442601', NULL, NULL, '2024-12-05 19:58:45', '2024-12-05 19:58:45', 398, 14, '5hLmJ5pZ', 'belum_hadir', NULL),
(420, 'Siti rohana', NULL, '087777752254', NULL, NULL, '2024-12-05 19:58:45', '2024-12-05 19:58:45', 398, 14, 'CboLX1yQ', 'belum_hadir', NULL),
(421, 'selaras edukasi', 'sae indotama', '082214562888', NULL, 'membutuhkan', '2024-12-05 20:09:08', '2024-12-05 20:09:08', 399, 13, '4VpoaTw2', 'belum_hadir', NULL),
(422, 'SATRIA MUTAQIN', NULL, '088213483069', NULL, NULL, '2024-12-05 20:17:34', '2024-12-05 20:17:34', 400, 14, 'vJo79aZ6', 'belum_hadir', NULL),
(423, 'Yesineba', 'PT Hadeka - Hidro Daya Kinerja', '08112240921', NULL, 'belum_membutuhkan', '2024-12-05 20:21:13', '2024-12-05 20:21:13', 401, 13, 'fowhjgQh', 'belum_hadir', NULL);

-- --------------------------------------------------------

--
-- Table structure for table `transaction_guests`
--

CREATE TABLE `transaction_guests` (
  `id` bigint(20) UNSIGNED NOT NULL,
  `transaction_id` bigint(20) UNSIGNED NOT NULL,
  `name` varchar(255) NOT NULL,
  `email` varchar(255) NOT NULL,
  `birth_date` date DEFAULT NULL,
  `nik` varchar(255) DEFAULT NULL,
  `gender` enum('Male','Female') DEFAULT NULL,
  `created_at` timestamp NULL DEFAULT NULL,
  `updated_at` timestamp NULL DEFAULT NULL
) ENGINE=InnoDB DEFAULT CHARSET=utf8mb4 COLLATE=utf8mb4_unicode_ci;

--
-- Dumping data for table `transaction_guests`
--

INSERT INTO `transaction_guests` (`id`, `transaction_id`, `name`, `email`, `birth_date`, `nik`, `gender`, `created_at`, `updated_at`) VALUES
(1, 8, 'Hermawan Tan', 'hermawantan12@gmail.com', NULL, NULL, NULL, '2024-12-08 19:48:52', '2024-12-08 19:48:52'),
(2, 25, 'Hilma Wahdatul Kamilah', 'hilmkmlh@gmail.com', NULL, NULL, NULL, '2024-12-08 19:48:52', '2024-12-08 19:48:52'),
(3, 26, 'Hilma Wahdatul Kamilah', 'hilmkmlh@gmail.com', NULL, NULL, NULL, '2024-12-08 19:48:52', '2024-12-08 19:48:52'),
(4, 27, 'Hilma Wahdatul Kamilah', 'hilmkmlh@gmail.com', NULL, NULL, NULL, '2024-12-08 19:48:52', '2024-12-08 19:48:52'),
(5, 29, 'Firda', 'firda23nada@gmail.com', NULL, NULL, NULL, '2024-12-08 19:48:52', '2024-12-08 19:48:52'),
(6, 31, 'Wawan', 'hermawantan12@gmail.com', NULL, NULL, NULL, '2024-12-08 19:48:52', '2024-12-08 19:48:52'),
(7, 32, 'Hermawan Tan', 'hermawantan12@gmail.com', NULL, NULL, NULL, '2024-12-08 19:48:52', '2024-12-08 19:48:52'),
(8, 33, 'Hermawan Tan', 'hermawantan12@gmail.com', NULL, NULL, NULL, '2024-12-08 19:48:52', '2024-12-08 19:48:52'),
(9, 34, 'Hermawan Tan', 'hermawantan12@gmail.com', NULL, NULL, NULL, '2024-12-08 19:48:52', '2024-12-08 19:48:52'),
(10, 35, 'Hermawan Tan', 'hermawantan12@gmail.com', NULL, NULL, NULL, '2024-12-08 19:48:52', '2024-12-08 19:48:52'),
(11, 36, 'Hermawan Tan', 'hermawantan12@gmail.com', NULL, NULL, NULL, '2024-12-08 19:48:52', '2024-12-08 19:48:52'),
(12, 37, 'Murdiansyah', 'murdiastri79@gmail.com', NULL, NULL, NULL, '2024-12-08 19:48:52', '2024-12-08 19:48:52'),
(13, 38, 'Murdiansyah', 'murdiastri79@gmail.com', NULL, NULL, NULL, '2024-12-08 19:48:52', '2024-12-08 19:48:52'),
(14, 39, 'Murdiansyah', 'murdiastri79@gmail.com', NULL, NULL, NULL, '2024-12-08 19:48:52', '2024-12-08 19:48:52'),
(15, 40, 'Murdiansyah', 'murdiastri79@gmail.com', NULL, NULL, NULL, '2024-12-08 19:48:52', '2024-12-08 19:48:52'),
(16, 41, 'Murdiansyah', 'murdiastri79@gmail.com', NULL, NULL, NULL, '2024-12-08 19:48:52', '2024-12-08 19:48:52'),
(17, 42, 'Murdiansyah', 'murdiastri79@gmail.com', NULL, NULL, NULL, '2024-12-08 19:48:52', '2024-12-08 19:48:52'),
(18, 43, 'Murdiansyah', 'murdiastri79@gmail.com', NULL, NULL, NULL, '2024-12-08 19:48:52', '2024-12-08 19:48:52'),
(19, 44, 'Murdiansyah', 'murdiastri79@gmail.com', NULL, NULL, NULL, '2024-12-08 19:48:52', '2024-12-08 19:48:52'),
(20, 45, 'Murdiansyah', 'murdiastri79@gmail.com', NULL, NULL, NULL, '2024-12-08 19:48:52', '2024-12-08 19:48:52'),
(21, 46, 'Murdiansyah', 'murdiastri79@gmail.com', NULL, NULL, NULL, '2024-12-08 19:48:52', '2024-12-08 19:48:52'),
(22, 47, 'Murdiansyah', 'murdiastri79@gmail.com', NULL, NULL, NULL, '2024-12-08 19:48:52', '2024-12-08 19:48:52'),
(23, 48, 'Murdiansyah', 'murdiastri79@gmail.com', NULL, NULL, NULL, '2024-12-08 19:48:52', '2024-12-08 19:48:52'),
(24, 49, 'Murdiansyah', 'murdiastri79@gmail.com', NULL, NULL, NULL, '2024-12-08 19:48:52', '2024-12-08 19:48:52'),
(25, 50, 'Murdiansyah', 'murdiastri79@gmail.com', NULL, NULL, NULL, '2024-12-08 19:48:52', '2024-12-08 19:48:52'),
(26, 51, 'Murdiansyah', 'murdiastri79@gmail.com', NULL, NULL, NULL, '2024-12-08 19:48:52', '2024-12-08 19:48:52'),
(27, 52, 'Murdiansyah', 'murdiastri79@gmail.com', NULL, NULL, NULL, '2024-12-08 19:48:52', '2024-12-08 19:48:52'),
(28, 53, 'Murdiansyah', 'murdiastri79@gmail.com', NULL, NULL, NULL, '2024-12-08 19:48:52', '2024-12-08 19:48:52'),
(29, 54, 'Murdiansyah', 'murdiastri79@gmail.com', NULL, NULL, NULL, '2024-12-08 19:48:52', '2024-12-08 19:48:52'),
(30, 55, 'Muhammad Rodhi', 'mhdrodhi@gmail.com', NULL, NULL, NULL, '2024-12-08 19:48:52', '2024-12-08 19:48:52'),
(31, 56, 'Muhammad Rodhi', 'mhdrodhi@gmail.com', NULL, NULL, NULL, '2024-12-08 19:48:52', '2024-12-08 19:48:52'),
(32, 57, 'Muhammad Rodhi', 'mhdrodhi@gmail.com', NULL, NULL, NULL, '2024-12-08 19:48:52', '2024-12-08 19:48:52'),
(33, 58, 'Muhammad Rodhi', 'mhdrodhi@gmail.com', NULL, NULL, NULL, '2024-12-08 19:48:52', '2024-12-08 19:48:52'),
(34, 59, 'Muhammad Rodhi', 'mhdrodhi@gmail.com', NULL, NULL, NULL, '2024-12-08 19:48:52', '2024-12-08 19:48:52'),
(35, 60, 'Muhammad Rodhi', 'mhdrodhi@gmail.com', NULL, NULL, NULL, '2024-12-08 19:48:52', '2024-12-08 19:48:52'),
(36, 61, 'Muhammad Rodhi', 'mhdrodhi@gmail.com', NULL, NULL, NULL, '2024-12-08 19:48:52', '2024-12-08 19:48:52'),
(37, 62, 'Muhammad Rodhi', 'mhdrodhi@gmail.com', NULL, NULL, NULL, '2024-12-08 19:48:52', '2024-12-08 19:48:52'),
(38, 63, 'Muhammad Rodhi', 'mhdrodhi@gmail.com', NULL, NULL, NULL, '2024-12-08 19:48:52', '2024-12-08 19:48:52'),
(39, 64, 'Astri Priyani', 'priyaniastri18@gmail.com', NULL, NULL, NULL, '2024-12-08 19:48:52', '2024-12-08 19:48:52'),
(40, 65, 'Astri Priyani', 'priyaniastri18@gmail.com', NULL, NULL, NULL, '2024-12-08 19:48:52', '2024-12-08 19:48:52'),
(41, 66, 'Astri Priyani', 'priyaniastri18@gmail.com', NULL, NULL, NULL, '2024-12-08 19:48:52', '2024-12-08 19:48:52'),
(42, 67, 'Astri Priyani', 'priyaniastri18@gmail.com', NULL, NULL, NULL, '2024-12-08 19:48:52', '2024-12-08 19:48:52'),
(43, 68, 'Astri Priyani', 'priyaniastri18@gmail.com', NULL, NULL, NULL, '2024-12-08 19:48:52', '2024-12-08 19:48:52'),
(44, 69, 'Astri Priyani', 'priyaniastri18@gmail.com', NULL, NULL, NULL, '2024-12-08 19:48:52', '2024-12-08 19:48:52'),
(45, 70, 'Astri Priyani', 'priyaniastri18@gmail.com', NULL, NULL, NULL, '2024-12-08 19:48:52', '2024-12-08 19:48:52'),
(46, 72, 'Halimatus Sa\'diyah', 'halimah.shibyan@gmail.com', NULL, NULL, NULL, '2024-12-08 19:48:52', '2024-12-08 19:48:52'),
(47, 73, 'Sriyanto', 'yahnaf@gmail.com', NULL, NULL, NULL, '2024-12-08 19:48:52', '2024-12-08 19:48:52'),
(48, 74, 'Muthiah', 'ad7271079@gmail.com', NULL, NULL, NULL, '2024-12-08 19:48:52', '2024-12-08 19:48:52'),
(49, 75, 'Muthiah', 'ad7271079@gmail.com', NULL, NULL, NULL, '2024-12-08 19:48:53', '2024-12-08 19:48:53'),
(50, 76, 'Muthiah', 'ad7271079@gmail.com', NULL, NULL, NULL, '2024-12-08 19:48:53', '2024-12-08 19:48:53'),
(51, 77, 'Muthiah', 'ad7271079@gmail.com', NULL, NULL, NULL, '2024-12-08 19:48:53', '2024-12-08 19:48:53'),
(52, 78, 'Muthiah', 'ad7271079@gmail.com', NULL, NULL, NULL, '2024-12-08 19:48:53', '2024-12-08 19:48:53'),
(53, 79, 'Muthiah', 'ad7271079@gmail.com', NULL, NULL, NULL, '2024-12-08 19:48:53', '2024-12-08 19:48:53'),
(54, 80, 'Muthiah', 'ad7271079@gmail.com', NULL, NULL, NULL, '2024-12-08 19:48:53', '2024-12-08 19:48:53'),
(55, 81, 'Muthiah', 'ad7271079@gmail.com', NULL, NULL, NULL, '2024-12-08 19:48:53', '2024-12-08 19:48:53'),
(56, 82, 'Muthiah', 'ad7271079@gmail.com', NULL, NULL, NULL, '2024-12-08 19:48:53', '2024-12-08 19:48:53'),
(57, 83, 'Muthiah', 'ad7271079@gmail.com', NULL, NULL, NULL, '2024-12-08 19:48:53', '2024-12-08 19:48:53'),
(58, 84, 'Muthiah', 'ad7271079@gmail.com', NULL, NULL, NULL, '2024-12-08 19:48:53', '2024-12-08 19:48:53'),
(59, 85, 'Muthiah', 'ad7271079@gmail.com', NULL, NULL, NULL, '2024-12-08 19:48:53', '2024-12-08 19:48:53'),
(60, 86, 'Muthiah', 'ad7271079@gmail.com', NULL, NULL, NULL, '2024-12-08 19:48:53', '2024-12-08 19:48:53'),
(61, 87, 'Muthiah', 'ad7271079@gmail.com', NULL, NULL, NULL, '2024-12-08 19:48:53', '2024-12-08 19:48:53'),
(62, 88, 'Muthiah', 'ad7271079@gmail.com', NULL, NULL, NULL, '2024-12-08 19:48:53', '2024-12-08 19:48:53'),
(63, 89, 'Muthiah', 'ad7271079@gmail.com', NULL, NULL, NULL, '2024-12-08 19:48:53', '2024-12-08 19:48:53'),
(64, 90, 'Muthiah', 'ad7271079@gmail.com', NULL, NULL, NULL, '2024-12-08 19:48:53', '2024-12-08 19:48:53'),
(65, 91, 'Muthiah', 'ad7271079@gmail.com', NULL, NULL, NULL, '2024-12-08 19:48:53', '2024-12-08 19:48:53'),
(66, 92, 'Muthiah', 'ad7271079@gmail.com', NULL, NULL, NULL, '2024-12-08 19:48:53', '2024-12-08 19:48:53'),
(67, 93, 'Muthiah', 'ad7271079@gmail.com', NULL, NULL, NULL, '2024-12-08 19:48:53', '2024-12-08 19:48:53'),
(68, 94, 'Muthiah', 'ad7271079@gmail.com', NULL, NULL, NULL, '2024-12-08 19:48:53', '2024-12-08 19:48:53'),
(69, 95, 'Muthiah', 'ad7271079@gmail.com', NULL, NULL, NULL, '2024-12-08 19:48:53', '2024-12-08 19:48:53'),
(70, 96, 'Muthiah', 'ad7271079@gmail.com', NULL, NULL, NULL, '2024-12-08 19:48:53', '2024-12-08 19:48:53'),
(71, 97, 'Muthiah', 'ad7271079@gmail.com', NULL, NULL, NULL, '2024-12-08 19:48:53', '2024-12-08 19:48:53'),
(72, 98, 'Muthiah', 'ad7271079@gmail.com', NULL, NULL, NULL, '2024-12-08 19:48:53', '2024-12-08 19:48:53'),
(73, 99, 'Muthiah', 'ad7271079@gmail.com', NULL, NULL, NULL, '2024-12-08 19:48:53', '2024-12-08 19:48:53'),
(74, 100, 'Muthiah', 'ad7271079@gmail.com', NULL, NULL, NULL, '2024-12-08 19:48:53', '2024-12-08 19:48:53'),
(75, 101, 'Muthiah', 'ad7271079@gmail.com', NULL, NULL, NULL, '2024-12-08 19:48:53', '2024-12-08 19:48:53'),
(76, 102, 'Muthiah', 'ad7271079@gmail.com', NULL, NULL, NULL, '2024-12-08 19:48:53', '2024-12-08 19:48:53'),
(77, 103, 'Hermawan Tan', 'hermawantan12@gmail.com', NULL, NULL, NULL, '2024-12-08 19:48:53', '2024-12-08 19:48:53'),
(78, 104, 'Ismail', 'Ismail.nikmah@gmail.com', NULL, NULL, NULL, '2024-12-08 19:48:53', '2024-12-08 19:48:53'),
(79, 105, 'Ismail', 'Ismail.nikmah@gmail.com', NULL, NULL, NULL, '2024-12-08 19:48:53', '2024-12-08 19:48:53'),
(80, 106, 'Ismail', 'Ismail.nikmah@gmail.com', NULL, NULL, NULL, '2024-12-08 19:48:53', '2024-12-08 19:48:53'),
(81, 107, 'Gilang Silmaulidia L', 'silmaulidiagilang.l@gmail.com', NULL, NULL, NULL, '2024-12-08 19:48:53', '2024-12-08 19:48:53'),
(82, 108, 'Yulia Rahma', 'yulia.juwara@gmail.com', NULL, NULL, NULL, '2024-12-08 19:48:53', '2024-12-08 19:48:53'),
(83, 109, 'Yulia Rahma', 'yulia.juwara@gmail.com', NULL, NULL, NULL, '2024-12-08 19:48:53', '2024-12-08 19:48:53'),
(84, 110, 'Yulia Rahma', 'yulia.juwara@gmail.com', NULL, NULL, NULL, '2024-12-08 19:48:53', '2024-12-08 19:48:53'),
(85, 111, 'Yulia Rahma', 'yulia.juwara@gmail.com', NULL, NULL, NULL, '2024-12-08 19:48:53', '2024-12-08 19:48:53'),
(86, 112, 'Yulia Rahma', 'yulia.juwara@gmail.com', NULL, NULL, NULL, '2024-12-08 19:48:53', '2024-12-08 19:48:53'),
(87, 113, 'Yulia Rahma', 'yulia.juwara@gmail.com', NULL, NULL, NULL, '2024-12-08 19:48:53', '2024-12-08 19:48:53'),
(88, 114, 'Yulia Rahma', 'yulia.juwara@gmail.com', NULL, NULL, NULL, '2024-12-08 19:48:53', '2024-12-08 19:48:53'),
(89, 115, 'Yulia Rahma', 'yulia.juwara@gmail.com', NULL, NULL, NULL, '2024-12-08 19:48:53', '2024-12-08 19:48:53'),
(90, 116, 'Yani', 'yani93670@gmail.com', NULL, NULL, NULL, '2024-12-08 19:48:53', '2024-12-08 19:48:53'),
(91, 117, 'Yulius Patimuri', 'yulius.2507.yp@gmail.com', NULL, NULL, NULL, '2024-12-08 19:48:53', '2024-12-08 19:48:53'),
(92, 118, 'Yulius Patimuri', 'yulius.2507.yp@gmail.com', NULL, NULL, NULL, '2024-12-08 19:48:53', '2024-12-08 19:48:53'),
(93, 119, 'Yulius Patimuri', 'yulius.2507.yp@gmail.com', NULL, NULL, NULL, '2024-12-08 19:48:53', '2024-12-08 19:48:53'),
(94, 120, 'Muh Ngatsori Widyanto', 'widyantomn@gmail.com', NULL, NULL, NULL, '2024-12-08 19:48:53', '2024-12-08 19:48:53'),
(95, 121, 'Nurhayati', 'najlaputricantik@gmail.com', NULL, NULL, NULL, '2024-12-08 19:48:53', '2024-12-08 19:48:53'),
(96, 122, 'Afifah Sholihah', 'afifahsholihah08@gmail.com', NULL, NULL, NULL, '2024-12-08 19:48:53', '2024-12-08 19:48:53'),
(97, 123, 'Afifah Sholihah', 'afifahsholihah08@gmail.com', NULL, NULL, NULL, '2024-12-08 19:48:53', '2024-12-08 19:48:53'),
(98, 124, 'Afifah Sholihah', 'afifahsholihah08@gmail.com', NULL, NULL, NULL, '2024-12-08 19:48:53', '2024-12-08 19:48:53'),
(99, 125, 'Afifah Sholihah', 'afifahsholihah08@gmail.com', NULL, NULL, NULL, '2024-12-08 19:48:53', '2024-12-08 19:48:53'),
(100, 126, 'Afifah Sholihah', 'afifahsholihah08@gmail.com', NULL, NULL, NULL, '2024-12-08 19:48:53', '2024-12-08 19:48:53'),
(101, 127, 'Afifah Sholihah', 'afifahsholihah08@gmail.com', NULL, NULL, NULL, '2024-12-08 19:48:53', '2024-12-08 19:48:53'),
(102, 128, 'Afifah Sholihah', 'afifahsholihah08@gmail.com', NULL, NULL, NULL, '2024-12-08 19:48:53', '2024-12-08 19:48:53'),
(103, 129, 'Afifah Sholihah', 'afifahsholihah08@gmail.com', NULL, NULL, NULL, '2024-12-08 19:48:53', '2024-12-08 19:48:53'),
(104, 130, 'Afifah Sholihah', 'afifahsholihah08@gmail.com', NULL, NULL, NULL, '2024-12-08 19:48:53', '2024-12-08 19:48:53'),
(105, 131, 'Afifah Sholihah', 'afifahsholihah08@gmail.com', NULL, NULL, NULL, '2024-12-08 19:48:53', '2024-12-08 19:48:53'),
(106, 132, 'Afifah Sholihah', 'afifahsholihah08@gmail.com', NULL, NULL, NULL, '2024-12-08 19:48:53', '2024-12-08 19:48:53'),
(107, 133, 'Salsabila', 'emailkerjaan70@gmail.com', NULL, NULL, NULL, '2024-12-08 19:48:53', '2024-12-08 19:48:53'),
(108, 134, 'Juliati Tri Handatani', 'juliatitrihandayani@gmail.com', NULL, NULL, NULL, '2024-12-08 19:48:53', '2024-12-08 19:48:53'),
(109, 135, 'Juliati Tri Handatani', 'juliatitrihandayani@gmail.com', NULL, NULL, NULL, '2024-12-08 19:48:53', '2024-12-08 19:48:53'),
(110, 136, 'Juliati Tri Handayani', 'juliatitrihandayani@gmail.com', NULL, NULL, NULL, '2024-12-08 19:48:53', '2024-12-08 19:48:53'),
(111, 137, 'Juliati Tri Handayani', 'juliatitrihandayani@gmail.com', NULL, NULL, NULL, '2024-12-08 19:48:53', '2024-12-08 19:48:53'),
(112, 138, 'Juliati Tri Handayani', 'juliatitrihandayani@gmail.com', NULL, NULL, NULL, '2024-12-08 19:48:53', '2024-12-08 19:48:53'),
(113, 139, 'Juliati Tri Handayani', 'juliatitrihandayani@gmail.com', NULL, NULL, NULL, '2024-12-08 19:48:53', '2024-12-08 19:48:53'),
(114, 140, 'Juliati Tri Handayani', 'juliatitrihandayani@gmail.com', NULL, NULL, NULL, '2024-12-08 19:48:53', '2024-12-08 19:48:53'),
(115, 141, 'Juliati Tri Handayani', 'juliatitrihandayani@gmail.com', NULL, NULL, NULL, '2024-12-08 19:48:53', '2024-12-08 19:48:53'),
(116, 143, 'Muh Ngatsori Widyanto', 'widyantomn@gmail.com', NULL, NULL, NULL, '2024-12-08 19:48:53', '2024-12-08 19:48:53'),
(117, 144, 'Akhmad Arwyn Imamur Rozi', 'akhmad.arwyn@gmail.com', NULL, NULL, NULL, '2024-12-08 19:48:53', '2024-12-08 19:48:53'),
(118, 145, 'Akhmad Arwyn Imamur Rozi', 'akhmad.arwyn@gmail.com', NULL, NULL, NULL, '2024-12-08 19:48:53', '2024-12-08 19:48:53'),
(119, 146, 'Zulrachmad Lonthor', 'dzul1018@gmail.com', NULL, NULL, NULL, '2024-12-08 19:48:53', '2024-12-08 19:48:53'),
(120, 147, 'Septiawan', 'septiawan3000@gmail.com', NULL, NULL, NULL, '2024-12-08 19:48:53', '2024-12-08 19:48:53'),
(121, 148, 'Septiawan', 'septiawan3000@gmail.com', NULL, NULL, NULL, '2024-12-08 19:48:53', '2024-12-08 19:48:53'),
(122, 149, 'Septiawan', 'septiawan3000@gmail.com', NULL, NULL, NULL, '2024-12-08 19:48:53', '2024-12-08 19:48:53'),
(123, 150, 'Septiawan', 'septiawan3000@gmail.com', NULL, NULL, NULL, '2024-12-08 19:48:53', '2024-12-08 19:48:53'),
(124, 151, 'Septiawan', 'septiawan3000@gmail.com', NULL, NULL, NULL, '2024-12-08 19:48:53', '2024-12-08 19:48:53'),
(125, 152, 'Nurnazilah Hikmah', 'inespuspitaa@gmail.com', NULL, NULL, NULL, '2024-12-08 19:48:53', '2024-12-08 19:48:53'),
(126, 153, 'Diyah', 'semangatdiyah@gmail.com', NULL, NULL, NULL, '2024-12-08 19:48:53', '2024-12-08 19:48:53'),
(127, 154, 'Diyah', 'semangatdiyah@gmail.com', NULL, NULL, NULL, '2024-12-08 19:48:53', '2024-12-08 19:48:53'),
(128, 155, 'Diyah', 'semangatdiyah@gmail.com', NULL, NULL, NULL, '2024-12-08 19:48:53', '2024-12-08 19:48:53'),
(129, 156, 'Yatia', 'yatiayacubachir@gmail.com', NULL, NULL, NULL, '2024-12-08 19:48:53', '2024-12-08 19:48:53'),
(130, 157, 'Yatia', 'yatiayacubachir@gmail.com', NULL, NULL, NULL, '2024-12-08 19:48:53', '2024-12-08 19:48:53'),
(131, 158, 'Yatia', 'yatiayacubachir@gmail.com', NULL, NULL, NULL, '2024-12-08 19:48:53', '2024-12-08 19:48:53'),
(132, 159, 'Erna sutiyana', 'mentariana23.07@gmail.com', NULL, NULL, NULL, '2024-12-08 19:48:53', '2024-12-08 19:48:53'),
(133, 161, 'SATRIA MUTAQIN', 'satria.mtq@gmail.com', NULL, NULL, NULL, '2024-12-08 19:48:53', '2024-12-08 19:48:53');

--
-- Indexes for dumped tables
--

--
-- Indexes for table `about_us`
--
ALTER TABLE `about_us`
  ADD PRIMARY KEY (`id`);

--
-- Indexes for table `addresses`
--
ALTER TABLE `addresses`
  ADD PRIMARY KEY (`id`),
  ADD KEY `addresses_member_id_foreign` (`member_id`),
  ADD KEY `addresses_province_id_foreign` (`province_id`);

--
-- Indexes for table `articles`
--
ALTER TABLE `articles`
  ADD PRIMARY KEY (`id`);

--
-- Indexes for table `businesses`
--
ALTER TABLE `businesses`
  ADD PRIMARY KEY (`id`),
  ADD KEY `businesses_member_id_foreign` (`member_id`),
  ADD KEY `businesses_business_type_id_foreign` (`business_type_id`),
  ADD KEY `businesses_business_scale_id_foreign` (`business_scale_id`),
  ADD KEY `businesses_business_sector_id_foreign` (`business_sector_id`);

--
-- Indexes for table `business_matchings`
--
ALTER TABLE `business_matchings`
  ADD PRIMARY KEY (`id`),
  ADD KEY `business_matchings_event_id_foreign` (`event_id`),
  ADD KEY `business_matchings_member_id_foreign` (`member_id`);

--
-- Indexes for table `business_scales`
--
ALTER TABLE `business_scales`
  ADD PRIMARY KEY (`id`);

--
-- Indexes for table `business_sectors`
--
ALTER TABLE `business_sectors`
  ADD PRIMARY KEY (`id`);

--
-- Indexes for table `business_types`
--
ALTER TABLE `business_types`
  ADD PRIMARY KEY (`id`);

--
-- Indexes for table `category_articles`
--
ALTER TABLE `category_articles`
  ADD PRIMARY KEY (`id`),
  ADD UNIQUE KEY `tbl_kategori_artikel_slug_unique` (`slug`);

--
-- Indexes for table `category_courses`
--
ALTER TABLE `category_courses`
  ADD PRIMARY KEY (`id`);

--
-- Indexes for table `category_events`
--
ALTER TABLE `category_events`
  ADD PRIMARY KEY (`id`),
  ADD UNIQUE KEY `tbl_kategori_event_slug_unique` (`slug`);

--
-- Indexes for table `collaborations`
--
ALTER TABLE `collaborations`
  ADD PRIMARY KEY (`id`),
  ADD KEY `collaborations_member_id_foreign` (`member_id`),
  ADD KEY `collaborations_from_member_id_foreign` (`from_member_id`);

--
-- Indexes for table `completed_lessons`
--
ALTER TABLE `completed_lessons`
  ADD PRIMARY KEY (`id`),
  ADD KEY `completed_lessons_member_id_foreign` (`member_id`),
  ADD KEY `completed_lessons_lesson_id_foreign` (`lesson_id`);

--
-- Indexes for table `courses`
--
ALTER TABLE `courses`
  ADD PRIMARY KEY (`id`),
  ADD UNIQUE KEY `courses_slug_unique` (`slug`) USING HASH,
  ADD KEY `courses_category_course_id_foreign` (`category_course_id`),
  ADD KEY `courses_user_id_foreign` (`user_id`);

--
-- Indexes for table `enrollments`
--
ALTER TABLE `enrollments`
  ADD PRIMARY KEY (`id`),
  ADD KEY `enrollments_course_id_foreign` (`course_id`),
  ADD KEY `enrollments_member_id_foreign` (`member_id`);

--
-- Indexes for table `events`
--
ALTER TABLE `events`
  ADD PRIMARY KEY (`id`),
  ADD UNIQUE KEY `events_slug_unique` (`slug`),
  ADD KEY `events_user_id_foreign` (`user_id`),
  ADD KEY `events_category_event_id_foreign` (`category_event_id`),
  ADD KEY `events_province_id_foreign` (`province_id`);

--
-- Indexes for table `events_old`
--
ALTER TABLE `events_old`
  ADD PRIMARY KEY (`id`),
  ADD UNIQUE KEY `tbl_events_slug_unique` (`slug`);

--
-- Indexes for table `event_payment_configs`
--
ALTER TABLE `event_payment_configs`
  ADD PRIMARY KEY (`id`),
  ADD UNIQUE KEY `event_payment_configs_event_id_unique` (`event_id`);

--
-- Indexes for table `jobs`
--
ALTER TABLE `jobs`
  ADD PRIMARY KEY (`id`),
  ADD KEY `jobs_queue_index` (`queue`);

--
-- Indexes for table `job_batches`
--
ALTER TABLE `job_batches`
  ADD PRIMARY KEY (`id`);

--
-- Indexes for table `lessons`
--
ALTER TABLE `lessons`
  ADD PRIMARY KEY (`id`),
  ADD KEY `lessons_course_id_foreign` (`course_id`),
  ADD KEY `lessons_set_id_foreign` (`set_id`);

--
-- Indexes for table `lesson_attendances`
--
ALTER TABLE `lesson_attendances`
  ADD PRIMARY KEY (`id`),
  ADD KEY `lesson_attendances_lesson_id_foreign` (`lesson_id`),
  ADD KEY `lesson_attendances_member_id_foreign` (`member_id`);

--
-- Indexes for table `member_private_courses`
--
ALTER TABLE `member_private_courses`
  ADD PRIMARY KEY (`id`),
  ADD KEY `member_private_courses_course_id_foreign` (`course_id`),
  ADD KEY `member_private_courses_member_id_foreign` (`member_id`);

--
-- Indexes for table `migrations`
--
ALTER TABLE `migrations`
  ADD PRIMARY KEY (`id`);

--
-- Indexes for table `payments`
--
ALTER TABLE `payments`
  ADD PRIMARY KEY (`id`),
  ADD KEY `payments_transaction_id_foreign` (`transaction_id`);

--
-- Indexes for table `premium_settings`
--
ALTER TABLE `premium_settings`
  ADD PRIMARY KEY (`id`),
  ADD KEY `premium_settings_business_scale_id_foreign` (`business_scale_id`);

--
-- Indexes for table `provinces`
--
ALTER TABLE `provinces`
  ADD PRIMARY KEY (`id`);

--
-- Indexes for table `sessions`
--
ALTER TABLE `sessions`
  ADD PRIMARY KEY (`id`),
  ADD KEY `sessions_user_id_index` (`user_id`),
  ADD KEY `sessions_last_activity_index` (`last_activity`);

--
-- Indexes for table `sets`
--
ALTER TABLE `sets`
  ADD PRIMARY KEY (`id`),
  ADD KEY `sets_course_id_foreign` (`course_id`);

--
-- Indexes for table `sliders`
--
ALTER TABLE `sliders`
  ADD PRIMARY KEY (`id`);

--
-- Indexes for table `social_accounts`
--
ALTER TABLE `social_accounts`
  ADD PRIMARY KEY (`id`),
  ADD UNIQUE KEY `social_accounts_provider_id_unique` (`provider_id`),
  ADD KEY `social_accounts_member_id_foreign` (`member_id`);

--
-- Indexes for table `social_media`
--
ALTER TABLE `social_media`
  ADD PRIMARY KEY (`id`),
  ADD KEY `social_media_member_id_foreign` (`member_id`);

--
-- Indexes for table `subscriptions`
--
ALTER TABLE `subscriptions`
  ADD PRIMARY KEY (`id`),
  ADD KEY `subscriptions_member_id_foreign` (`member_id`);

--
-- Indexes for table `subscription_premiums`
--
ALTER TABLE `subscription_premiums`
  ADD PRIMARY KEY (`id`),
  ADD KEY `subscription_premiums_member_id_foreign` (`member_id`);

--
-- Indexes for table `tbl_daftar_hitam`
--
ALTER TABLE `tbl_daftar_hitam`
  ADD PRIMARY KEY (`id`);

--
-- Indexes for table `tbl_komen_artikel`
--
ALTER TABLE `tbl_komen_artikel`
  ADD PRIMARY KEY (`id`);

--
-- Indexes for table `tickets`
--
ALTER TABLE `tickets`
  ADD PRIMARY KEY (`id`),
  ADD KEY `tickets_event_id_foreign` (`event_id`);

--
-- Indexes for table `tickets_old`
--
ALTER TABLE `tickets_old`
  ADD PRIMARY KEY (`id`);

--
-- Indexes for table `ticket_transaction`
--
ALTER TABLE `ticket_transaction`
  ADD PRIMARY KEY (`id`),
  ADD UNIQUE KEY `transactions_tickets_invoice_unique` (`invoice`),
  ADD KEY `transactions_tickets_transaction_id_foreign` (`transaction_id`),
  ADD KEY `transactions_tickets_ticket_id_foreign` (`ticket_id`);

--
-- Indexes for table `transaction_details`
--
ALTER TABLE `transaction_details`
  ADD PRIMARY KEY (`id`);

--
-- Indexes for table `transaction_guests`
--
ALTER TABLE `transaction_guests`
  ADD PRIMARY KEY (`id`),
  ADD UNIQUE KEY `transaction_guests_transaction_id_unique` (`transaction_id`);

--
-- AUTO_INCREMENT for dumped tables
--

--
-- AUTO_INCREMENT for table `about_us`
--
ALTER TABLE `about_us`
  MODIFY `id` bigint(20) UNSIGNED NOT NULL AUTO_INCREMENT, AUTO_INCREMENT=2;

--
-- AUTO_INCREMENT for table `addresses`
--
ALTER TABLE `addresses`
  MODIFY `id` bigint(20) UNSIGNED NOT NULL AUTO_INCREMENT, AUTO_INCREMENT=23;

--
-- AUTO_INCREMENT for table `articles`
--
ALTER TABLE `articles`
  MODIFY `id` int(11) NOT NULL AUTO_INCREMENT, AUTO_INCREMENT=67;

--
-- AUTO_INCREMENT for table `businesses`
--
ALTER TABLE `businesses`
  MODIFY `id` bigint(20) UNSIGNED NOT NULL AUTO_INCREMENT, AUTO_INCREMENT=37;

--
-- AUTO_INCREMENT for table `business_matchings`
--
ALTER TABLE `business_matchings`
  MODIFY `id` bigint(20) UNSIGNED NOT NULL AUTO_INCREMENT, AUTO_INCREMENT=42;

--
-- AUTO_INCREMENT for table `business_scales`
--
ALTER TABLE `business_scales`
  MODIFY `id` bigint(20) UNSIGNED NOT NULL AUTO_INCREMENT, AUTO_INCREMENT=6;

--
-- AUTO_INCREMENT for table `business_sectors`
--
ALTER TABLE `business_sectors`
  MODIFY `id` bigint(20) UNSIGNED NOT NULL AUTO_INCREMENT, AUTO_INCREMENT=16;

--
-- AUTO_INCREMENT for table `business_types`
--
ALTER TABLE `business_types`
  MODIFY `id` bigint(20) UNSIGNED NOT NULL AUTO_INCREMENT, AUTO_INCREMENT=12;

--
-- AUTO_INCREMENT for table `category_articles`
--
ALTER TABLE `category_articles`
  MODIFY `id` bigint(20) UNSIGNED NOT NULL AUTO_INCREMENT, AUTO_INCREMENT=2;

--
-- AUTO_INCREMENT for table `category_courses`
--
ALTER TABLE `category_courses`
  MODIFY `id` bigint(20) UNSIGNED NOT NULL AUTO_INCREMENT, AUTO_INCREMENT=2;

--
-- AUTO_INCREMENT for table `category_events`
--
ALTER TABLE `category_events`
  MODIFY `id` bigint(20) UNSIGNED NOT NULL AUTO_INCREMENT, AUTO_INCREMENT=6;

--
-- AUTO_INCREMENT for table `collaborations`
--
ALTER TABLE `collaborations`
  MODIFY `id` bigint(20) UNSIGNED NOT NULL AUTO_INCREMENT, AUTO_INCREMENT=11;

--
-- AUTO_INCREMENT for table `completed_lessons`
--
ALTER TABLE `completed_lessons`
  MODIFY `id` bigint(20) UNSIGNED NOT NULL AUTO_INCREMENT, AUTO_INCREMENT=2;

--
-- AUTO_INCREMENT for table `courses`
--
ALTER TABLE `courses`
  MODIFY `id` bigint(20) UNSIGNED NOT NULL AUTO_INCREMENT, AUTO_INCREMENT=4;

--
-- AUTO_INCREMENT for table `enrollments`
--
ALTER TABLE `enrollments`
  MODIFY `id` bigint(20) UNSIGNED NOT NULL AUTO_INCREMENT, AUTO_INCREMENT=3;

--
-- AUTO_INCREMENT for table `events`
--
ALTER TABLE `events`
  MODIFY `id` bigint(20) UNSIGNED NOT NULL AUTO_INCREMENT, AUTO_INCREMENT=11;

--
-- AUTO_INCREMENT for table `events_old`
--
ALTER TABLE `events_old`
  MODIFY `id` bigint(20) UNSIGNED NOT NULL AUTO_INCREMENT, AUTO_INCREMENT=11;

--
-- AUTO_INCREMENT for table `event_payment_configs`
--
ALTER TABLE `event_payment_configs`
  MODIFY `id` bigint(20) UNSIGNED NOT NULL AUTO_INCREMENT, AUTO_INCREMENT=5;

--
-- AUTO_INCREMENT for table `jobs`
--
ALTER TABLE `jobs`
  MODIFY `id` bigint(20) UNSIGNED NOT NULL AUTO_INCREMENT;

--
-- AUTO_INCREMENT for table `lessons`
--
ALTER TABLE `lessons`
  MODIFY `id` bigint(20) UNSIGNED NOT NULL AUTO_INCREMENT, AUTO_INCREMENT=2;

--
-- AUTO_INCREMENT for table `lesson_attendances`
--
ALTER TABLE `lesson_attendances`
  MODIFY `id` bigint(20) UNSIGNED NOT NULL AUTO_INCREMENT;

--
-- AUTO_INCREMENT for table `member_private_courses`
--
ALTER TABLE `member_private_courses`
  MODIFY `id` bigint(20) UNSIGNED NOT NULL AUTO_INCREMENT, AUTO_INCREMENT=2;

--
-- AUTO_INCREMENT for table `migrations`
--
ALTER TABLE `migrations`
  MODIFY `id` int(10) UNSIGNED NOT NULL AUTO_INCREMENT, AUTO_INCREMENT=75;

--
-- AUTO_INCREMENT for table `payments`
--
ALTER TABLE `payments`
  MODIFY `id` bigint(20) UNSIGNED NOT NULL AUTO_INCREMENT, AUTO_INCREMENT=2;

--
-- AUTO_INCREMENT for table `premium_settings`
--
ALTER TABLE `premium_settings`
  MODIFY `id` bigint(20) UNSIGNED NOT NULL AUTO_INCREMENT, AUTO_INCREMENT=3;

--
-- AUTO_INCREMENT for table `provinces`
--
ALTER TABLE `provinces`
  MODIFY `id` bigint(20) UNSIGNED NOT NULL AUTO_INCREMENT, AUTO_INCREMENT=95;

--
-- AUTO_INCREMENT for table `sets`
--
ALTER TABLE `sets`
  MODIFY `id` bigint(20) UNSIGNED NOT NULL AUTO_INCREMENT, AUTO_INCREMENT=3;

--
-- AUTO_INCREMENT for table `sliders`
--
ALTER TABLE `sliders`
  MODIFY `id` bigint(20) UNSIGNED NOT NULL AUTO_INCREMENT, AUTO_INCREMENT=9;

--
-- AUTO_INCREMENT for table `social_accounts`
--
ALTER TABLE `social_accounts`
  MODIFY `id` bigint(20) UNSIGNED NOT NULL AUTO_INCREMENT;

--
-- AUTO_INCREMENT for table `social_media`
--
ALTER TABLE `social_media`
  MODIFY `id` bigint(20) UNSIGNED NOT NULL AUTO_INCREMENT, AUTO_INCREMENT=50;

--
-- AUTO_INCREMENT for table `subscriptions`
--
ALTER TABLE `subscriptions`
  MODIFY `id` bigint(20) UNSIGNED NOT NULL AUTO_INCREMENT;

--
-- AUTO_INCREMENT for table `subscription_premiums`
--
ALTER TABLE `subscription_premiums`
  MODIFY `id` bigint(20) UNSIGNED NOT NULL AUTO_INCREMENT;

--
-- AUTO_INCREMENT for table `tbl_daftar_hitam`
--
ALTER TABLE `tbl_daftar_hitam`
  MODIFY `id` bigint(20) UNSIGNED NOT NULL AUTO_INCREMENT, AUTO_INCREMENT=2;

--
-- AUTO_INCREMENT for table `tbl_komen_artikel`
--
ALTER TABLE `tbl_komen_artikel`
  MODIFY `id` bigint(20) UNSIGNED NOT NULL AUTO_INCREMENT, AUTO_INCREMENT=9;

--
-- AUTO_INCREMENT for table `tickets`
--
ALTER TABLE `tickets`
  MODIFY `id` bigint(20) UNSIGNED NOT NULL AUTO_INCREMENT, AUTO_INCREMENT=15;

--
-- AUTO_INCREMENT for table `tickets_old`
--
ALTER TABLE `tickets_old`
  MODIFY `id` bigint(20) UNSIGNED NOT NULL AUTO_INCREMENT, AUTO_INCREMENT=15;

--
-- AUTO_INCREMENT for table `ticket_transaction`
--
ALTER TABLE `ticket_transaction`
  MODIFY `id` bigint(20) UNSIGNED NOT NULL AUTO_INCREMENT, AUTO_INCREMENT=4;

--
-- AUTO_INCREMENT for table `transaction_details`
--
ALTER TABLE `transaction_details`
  MODIFY `id` bigint(20) UNSIGNED NOT NULL AUTO_INCREMENT, AUTO_INCREMENT=424;

--
-- AUTO_INCREMENT for table `transaction_guests`
--
ALTER TABLE `transaction_guests`
  MODIFY `id` bigint(20) UNSIGNED NOT NULL AUTO_INCREMENT, AUTO_INCREMENT=134;

--
-- Constraints for dumped tables
--

--
-- Constraints for table `addresses`
--
ALTER TABLE `addresses`
  ADD CONSTRAINT `addresses_member_id_foreign` FOREIGN KEY (`member_id`) REFERENCES `members` (`id`) ON DELETE CASCADE,
  ADD CONSTRAINT `addresses_province_id_foreign` FOREIGN KEY (`province_id`) REFERENCES `provinces` (`id`) ON DELETE CASCADE;

--
-- Constraints for table `businesses`
--
ALTER TABLE `businesses`
  ADD CONSTRAINT `businesses_business_scale_id_foreign` FOREIGN KEY (`business_scale_id`) REFERENCES `business_scales` (`id`) ON DELETE CASCADE,
  ADD CONSTRAINT `businesses_business_sector_id_foreign` FOREIGN KEY (`business_sector_id`) REFERENCES `business_sectors` (`id`) ON DELETE CASCADE,
  ADD CONSTRAINT `businesses_business_type_id_foreign` FOREIGN KEY (`business_type_id`) REFERENCES `business_types` (`id`) ON DELETE CASCADE,
  ADD CONSTRAINT `businesses_member_id_foreign` FOREIGN KEY (`member_id`) REFERENCES `members` (`id`) ON DELETE CASCADE;

--
-- Constraints for table `events`
--
ALTER TABLE `events`
  ADD CONSTRAINT `events_category_event_id_foreign` FOREIGN KEY (`category_event_id`) REFERENCES `category_events` (`id`) ON DELETE CASCADE,
  ADD CONSTRAINT `events_province_id_foreign` FOREIGN KEY (`province_id`) REFERENCES `provinces` (`id`) ON DELETE CASCADE,
  ADD CONSTRAINT `events_user_id_foreign` FOREIGN KEY (`user_id`) REFERENCES `users` (`id`) ON DELETE CASCADE;

--
-- Constraints for table `event_payment_configs`
--
ALTER TABLE `event_payment_configs`
  ADD CONSTRAINT `event_payment_configs_event_id_foreign` FOREIGN KEY (`event_id`) REFERENCES `events` (`id`) ON DELETE CASCADE;

--
-- Constraints for table `payments`
--
ALTER TABLE `payments`
  ADD CONSTRAINT `payments_transaction_id_foreign` FOREIGN KEY (`transaction_id`) REFERENCES `transactions` (`id`) ON DELETE CASCADE;

--
-- Constraints for table `social_accounts`
--
ALTER TABLE `social_accounts`
  ADD CONSTRAINT `social_accounts_member_id_foreign` FOREIGN KEY (`member_id`) REFERENCES `members` (`id`) ON DELETE CASCADE;

--
-- Constraints for table `social_media`
--
ALTER TABLE `social_media`
  ADD CONSTRAINT `social_media_member_id_foreign` FOREIGN KEY (`member_id`) REFERENCES `members` (`id`) ON DELETE CASCADE;

--
-- Constraints for table `subscriptions`
--
ALTER TABLE `subscriptions`
  ADD CONSTRAINT `subscriptions_member_id_foreign` FOREIGN KEY (`member_id`) REFERENCES `members` (`id`) ON DELETE CASCADE;

--
-- Constraints for table `tickets`
--
ALTER TABLE `tickets`
  ADD CONSTRAINT `tickets_event_id_foreign` FOREIGN KEY (`event_id`) REFERENCES `events` (`id`) ON DELETE CASCADE;

--
-- Constraints for table `ticket_transaction`
--
ALTER TABLE `ticket_transaction`
  ADD CONSTRAINT `transactions_tickets_ticket_id_foreign` FOREIGN KEY (`ticket_id`) REFERENCES `tickets` (`id`) ON DELETE CASCADE,
  ADD CONSTRAINT `transactions_tickets_transaction_id_foreign` FOREIGN KEY (`transaction_id`) REFERENCES `transactions` (`id`) ON DELETE CASCADE;

--
-- Constraints for table `transaction_guests`
--
ALTER TABLE `transaction_guests`
  ADD CONSTRAINT `transaction_guests_transaction_id_foreign` FOREIGN KEY (`transaction_id`) REFERENCES `transactions` (`id`) ON DELETE CASCADE;
COMMIT;

