-- Table structure for table `businesses`
--

CREATE TABLE `businesses` (
  `id` bigint(20) UNSIGNED NOT NULL,
  `member_id` bigint(20) UNSIGNED NOT NULL,
  `business_type_id` bigint(20) UNSIGNED DEFAULT NULL,
  `business_scale_id` bigint(20) UNSIGNED DEFAULT NULL,
  `business_sector_id` bigint(20) UNSIGNED DEFAULT NULL,
  `name` varchar(255) DEFAULT NULL,
  `about` text DEFAULT NULL,
  `profile` varchar(255) DEFAULT NULL,
  `year_founded` int(11) DEFAULT NULL,
  `number_of_employees` int(11) DEFAULT NULL,
  `created_at` timestamp NULL DEFAULT NULL,
  `updated_at` timestamp NULL DEFAULT NULL
) ENGINE=InnoDB DEFAULT CHARSET=utf8mb4 COLLATE=utf8mb4_unicode_ci;

--
-- Dumping data for table `businesses`
--

INSERT INTO `businesses` (`id`, `member_id`, `business_type_id`, `business_scale_id`, `business_sector_id`, `name`, `about`, `profile`, `year_founded`, `number_of_employees`, `created_at`, `updated_at`) VALUES
(1, 729, 1, 2, 3, 'rumah seragam', 'produsen seragam sekolah berkualitas', NULL, NULL, 10, '2025-01-02 18:09:02', '2025-01-02 18:09:02'),
(2, 760, 6, 2, 13, 'Robbani Motor', 'Service, Sparepart & Sales', NULL, NULL, 7, '2025-01-02 18:09:03', '2025-01-02 18:09:03'),
(3, 771, 3, 2, 6, 'CV. SAUDAGAR INDO RAYA', 'CV. Saudagar  Indo Raya (SIR) adalah perusahaan yang bergerak di bidang distribusi makanan ringan (snack) yang dipasarkan ke toko – toko retail, Grosir, Kantin Ponpes, Koperasi dan  Kantin Sekolah.  Saat ini Wilayah pemasaran meliputi daerah Tulungagung, Kediri, Blitar, Trenggalek, Ponorogo, dan Madiun . Adapun jaringan distribusi yang Kami miliki yaitu :\r\n\r\n1.	Memiliki jaringan Outlet Retail sebanyak 3.000 Toko Retail\r\nMemiliki jaringan 5 Mitra Distributor area Jawa Timur\r\nMemiliki jaringan 6 Agen di daerah Jawa Timur \r\n3.	 Memiliki 4 Sales Motoris yang keliling ke outlet – outlet. \r\n4.	 Memiliki  2 Toko Online di Shopee dengan total penjualan diatas 10rb \r\n5.  Bermitra dengan 150 jaringan Reseller Online', '/tmp/php1pH7DA', NULL, 8, '2025-01-02 18:09:03', '2025-01-02 18:09:03'),
(4, 822, 2, 3, 2, 'HAULA TOYS', '', NULL, NULL, 15, '2025-01-02 18:09:03', '2025-01-02 18:09:03'),
(5, 1113, 2, 3, 3, 'PT Bintang Seragam Indonesia', 'Pengadaan seragam , produsen baju media, baju muslim', NULL, NULL, 50, '2025-01-02 18:09:03', '2025-01-02 18:09:03'),
(6, 1153, 6, 1, 11, 'Syrakom', 'Servis dan Jual Beli Laptop', NULL, NULL, 1, '2025-01-02 18:09:03', '2025-01-02 18:09:03'),
(7, 1239, 2, 2, 5, 'Juwara Prima Food', 'Produsen pangan olahan', NULL, NULL, 7, '2025-01-02 18:09:04', '2025-01-02 18:09:04'),
(8, 1629, 2, 5, 15, 'IMANI ', '', NULL, NULL, 1000, '2025-01-02 18:09:05', '2025-01-02 18:09:05'),
(9, 1640, 2, 2, 4, 'PT Mandala Manajemen Indonesia', '', NULL, NULL, 10, '2025-01-02 18:09:05', '2025-01-02 18:09:05'),
(10, 1776, 9, 1, 13, '-', '', NULL, NULL, 1, '2025-01-02 18:09:05', '2025-01-02 18:09:05'),
(11, 1855, 9, 1, 3, 'Griya samara', 'Fashion', NULL, NULL, 25, '2025-01-02 18:09:06', '2025-01-02 18:09:06'),
(12, 2345, 1, 1, 2, 'Gayatri', '-', NULL, NULL, 0, '2025-01-02 18:09:08', '2025-01-02 18:09:08'),
(13, 2483, 2, 3, 14, 'PT Hadeka - Hidro Daya Kinerja', 'Perusahaan Teknologi Tepat Guna pembangunan Pembangkit Listrik Tenaga Air (Mikro, Mini), Surya, Angin dan Sampah', NULL, NULL, 0, '2025-01-02 18:09:08', '2025-01-02 18:09:08'),
(14, 3060, 2, 3, 1, 'PT. ROFINDIYA EKAMULIA SUKSES (BUBUR ONIC)', '', NULL, NULL, 50, '2025-01-02 18:09:10', '2025-01-02 18:09:10'),
(15, 3064, 1, 1, 1, 'Company 1', '', NULL, NULL, 10, '2025-01-02 18:09:10', '2025-01-02 18:09:10'),
(16, 3065, 1, 1, 1, 'Company 1', '', NULL, NULL, 10, '2025-01-02 18:09:10', '2025-01-02 18:09:10'),
(17, 3066, 2, 1, 11, 'Nama Usaha 1', '', NULL, NULL, 10, '2025-01-02 18:09:10', '2025-01-02 18:09:10'),
(18, 3070, 1, 3, 7, 'Company 1', '', NULL, NULL, 10, '2025-01-02 18:09:10', '2025-01-02 18:09:10'),
(19, 3071, 7, 1, 14, 'StartUp', '', NULL, NULL, 4, '2025-01-02 18:09:10', '2025-01-02 18:09:10'),
(20, 3072, 2, 2, 12, 'Kareema Land', '', NULL, NULL, 7, '2025-01-02 18:09:10', '2025-01-02 18:09:10'),
(21, 3073, 9, 1, 6, 'Supplier Jagung', '', NULL, NULL, 0, '2025-01-02 18:09:10', '2025-01-02 18:09:10'),
(22, 3074, 9, 1, 6, 'Toko Sumber Cahaya', '', NULL, NULL, 2, '2025-01-02 18:09:10', '2025-01-02 18:09:10'),
(23, 3075, 2, 3, 13, 'Berkah Iqra Gemilang', '', NULL, NULL, 100, '2025-01-02 18:09:10', '2025-01-02 18:09:10'),
(24, 3080, 1, 1, 15, 'Solo Khitan Center', '', NULL, NULL, 1, '2025-01-02 18:09:10', '2025-01-02 18:09:10'),
(25, 3081, 6, 1, 13, '-', '', NULL, NULL, 0, '2025-01-02 18:09:10', '2025-01-02 18:09:10'),
(26, 3082, 6, 1, 2, 'Marwah Collection', '', NULL, NULL, 0, '2025-01-02 18:09:10', '2025-01-02 18:09:10'),
(27, 3083, 11, 3, 4, 'KB TK SD Exiss Abata dan SMP Leaderss Khalid bin Walid', '', NULL, NULL, 100, '2025-01-02 18:09:10', '2025-01-02 18:09:10'),
(28, 3084, 2, 3, 6, 'PT Boogie Apparel Indonesia', '', NULL, NULL, 30, '2025-01-02 18:09:10', '2025-01-02 18:09:10'),
(29, 3085, 1, 1, 1, 'Ruwah sari laut', '', NULL, NULL, 3, '2025-01-02 18:09:10', '2025-01-02 18:09:10'),
(30, 3086, 2, 5, 15, 'Rs Permata Hati', '', NULL, NULL, 345, '2025-01-02 18:09:10', '2025-01-02 18:09:10'),
(31, 3087, 11, 1, 13, 'Cahaya Hijrah', '', NULL, NULL, 5, '2025-01-02 18:09:10', '2025-01-02 18:09:10'),
(32, 3088, 3, 3, 11, 'GCEDi architecture & ?nterior services', '', NULL, NULL, 50, '2025-01-02 18:09:10', '2025-01-02 18:09:10'),
(33, 3089, 2, 3, 13, 'BIG', '', NULL, NULL, 4, '2025-01-02 18:09:10', '2025-01-02 18:09:10'),
(34, 3090, 1, 1, 1, 'Zahra Aqiqah', '', NULL, NULL, 2, '2025-01-02 18:09:10', '2025-01-02 18:09:10'),
(35, 3091, 1, 2, 8, 'Razan Aqiqah', '', NULL, NULL, 4, '2025-01-02 18:09:10', '2025-01-02 18:09:10'),
(36, 3092, 6, 1, 1, 'Mama Kiki', '', NULL, NULL, 2, '2025-01-02 18:09:10', '2025-01-02 18:09:10'),
(37, 3093, 9, 1, 3, 'Lyn\'s', '', NULL, NULL, 2, '2025-01-02 18:09:10', '2025-01-02 18:09:10'),
(38, 3094, 2, 2, 13, 'pt big', '', NULL, NULL, 4, '2025-01-02 18:09:10', '2025-01-02 18:09:10'),
(39, 3095, 7, 1, 7, 'KWT GEMILANG/ TEPOENKGS', '', NULL, NULL, 10, '2025-01-02 18:09:10', '2025-01-02 18:09:10'),
(40, 3096, 1, 1, 2, 'SieCraft wedding & Recycle', '', NULL, NULL, 2, '2025-01-02 18:09:10', '2025-01-02 18:09:10'),
(41, 3097, 11, 3, 4, 'Yayasan Fi Ahsani Taqwim', '', NULL, NULL, 206, '2025-01-02 18:09:10', '2025-01-02 18:09:10'),
(42, 3098, 2, 5, 15, 'Rsu wajak husada', '', NULL, NULL, 230, '2025-01-02 18:09:10', '2025-01-02 18:09:10'),
(43, 3100, 2, 5, 15, 'RS. Permata Hati', '', NULL, NULL, 350, '2025-01-02 18:09:10', '2025-01-02 18:09:10'),
(44, 3101, 2, 1, 2, 'PT. Dmoroy Kreasi Alam Nusantara', '', NULL, NULL, 4, '2025-01-02 18:09:10', '2025-01-02 18:09:10'),
(45, 3102, 2, 2, 7, 'PUPUK ORGANIK SEMPURNA PLUS', '', NULL, NULL, 30, '2025-01-02 18:09:10', '2025-01-02 18:09:10'),
(46, 3103, 2, 2, 9, 'Jaya Sempurna Agro', '', NULL, NULL, 30, '2025-01-02 18:09:10', '2025-01-02 18:09:10'),
(47, 3104, 2, 5, 11, 'PT RESIK BUMI PERKASA', '', NULL, NULL, 4200, '2025-01-02 18:09:10', '2025-01-02 18:09:10'),
(48, 3105, 2, 2, 7, 'PT.JAYA SEMPURNA AGRO', '', NULL, NULL, 30, '2025-01-02 18:09:10', '2025-01-02 18:09:10'),
(49, 3106, 1, 1, 13, 'Localawash Laundry', '', NULL, NULL, 2, '2025-01-02 18:09:10', '2025-01-02 18:09:10'),
(50, 3107, 2, 3, 5, 'HANNA Chemicals & Lubricants', '', NULL, NULL, 17, '2025-01-02 18:09:10', '2025-01-02 18:09:10'),
(51, 3108, 2, 2, 13, 'PT. Travelapak Indonesia Satu', '', NULL, NULL, 5, '2025-01-02 18:09:10', '2025-01-02 18:09:10'),
(52, 3109, 1, 1, 1, 'Rendang Buya', '', NULL, NULL, 4, '2025-01-02 18:09:10', '2025-01-02 18:09:10'),
(53, 3110, 1, 1, 3, 'Mukamilah muslimah', '', NULL, NULL, 5, '2025-01-02 18:09:10', '2025-01-02 18:09:10'),
(54, 3111, 11, 5, 15, 'Rumah sakit', '', NULL, NULL, 550, '2025-01-02 18:09:10', '2025-01-02 18:09:10'),
(55, 3112, 1, 2, 1, 'Pecel lele \"ayo mampir mas Leo\"', '', NULL, NULL, 6, '2025-01-02 18:09:10', '2025-01-02 18:09:10'),
(56, 3113, 3, 1, 6, 'Kuliner, Suplemen', '', NULL, NULL, 1, '2025-01-02 18:09:10', '2025-01-02 18:09:10'),
(57, 3114, 3, 1, 11, 'konfeksi dan percetakan', '', NULL, NULL, 10, '2025-01-02 18:09:10', '2025-01-02 18:09:10'),
(58, 3115, 6, 2, 13, 'HNI', '', NULL, NULL, 0, '2025-01-02 18:09:10', '2025-01-02 18:09:10'),
(59, 3116, 1, 2, 11, 'PT .SJG', '', NULL, NULL, 3, '2025-01-02 18:09:10', '2025-01-02 18:09:10'),
(60, 3117, 11, 3, 4, 'Inspirasi Pembelajar', '', NULL, NULL, 70, '2025-01-02 18:09:10', '2025-01-02 18:09:10'),
(61, 3118, 2, 2, 12, 'Dafifa Group (Wisata Halal/Umroh, Properti & Food)', '', NULL, NULL, 2, '2025-01-02 18:09:10', '2025-01-02 18:09:10'),
(62, 3119, 11, 3, 4, 'smp leaders khalid bin walid', '', NULL, NULL, 20, '2025-01-02 18:09:10', '2025-01-02 18:09:10'),
(63, 3120, 11, 2, 11, 'Pendampingan Sertifikat Halal', '', NULL, NULL, 400, '2025-01-02 18:09:10', '2025-01-02 18:09:10'),
(64, 3121, 2, 3, 12, 'Metrik Engineering', '', NULL, NULL, 70, '2025-01-02 18:09:10', '2025-01-02 18:09:10'),
(65, 3122, 2, 2, 7, 'ADHIGANA GRUP', '', NULL, NULL, 3, '2025-01-02 18:09:10', '2025-01-02 18:09:10'),
(66, 3123, 11, 2, 4, 'Jago Tanpa Kuliah', '', NULL, NULL, 7, '2025-01-02 18:09:10', '2025-01-02 18:09:10'),
(67, 3124, 5, 1, 15, 'Binggo Optikal', '', NULL, NULL, 3, '2025-01-02 18:09:10', '2025-01-02 18:09:10'),
(68, 3125, 1, 1, 1, 'Warteg Reneo', '', NULL, NULL, 3, '2025-01-02 18:09:10', '2025-01-02 18:09:10'),
(69, 3126, 1, 1, 15, 'Klinik gigi', '', NULL, NULL, 1, '2025-01-02 18:09:10', '2025-01-02 18:09:10'),
(70, 3127, 4, 1, 1, 'Abon RANI', '', NULL, NULL, 4, '2025-01-02 18:09:10', '2025-01-02 18:09:10'),
(71, 3128, 1, 1, 1, 'Dapur Amah Rifa', '', NULL, NULL, 1, '2025-01-02 18:09:10', '2025-01-02 18:09:10'),
(72, 3129, 2, 2, 12, 'Rahmi Rusdi Properti', '', NULL, NULL, 30, '2025-01-02 18:09:11', '2025-01-02 18:09:11'),
(73, 3130, 3, 2, 11, 'Insan Berkah Mandiri', '', NULL, NULL, 18, '2025-01-02 18:09:11', '2025-01-02 18:09:11'),
(74, 3131, 2, 1, 12, 'Qawiyyu rancang bangun', '', NULL, NULL, 3, '2025-01-02 18:09:11', '2025-01-02 18:09:11'),
(75, 3132, 9, 1, 11, 'Alifgen', '', NULL, NULL, 4, '2025-01-02 18:09:11', '2025-01-02 18:09:11'),
(76, 3133, 2, 5, 12, 'Pasedona Sekawan Realtindo', '', NULL, NULL, 4, '2025-01-02 18:09:11', '2025-01-02 18:09:11'),
(77, 3134, 2, 1, 14, 'Barqunssss', '', NULL, NULL, 500, '2025-01-02 18:09:11', '2025-01-02 18:09:11'),
(78, 3135, 1, 1, 1, 'Minuman teh tarik jelly wangi', '', NULL, NULL, 2, '2025-01-02 18:09:11', '2025-01-02 18:09:11'),
(79, 3136, 6, 1, 1, 'Menjual makanan ringan (instant food)', '', NULL, NULL, 0, '2025-01-02 18:09:11', '2025-01-02 18:09:11'),
(80, 3137, 1, 1, 4, 'Akademi Trainer Motivator', '', NULL, NULL, 15, '2025-01-02 18:09:11', '2025-01-02 18:09:11'),
(81, 3138, 2, 1, 4, 'Insan Pelajar Mandiri', '', NULL, NULL, 5, '2025-01-02 18:09:11', '2025-01-02 18:09:11'),
(82, 3139, 2, 3, 1, 'PT Sabrina Kreatif Nusantara', '', NULL, NULL, 15, '2025-01-02 18:09:11', '2025-01-02 18:09:11'),
(83, 3140, 1, 1, 1, 'Syahri Foodys', '', NULL, NULL, 2, '2025-01-02 18:09:11', '2025-01-02 18:09:11'),
(84, 3141, 1, 1, 1, 'Azura Food', '', NULL, NULL, 3, '2025-01-02 18:09:11', '2025-01-02 18:09:11'),
(85, 3142, 1, 1, 3, 'Azz Ecoprint', '', NULL, NULL, 2, '2025-01-02 18:09:11', '2025-01-02 18:09:11'),
(86, 3143, 1, 1, 1, 'Upin Ipin fried chicken', '', NULL, NULL, 5, '2025-01-02 18:09:11', '2025-01-02 18:09:11'),
(87, 3144, 1, 1, 6, 'Warung Pejuang Subuh', '', NULL, NULL, 1, '2025-01-02 18:09:11', '2025-01-02 18:09:11'),
(88, 3145, 3, 1, 6, 'CV Maju Indo Grafika', '', NULL, NULL, 2, '2025-01-02 18:09:11', '2025-01-02 18:09:11'),
(89, 3146, 1, 1, 3, 'Afra toserba', '', NULL, NULL, 0, '2025-01-02 18:09:11', '2025-01-02 18:09:11'),
(90, 3147, 3, 2, 13, 'Multi media mandiri', '', NULL, NULL, 2, '2025-01-02 18:09:11', '2025-01-02 18:09:11'),
(91, 3148, 3, 3, 2, 'Troole Merchandise', '', NULL, NULL, 20, '2025-01-02 18:09:11', '2025-01-02 18:09:11'),
(92, 3149, 3, 1, 6, 'CV Dian Sakira & PT Senyawa Studio', '', NULL, NULL, 5, '2025-01-02 18:09:11', '2025-01-02 18:09:11'),
(93, 3150, 2, 2, 11, 'Zhofana', '', NULL, NULL, 3, '2025-01-02 18:09:11', '2025-01-02 18:09:11'),
(94, 3151, 5, 2, 3, 'Widi Jaya Perkasa', '', NULL, NULL, 10, '2025-01-02 18:09:11', '2025-01-02 18:09:11'),
(95, 3152, 3, 3, 1, 'Indra Shakti', '', NULL, NULL, 42, '2025-01-02 18:09:11', '2025-01-02 18:09:11'),
(96, 3153, 2, 2, 12, 'Developer', '', NULL, NULL, 17, '2025-01-02 18:09:11', '2025-01-02 18:09:11'),
(97, 3154, 2, 3, 1, 'Nasgor Top', '', NULL, NULL, 130, '2025-01-02 18:09:11', '2025-01-02 18:09:11'),
(98, 3155, 9, 2, 2, 'DUNIA FRAME', '', NULL, NULL, 3, '2025-01-02 18:09:11', '2025-01-02 18:09:11'),
(99, 3156, 2, 5, 4, 'Haula Sejahtera (Haula Toys)', '', NULL, NULL, 100, '2025-01-02 18:09:11', '2025-01-02 18:09:11'),
(100, 3157, 2, 1, 5, 'HYDROKALVABIO', '', NULL, NULL, 50, '2025-01-02 18:09:11', '2025-01-02 18:09:11'),
(101, 3158, 2, 5, 12, 'PRIMALAND', '', NULL, NULL, 200, '2025-01-02 18:09:11', '2025-01-02 18:09:11'),
(102, 3159, 2, 2, 11, 'PELAYANAN UMROH & HAJI', '', NULL, NULL, 4, '2025-01-02 18:09:11', '2025-01-02 18:09:11'),
(103, 3160, 6, 1, 3, 'Rumah Gamis Aisyah', '', NULL, NULL, 2, '2025-01-02 18:09:11', '2025-01-02 18:09:11'),
(104, 3161, 1, 2, 1, 'Pempek Balap', '', NULL, NULL, 15, '2025-01-02 18:09:11', '2025-01-02 18:09:11'),
(105, 3162, 3, 2, 1, 'Warung Abdel', '', NULL, NULL, 6, '2025-01-02 18:09:11', '2025-01-02 18:09:11'),
(106, 3163, 1, 1, 1, 'UWAISGERAI. ID', '', NULL, NULL, 1, '2025-01-02 18:09:11', '2025-01-02 18:09:11'),
(107, 3164, 1, 1, 1, 'PT. CASCARA KERINCI AGRO', '', NULL, NULL, 3, '2025-01-02 18:09:11', '2025-01-02 18:09:11'),
(108, 3165, 9, 1, 1, 'Cek Rini food (pempek cek Rini)', '', NULL, NULL, 0, '2025-01-02 18:09:11', '2025-01-02 18:09:11'),
(109, 3166, 1, 1, 1, 'PT Sibunda Berkarya sukses abadi', '', NULL, NULL, 3, '2025-01-02 18:09:11', '2025-01-02 18:09:11'),
(110, 3167, 2, 2, 13, 'Dafifa Halal Tour', '', NULL, NULL, 2, '2025-01-02 18:09:11', '2025-01-02 18:09:11'),
(111, 3168, 1, 1, 1, 'Gerai falray', '', NULL, NULL, 1, '2025-01-02 18:09:11', '2025-01-02 18:09:11'),
(112, 3169, 6, 1, 1, 'Cahaya Berlian Bersinar', '', NULL, NULL, 5, '2025-01-02 18:09:11', '2025-01-02 18:09:11'),
(113, 3170, 1, 1, 1, 'NA Kitchen', '', NULL, NULL, 2, '2025-01-02 18:09:11', '2025-01-02 18:09:11'),
(114, 3171, 6, 1, 4, 'Info Pelatihan Bootcamp', '', NULL, NULL, 0, '2025-01-02 18:09:11', '2025-01-02 18:09:11'),
(115, 3172, 1, 1, 1, 'ngunyah bae', '', NULL, NULL, 2, '2025-01-02 18:09:11', '2025-01-02 18:09:11'),
(116, 3173, 3, 2, 6, 'Mozaik Frozen Mart', '', NULL, NULL, 4, '2025-01-02 18:09:11', '2025-01-02 18:09:11'),
(117, 3174, 1, 1, 13, 'OMBAI - Bumbu Masak Praktis ', '', NULL, NULL, 3, '2025-01-02 18:09:11', '2025-01-02 18:09:11'),
(118, 3175, 1, 1, 1, 'Putri kembar', '', NULL, NULL, 2, '2025-01-02 18:09:11', '2025-01-02 18:09:11'),
(119, 3176, 2, 2, 12, 'Kaniya Group', '', NULL, NULL, 0, '2025-01-02 18:09:11', '2025-01-02 18:09:11'),
(120, 3177, 1, 1, 15, 'AlKautsarpetcare', '', NULL, NULL, 2, '2025-01-02 18:09:11', '2025-01-02 18:09:11'),
(121, 3178, 3, 3, 13, 'Peacegraph printing', '', NULL, NULL, 45, '2025-01-02 18:09:11', '2025-01-02 18:09:11'),
(122, 3179, 9, 1, 13, 'h2 Printing, Advertising & Konveksi', '', NULL, NULL, 2, '2025-01-02 18:09:11', '2025-01-02 18:09:11'),
(123, 3180, 2, 5, 14, 'Orderfaz', '', NULL, NULL, 30, '2025-01-02 18:09:11', '2025-01-02 18:09:11'),
(124, 3181, 3, 3, 3, 'Fanka Group', '', NULL, NULL, 6, '2025-01-02 18:09:11', '2025-01-02 18:09:11'),
(125, 3182, 1, 1, 6, 'WN Mart', '', NULL, NULL, 1, '2025-01-02 18:09:11', '2025-01-02 18:09:11'),
(126, 3183, 6, 3, 8, 'Aqiqah Express', '', NULL, NULL, 50, '2025-01-02 18:09:11', '2025-01-02 18:09:11'),
(127, 3184, 1, 1, 1, 'Dapur Qtan', '', NULL, NULL, 2, '2025-01-02 18:09:11', '2025-01-02 18:09:11'),
(128, 3185, 2, 3, 2, 'Kira souvenir', '', NULL, NULL, 35, '2025-01-02 18:09:11', '2025-01-02 18:09:11'),
(129, 3186, 1, 1, 13, 'erhastore', '', NULL, NULL, 1, '2025-01-02 18:09:11', '2025-01-02 18:09:11'),
(130, 3187, 1, 1, 1, 'Minuman', '', NULL, NULL, 2, '2025-01-02 18:09:11', '2025-01-02 18:09:11'),
(131, 3188, 1, 1, 2, 'Creative Carving', '', NULL, NULL, 7, '2025-01-02 18:09:11', '2025-01-02 18:09:11'),
(132, 3189, 1, 1, 2, 'Omeera', '', NULL, NULL, 2, '2025-01-02 18:09:11', '2025-01-02 18:09:11'),
(133, 3190, 8, 1, 1, 'Dapur kasono', '', NULL, NULL, 3, '2025-01-02 18:09:11', '2025-01-02 18:09:11'),
(134, 3191, 5, 1, 4, 'Indonesia creative studio', '', NULL, NULL, 2, '2025-01-02 18:09:11', '2025-01-02 18:09:11'),
(135, 3192, 1, 1, 13, 'Jundy Gordyn', '', NULL, NULL, 2, '2025-01-02 18:09:11', '2025-01-02 18:09:11'),
(136, 3193, 1, 2, 6, 'Annaila Fashion', '', NULL, NULL, 8, '2025-01-02 18:09:11', '2025-01-02 18:09:11'),
(137, 3194, 2, 1, 11, 'Edu GROUP', '', NULL, NULL, 7, '2025-01-02 18:09:11', '2025-01-02 18:09:11'),
(138, 3195, 11, 1, 4, 'YBIM NTB', '', NULL, NULL, 84, '2025-01-02 18:09:11', '2025-01-02 18:09:11'),
(139, 3196, 3, 1, 6, 'CV.Azzamkom Mulia Sejahtera', '', NULL, NULL, 4, '2025-01-02 18:09:11', '2025-01-02 18:09:11'),
(140, 3197, 7, 2, 15, 'HNI', '', NULL, NULL, 6, '2025-01-02 18:09:11', '2025-01-02 18:09:11'),
(141, 3198, 3, 3, 6, 'Cv. Dwi Tunggal', '', NULL, NULL, 4, '2025-01-02 18:09:11', '2025-01-02 18:09:11'),
(142, 3199, 9, 1, 4, 'LEMBAGA PENDIDIKAN SMARTEDU MATARAM (LPSM)', '', NULL, NULL, 0, '2025-01-02 18:09:11', '2025-01-02 18:09:11'),
(143, 3200, 4, 1, 11, 'Umam Komputer', '', NULL, NULL, 1, '2025-01-02 18:09:11', '2025-01-02 18:09:11'),
(144, 3201, 3, 1, 9, 'Agrowira Kusuma Nusantara', '', NULL, NULL, 3, '2025-01-02 18:09:11', '2025-01-02 18:09:11'),
(145, 3202, 6, 1, 6, 'Berkah Jaya Abadi', '', NULL, NULL, 2, '2025-01-02 18:09:11', '2025-01-02 18:09:11'),
(146, 3203, 3, 1, 13, 'MAHARANI TIRTA GROUP', '', NULL, NULL, 9, '2025-01-02 18:09:11', '2025-01-02 18:09:11'),
(147, 3204, 2, 3, 11, 'rcmprint', '', NULL, NULL, 20, '2025-01-02 18:09:11', '2025-01-02 18:09:11'),
(148, 3205, 1, 1, 4, 'Bimba rainbow kids cabang ratu jaya', '', NULL, NULL, 2, '2025-01-02 18:09:11', '2025-01-02 18:09:11'),
(149, 3206, 6, 1, 4, 'Arsyadnaufalstore', '', NULL, NULL, 1, '2025-01-02 18:09:11', '2025-01-02 18:09:11'),
(150, 3207, 1, 1, 3, 'Sba Kidswear', '', NULL, NULL, 2, '2025-01-02 18:09:11', '2025-01-02 18:09:11'),
(151, 3208, 1, 1, 1, 'salad buah DAMs', '', NULL, NULL, 2, '2025-01-02 18:09:11', '2025-01-02 18:09:11'),
(152, 3209, 9, 1, 1, 'kaf\'s dessert', '', NULL, NULL, 2, '2025-01-02 18:09:11', '2025-01-02 18:09:11'),
(153, 3210, 9, 1, 11, 'Shinta media', '', NULL, NULL, 1, '2025-01-02 18:09:11', '2025-01-02 18:09:11'),
(154, 3211, 6, 1, 8, 'Prabu lobster farm dan property', '', NULL, NULL, 0, '2025-01-02 18:09:11', '2025-01-02 18:09:11'),
(155, 3212, 1, 1, 1, 'Nabil Fresh', '', NULL, NULL, 2, '2025-01-02 18:09:11', '2025-01-02 18:09:11'),
(156, 3213, 1, 1, 3, 'Mt_collection', '', NULL, NULL, 0, '2025-01-02 18:09:11', '2025-01-02 18:09:11'),
(157, 3214, 6, 1, 1, 'Ummu Daffa Kukis', '', NULL, NULL, 1, '2025-01-02 18:09:11', '2025-01-02 18:09:11'),
(158, 3215, 1, 1, 1, 'Oh Yumi ODEN', '', NULL, NULL, 1, '2025-01-02 18:09:11', '2025-01-02 18:09:11'),
(159, 3216, 1, 1, 6, 'Baba parfum', '', NULL, NULL, 2, '2025-01-02 18:09:11', '2025-01-02 18:09:11'),
(160, 3217, 6, 1, 1, 'Warung nasi uduk mama ezzar', '', NULL, NULL, 1, '2025-01-02 18:09:11', '2025-01-02 18:09:11'),
(161, 3218, 1, 1, 1, 'Gudeg Jogja Bu Dewi', '', NULL, NULL, 10, '2025-01-02 18:09:11', '2025-01-02 18:09:11'),
(162, 3219, 6, 1, 1, 'Rajawali Corner Catering', '', NULL, NULL, 5, '2025-01-02 18:09:11', '2025-01-02 18:09:11'),
(163, 3220, 1, 1, 1, 'PRAYA FOODIES', '', NULL, NULL, 1, '2025-01-02 18:09:11', '2025-01-02 18:09:11'),
(164, 3221, 2, 1, 2, 'Anya design', '', NULL, NULL, 4, '2025-01-02 18:09:11', '2025-01-02 18:09:11'),
(165, 3222, 4, 1, 10, 'UD ONYE ENCUM FISH 7', '', NULL, NULL, 1, '2025-01-02 18:09:11', '2025-01-02 18:09:11'),
(166, 3223, 1, 1, 3, 'Mimar Studio', '', NULL, NULL, 2, '2025-01-02 18:09:11', '2025-01-02 18:09:11'),
(167, 3224, 6, 1, 4, 'Rumah Belajar Insan Madani', '', NULL, NULL, 2, '2025-01-02 18:09:11', '2025-01-02 18:09:11'),
(168, 3225, 2, 1, 6, 'Dinar Khoirur Roziqin', '', NULL, NULL, 5, '2025-01-02 18:09:11', '2025-01-02 18:09:11'),
(169, 3226, 1, 1, 10, 'Rancawaya Fish Farm', '', NULL, NULL, 2, '2025-01-02 18:09:11', '2025-01-02 18:09:11'),
(170, 3227, 1, 1, 4, 'Hiroshima center', '', NULL, NULL, 1, '2025-01-02 18:09:11', '2025-01-02 18:09:11'),
(171, 3228, 6, 1, 4, 'Rumah Belajar Insan Madani', '', NULL, NULL, 2, '2025-01-02 18:09:11', '2025-01-02 18:09:11'),
(172, 3229, 1, 1, 1, 'Rendang Datoh', '', NULL, NULL, 1, '2025-01-02 18:09:11', '2025-01-02 18:09:11'),
(173, 3230, 6, 1, 1, 'Dapur mak rina', '', NULL, NULL, 1, '2025-01-02 18:09:11', '2025-01-02 18:09:11'),
(174, 3231, 6, 2, 6, 'Value mart 99', '', NULL, NULL, 4, '2025-01-02 18:09:11', '2025-01-02 18:09:11'),
(175, 3232, 1, 1, 1, 'Dapur Nyonya Multi', '', NULL, NULL, 1, '2025-01-02 18:09:11', '2025-01-02 18:09:11'),
(176, 3233, 1, 1, 1, 'Sabua kawanua', '', NULL, NULL, 3, '2025-01-02 18:09:11', '2025-01-02 18:09:11'),
(177, 3234, 1, 1, 1, 'RnB donuts', '', NULL, NULL, 2, '2025-01-02 18:09:11', '2025-01-02 18:09:11'),
(178, 3235, 1, 1, 2, 'Nadzani buket & cake and cookies tante', '', NULL, NULL, 0, '2025-01-02 18:09:11', '2025-01-02 18:09:11'),
(179, 3236, 1, 1, 1, 'Gudeg yogya bu djum', '', NULL, NULL, 3, '2025-01-02 18:09:11', '2025-01-02 18:09:11'),
(180, 3237, 1, 2, 11, 'Salon Amira', '', NULL, NULL, 45, '2025-01-02 18:09:11', '2025-01-02 18:09:11'),
(181, 3238, 1, 1, 1, 'Jamu herbal & cemilan ibu warti', '', NULL, NULL, 2, '2025-01-02 18:09:11', '2025-01-02 18:09:11'),
(182, 3239, 1, 1, 5, 'Anugerah Food Makmur', '', NULL, NULL, 2, '2025-01-02 18:09:11', '2025-01-02 18:09:11'),
(183, 3240, 1, 1, 1, 'Teras Toedjoeh', '', NULL, NULL, 1, '2025-01-02 18:09:11', '2025-01-02 18:09:11'),
(184, 3241, 1, 1, 1, 'Riwan\'s Catering & Wedding', '', NULL, NULL, 4, '2025-01-02 18:09:11', '2025-01-02 18:09:11'),
(185, 3242, 1, 1, 1, 'Beras Merah CAK HAR', '', NULL, NULL, 1, '2025-01-02 18:09:11', '2025-01-02 18:09:11'),
(186, 3243, 1, 1, 1, 'Mie ayam Gloume', '', NULL, NULL, 2, '2025-01-02 18:09:11', '2025-01-02 18:09:11'),
(187, 3244, 6, 1, 6, 'Warung sembako adreena', '', NULL, NULL, 2, '2025-01-02 18:09:11', '2025-01-02 18:09:11'),
(188, 3245, 6, 1, 11, 'Cuci Helm Tiara', '', NULL, NULL, 1, '2025-01-02 18:09:11', '2025-01-02 18:09:11'),
(189, 3246, 1, 1, 1, 'Kedai Uli Mufidah', '', NULL, NULL, 0, '2025-01-02 18:09:11', '2025-01-02 18:09:11'),
(190, 3247, 1, 1, 1, 'Asinan teteh', '', NULL, NULL, 2, '2025-01-02 18:09:11', '2025-01-02 18:09:11'),
(191, 3248, 6, 1, 1, 'Ey\'zaad culinary', '', NULL, NULL, 0, '2025-01-02 18:09:11', '2025-01-02 18:09:11'),
(192, 3249, 6, 1, 6, 'Warung Bu tika', '', NULL, NULL, 1, '2025-01-02 18:09:11', '2025-01-02 18:09:11'),
(193, 3250, 1, 2, 1, 'An Najah Sukmajaya', '', NULL, NULL, 1, '2025-01-02 18:09:11', '2025-01-02 18:09:11'),
(194, 3251, 6, 1, 1, 'mie rasasini', '', NULL, NULL, 1, '2025-01-02 18:09:11', '2025-01-02 18:09:11'),
(195, 3252, 6, 1, 1, 'Kreeznaa Snack', '', NULL, NULL, 2, '2025-01-02 18:09:11', '2025-01-02 18:09:11'),
(196, 3253, 1, 1, 6, 'FAFAZA', '', NULL, NULL, 1, '2025-01-02 18:09:11', '2025-01-02 18:09:11'),
(197, 3254, 9, 3, 6, 'Kioshijab', '', NULL, NULL, 5, '2025-01-02 18:09:11', '2025-01-02 18:09:11'),
(198, 3255, 11, 1, 4, 'Yayasan Al Kautsar Garut', '', NULL, NULL, 10, '2025-01-02 18:09:11', '2025-01-02 18:09:11'),
(199, 3256, 1, 1, 13, 'Gedhemedia', '', NULL, NULL, 1, '2025-01-02 18:09:11', '2025-01-02 18:09:11'),
(200, 3257, 1, 2, 1, 'Bubur Bayi', '', NULL, NULL, 15, '2025-01-02 18:09:11', '2025-01-02 18:09:11'),
(201, 3258, 1, 1, 11, 'Lantabur inti bumi', '', NULL, NULL, 3, '2025-01-02 18:09:11', '2025-01-02 18:09:11'),
(202, 3259, 3, 1, 6, 'Usmania Multiniaga', '', NULL, NULL, 3, '2025-01-02 18:09:11', '2025-01-02 18:09:11'),
(203, 3260, 2, 2, 14, 'Swapper', '', NULL, NULL, 5, '2025-01-02 18:09:11', '2025-01-02 18:09:11'),
(204, 3262, 3, 2, 11, 'Pusatsewa', '', NULL, NULL, 4, '2025-01-02 18:09:11', '2025-01-02 18:09:11'),
(205, 3263, 2, 2, 6, 'PT. Hijrah Haniyah Oleum', '', NULL, NULL, 4, '2025-01-02 18:09:11', '2025-01-02 18:09:11'),
(206, 3264, 9, 1, 13, 'julius cell', '', NULL, NULL, 1, '2025-01-02 18:09:11', '2025-01-02 18:09:11'),
(207, 3265, 1, 1, 2, 'kireiscape', '', NULL, NULL, 0, '2025-01-02 18:09:11', '2025-01-02 18:09:11'),
(208, 3266, 1, 1, 15, '-', '', NULL, NULL, 0, '2025-01-02 18:09:11', '2025-01-02 18:09:11'),
(209, 3267, 1, 1, 6, 'Grosir Laila barokah', '', NULL, NULL, 2, '2025-01-02 18:09:11', '2025-01-02 18:09:11'),
(210, 3268, 8, 1, 3, 'TENUN ULOS MARPAUNGSITIOTIO88', '', NULL, NULL, 1, '2025-01-02 18:09:11', '2025-01-02 18:09:11'),
(211, 3269, 2, 2, 13, 'PT BPRS AMAN SYARIAH', '', NULL, NULL, 44, '2025-01-02 18:09:11', '2025-01-02 18:09:11'),
(212, 3270, 9, 1, 13, 'Percetakan', '', NULL, NULL, 1, '2025-01-02 18:09:11', '2025-01-02 18:09:11'),
(213, 3271, 1, 1, 13, 'Amarilia Studio', '', NULL, NULL, 1, '2025-01-02 18:09:11', '2025-01-02 18:09:11'),
(214, 3272, 1, 1, 1, 'Dapur Dijah', '', NULL, NULL, 2, '2025-01-02 18:09:11', '2025-01-02 18:09:11'),
(215, 3273, 2, 2, 13, 'Talenta Misi Mulia (TMM)', '', NULL, NULL, 3, '2025-01-02 18:09:11', '2025-01-02 18:09:11'),
(216, 3274, 3, 1, 14, 'Mandala Putra Fiber', '', NULL, NULL, 2, '2025-01-02 18:09:11', '2025-01-02 18:09:11'),
(217, 3275, 3, 3, 6, 'TOKO PLASTIK DAN BAHAN KUE', '', NULL, NULL, 50, '2025-01-02 18:09:11', '2025-01-02 18:09:11'),
(218, 3276, 1, 1, 2, 'EL Flower', '', NULL, NULL, 0, '2025-01-02 18:09:11', '2025-01-02 18:09:11'),
(219, 3277, 1, 2, 10, 'Rumah Salmon', '', NULL, NULL, 11, '2025-01-02 18:09:11', '2025-01-02 18:09:11'),
(220, 3278, 1, 1, 6, 'Orchid Seal', '', NULL, NULL, 5, '2025-01-02 18:09:11', '2025-01-02 18:09:11'),
(221, 3279, 1, 1, 3, 'Julio Collection Distro', '', NULL, NULL, 1, '2025-01-02 18:09:12', '2025-01-02 18:09:12'),
(222, 3280, 1, 1, 13, 'KRA Branding House', '', NULL, NULL, 1, '2025-01-02 18:09:12', '2025-01-02 18:09:12'),
(223, 3281, 6, 1, 13, 'asdfadsf', 'asdfasdf', NULL, 2006, 8123, '2025-01-02 18:09:12', '2025-01-02 18:09:12'),
(224, 3282, 2, 1, 14, 'MEDISIN', 'IHA by medisin merupakan pengembangan produk rekam medis elektronik dari Medisin dapat digunakan di seluruh perusahaan INDUSTRI di Indonesia yang berfokus pada keselamatan kerja bertujuan untuk berfokus pada keselamatan pekerja dengan menerapkan pengendalian bahaya di tempat kerja yang efektif . Praktik ini membantu melindungi karyawan dari berbagai jenis cedera dan penyakit, seperti penyakit yang tidak fatal, kondisi pernapasan, penyakit kulit, keracunan, gangguan pendengaran, dan cedera akibat stres berulang. hal tersebut dapat diakses menggunakan 1 sistem yang terhubung dengan satusehat, BPJS, Kementrian ketenagakerjaan.\r\n\r\nTantangan : \r\nSistem Rekam Medis Fokus pada industrial Hygiene di Indonesia tidak terlalu banyak sehingga riset dan kajian masih terbatas\r\n\r\ndengan pengalaman RME medisin yang sudah berjalan di 355 Fasilitas kesehatan di seluruh Indonesia kami mengembangkan untuk masuk pada sektor kesehatan di Industri dengan menerapkan Artificial Intelligence dalam memberikan laporan kesehatan pasien ke atasan masing-masing hal tersebut sangat membantu meningkatkan performa kerja karyawan sesuai dengan riwayat kesehatan masing-masing', 'profile_company/comIt2MLHT9IKzcoTyYW9UiYODN3WNf8gsdXJ2uC.pdf', NULL, 15, '2025-01-02 18:09:12', '2025-01-02 18:09:12'),
(225, 3283, 2, 1, 7, 'Anggerik Yakin Sdn Bhd', 'pengimport baja pertanian untuk buah-buahan terutamanya kelapa sawit, rumput. juga pengimport baja mentah NPK.', 'profile_company/APNXQC4VTsDNGuKeEHZ2d0SkoOJlbDKtOXHOuGqk.pdf', NULL, 4, '2025-01-02 18:09:12', '2025-01-02 18:09:12'),
(226, 3284, 2, 3, 15, 'SINTESA INTI PRESTASI', 'Perusahaan yang bergerak di bidang distribusi alat kesehatan, infrastrutur jalan', NULL, NULL, 8, '2025-01-02 18:09:12', '2025-01-02 18:09:12'),
(227, 3285, 9, 3, 11, 'Muazzin AV Retail & Services', 'The absence of a professional entity \r\nresponsible for the audio well-being of our Muslim house of worship was revealed.\r\n\r\nAs a result, we consider it our collective responsibility (fardhu kifayah) to address this matter.\r\n\r\nBut why audio / pa system is important to a mosque?The audio system is an indispensable component of a mosque’s operation, as it plays a crucial role in facilitating the five daily prayers, adhan, tazkirah, khutbah, announcements, and \r\ncommunity programs. \r\n\r\nThe voice clarity of the sermon and tazkirah, the beautiful modulation of the Quranic verses, and the adhan are essential in creating a more immersive and engaging \r\nworship experience for the pilgrims and the local.\r\n\r\nHence, Muazzin AV Retail & Services Sdn Bhd (Muazzin) started in 2018 as an audio-visual solution provider for Muslim house of worship.\r\n\r\nUntil 2024, we have helped more than 250 mosques, musolla and surau all over the Peninsular Malaysia including 4 official Mosque under The Incorporated Trustees of The Islamic Community Fund of Hong Kong, China and one in Singapore.', 'profile_company/u1nlpC3qFNgrcKXmsxKV9wRiAnEGiwfnM2H7KKJ2.pdf', NULL, 15, '2025-01-02 18:09:12', '2025-01-02 18:09:12'),
(228, 3286, 6, 3, 13, 'Theumrah Maqbulah Travel', 'Tourism', 'profile_company/fwlqOYXrM592gXbZAfjCgRZCMhQWrTxckBArPkiT.pdf', NULL, 8, '2025-01-02 18:09:12', '2025-01-02 18:09:12'),
(229, 3288, 2, 2, 1, 'PT Selaras Rasakoe Indonesia', 'Kami produsen aneka bumbu masakan mulai dari bumbu dasar, bumbu masak dan bumbu aneka tambahan rasa makanan.', NULL, NULL, 20, '2025-01-02 18:09:12', '2025-01-02 18:09:12'),
(230, 3290, 3, 1, 15, 'CV Equator Aromaterapi', 'CV. Equator Aromaterapi adalah sebuah perusahaan yang berdiri sejak tahun 2010. Dengan mengusung kehalalan dan ramah lingkungan, CV. Equator Aromaterapi senantiasa berkomitmen menghasilkan produk ramah lingkungan dan halal di bidang toiletries dan aromaterapi.', 'profile_company/ldU6hHITV3NZEBq7rVTm5eqK31RJpS1Sug4qOoo9.pdf', NULL, 10, '2025-01-02 18:09:12', '2025-01-02 18:09:12'),
(231, 3292, 2, 3, 11, 'PT Teknik Karya Industri', 'PT Teknik Karya Industri (TKI) adalah perusahaan yang berbasis di Indonesia, bergerak di bidang Engineering, Procurement, and Construction (EPC) untuk industri minyak, gas, petrokimia, kimia, mineral, dan energi. Perusahaan ini menawarkan layanan mulai dari desain teknik, pengadaan, hingga konstruksi. Mereka memiliki tim yang ahli di berbagai disiplin ilmu seperti sipil, perpipaan, mekanik, dan listrik, serta berfokus pada pengelolaan proyek dengan standar kualitas yang tinggi, efisiensi biaya, dan jadwal yang andal', 'profile_company/stqjDOxhIQ2Mvcm2xAQjUaNyMl5DkratcS8hBuKk.pdf', NULL, 10, '2025-01-02 18:09:12', '2025-01-02 18:09:12'),
(232, 3293, 2, 2, 15, 'MOIST care Clinic', 'MOIST care Clinic gives services for wound, stoma, foot and nail problems', 'profile_company/7VUzTbRv854Q4I0SBPVCAELa6seccYaO1sj6D8Vo.pdf', NULL, 15, '2025-01-02 18:09:12', '2025-01-02 18:09:12'),
(233, 3295, 7, 2, 13, 'Ethica Sdn Bhd', 'Keperluan Sekolah (Pakaian, Buku tulis, etc) & T-shirt', 'profile_company/7V20IBWJ3X1E7jz7EUmbI0EuOnYHJknNhZoVIlPG.pdf', NULL, 2, '2025-01-02 18:09:12', '2025-01-02 18:09:12'),
(234, 3297, 2, 1, 7, 'anggerik yakin sdn bhd', 'baja pertanian', 'profile_company/hUFEEbYarA5aNSQ2paJJ7l46eBW2IFs7NxjY2c3k.pdf', NULL, 4, '2025-01-02 18:09:12', '2025-01-02 18:09:12'),
(235, 3300, 1, 1, 1, 'Catering Dapur Mama Eza', 'Catering dan Aneka Rendang Kemasan, dan Aneka Sambel', 'profile_company/5PY8I51ncY5i3gJQXFtjreTx6DOBZCHCGU07aBt5.pdf', NULL, 4, '2025-01-02 18:09:12', '2025-01-02 18:09:12'),
(236, 3302, 2, 2, 15, 'Amdee Healthcare Sdn. Bhd.', 'Medical Clinic, Healthcare Services, Corporate Training (Employee Wellness, Safety, Medical Surveillance), Health Coaching', NULL, NULL, 15, '2025-01-02 18:09:12', '2025-01-02 18:09:12'),
(237, 3303, 1, 1, 1, 'MM ENTERPRISE', 'THE MAIN ACTIVITY OF THIS COMPANY IS\r\nTO CARRY OUT PROCESSING,\r\nMANUFACTURING, SUPPLYING AND\r\nSELLING OF QUALITY FOOD PES AS WELL\r\nAS SUPPLYING COOKED FOOD AND\r\nCATERING SERVICES', 'profile_company/lkKyG9MTKhuWKZ2jGrZZfyUfabjyg8WI6kzMciuN.pdf', NULL, 2, '2025-01-02 18:09:12', '2025-01-02 18:09:12'),
(238, 3304, 3, 1, 1, 'Salaam Supply', 'Salaam Supply merupakan distributor bahan baku makanan dan minuman seperti bumbu, rempah-rempah, dan perisa manis.', NULL, NULL, 2, '2025-01-02 18:09:12', '2025-01-02 18:09:12'),
(239, 3306, 2, 3, 15, 'Gagas Envirotek Indonesia', 'Peralatan Kualitas Lingkungan Udara, Industrial Hygiene & Ipal', 'profile_company/Imjbw12Zz5vFnR9PN7QToSMkuizmOZ69rAcpTZXz.pdf', NULL, 20, '2025-01-02 18:09:12', '2025-01-02 18:09:12'),
(240, 3310, 2, 3, 13, 'AlFatih Travel Haji, Umrah n Halal Tour', 'Bergerak di usaha trav', NULL, NULL, 10, '2025-01-02 18:09:12', '2025-01-02 18:09:12'),
(241, 3312, 9, 2, 3, '0', '0', NULL, NULL, 0, '2025-01-02 18:09:12', '2025-01-02 18:09:12'),
(242, 3314, 2, 1, 1, '-', '-', NULL, NULL, 12, '2025-01-02 18:09:12', '2025-01-02 18:09:12'),
(243, 3316, 2, 2, 13, 'Imani Primary Care', 'Dikelola dan dikembangkan oleh para profesional kesehatan yang berkhidmat dalam bidang kesehatan khususnya di layanan primer.\r\nPara pendiri meleburkan diri dalam teamwork yang profesional dan mengusung nilai spiritual yang   universal.\r\nMemiliki modal dasar human capital yang kuat karena berasal dari beragam latar belakang profesi, sebagian besar adalah praktisi perumahsakitan, dengan dikokohkan oleh praktisi keuangan, hukum dan teknologi informasi, serta disokong oleh akademisi untuk menjaga akuntabilitas akademik dalam kajian yang dilakukan.', 'profile_company/aN75LgPzL6AkdXKBsXx26jAMYvHw9Of3wKqEk6BM.pdf', NULL, 5, '2025-01-02 18:09:12', '2025-01-02 18:09:12'),
(244, 3320, 2, 2, 15, 'Natura Dental Center', 'Natura Dental Center adalah pusat layanan kesehatan gigi dan mulut yang berpengalaman menangani puluhan ribu pasien sejak 2005 di Kota Depok. Dengan fokus memberikan solusi lengkap, mulai dari perawatan dasar hingga estetika kompleks, kami berkomitmen mengembalikan keindahan senyum alami Anda. Menggunakan teknologi terkini dan pendekatan menyeluruh, kami siap memberikan perawatan terbaik untuk senyum yang sehat, indah, dan percaya diri.\r\n\r\nSaat ini kami mencari mitra dan investor untuk memperbesar dampak kebermanfaatan kami di seluruh Indonesia. Demi mengembalikan keindahan senyum alami se-Indonesia! Hubungi kami untuk pembahasan lebih lanjut.\r\n\r\nNatura Dental Center, \"Total Solution for Your Natural Smile\"', 'profile_company/fC2YIPOmzi3wTcUhZe5lJaowjuRVmGn4KuAKeGXp.pdf', NULL, 18, '2025-01-02 18:09:12', '2025-01-02 18:09:12'),
(245, 3323, 3, 1, 13, 'ETC Sultan', 'Edu training & wisata', 'profile_company/9GjZ9nY5u4frYRi0iUskyhQHHcGpE6xHeRyhxQHe.pdf', NULL, 12, '2025-01-02 18:09:12', '2025-01-02 18:09:12'),
(246, 3326, 1, 2, 15, 'AgroMuda sukabumi', 'Menyediakan suplemen herbal', 'profile_company/8k0bEn8RJrfDRt0akEDT4zPV7hoALIQCti1jhoeu.pdf', NULL, 1, '2025-01-02 18:09:12', '2025-01-02 18:09:12'),
(247, 3327, 2, 3, 1, 'Era Gemilang Bhestari', 'Usaha ritel kebutuhan harian', 'profile_company/qg3TaYsAIA2ST5aBGutyq0zA71f4dCHimKAGfKDX.pdf', NULL, 6, '2025-01-02 18:09:12', '2025-01-02 18:09:12'),
(248, 3328, 2, 3, 5, 'PT RESIK BUMI PERKASA', 'Berdiri sejak 2009. Merupakan Perusahaan Jasa Manufaktur. Memiliki 1 Kantor Pusat & 3 Cabang Plant Produksi. Mempekerjakan 3500 Karyawan.', 'profile_company/KbQFymusuEKdvM6pHZAOcvyCQa6WTofBvHuN5TPf.pdf', NULL, 3500, '2025-01-02 18:09:12', '2025-01-02 18:09:12'),
(249, 3330, 2, 3, 5, 'PT Hadeka - Hidro Daya Kinerja', 'Perusahaan yang bergerak di bidang jasa konsultan dan konstruksi Energi Baru Terbarukan', 'profile_company/XMhPoWKdWk7QVhjFu2QE97a3MoQZA5zmcPzmv1kY.pdf', NULL, 6, '2025-01-02 18:09:12', '2025-01-02 18:09:12'),
(250, 3331, 1, 1, 1, 'Lapak emak', 'Lapak aemak memproduksi selai nanas Ummi yg cocok untuk isian kue nastar.', 'profile_company/HDwNSBRxKFahZf7oVEAv09jyIAFyzhXO8Uq5qe8s.pdf', NULL, 3, '2025-01-02 18:09:12', '2025-01-02 18:09:12'),
(251, 3336, NULL, 1, 9, 'Usaha 1', NULL, NULL, NULL, NULL, '2025-01-02 18:09:12', '2025-01-02 18:09:12'),
(252, 3337, 6, 2, 6, 'Rumah Ihram', 'Supplier perlengkapan haji dan unrah, utamanya Kain Ihram ke travel travel haji dan unrah', NULL, NULL, 2, '2025-01-02 18:09:12', '2025-01-02 18:09:12'),
(253, 3338, NULL, 2, 11, 'AA Percetakan', NULL, NULL, NULL, NULL, '2025-01-02 18:09:12', '2025-01-02 18:09:12'),
(254, 3339, NULL, 1, 4, 'Mumtaza online Bookstore', NULL, NULL, NULL, NULL, '2025-01-02 18:09:12', '2025-01-02 18:09:12'),
(255, 3341, NULL, 2, 15, 'Belajar Bisnis Apotek', NULL, NULL, NULL, NULL, '2025-01-02 18:09:12', '2025-01-02 18:09:12'),
(256, 3344, 2, 1, 14, 'PT. Inspirasi Berkah Mandiri', 'Bergerak Dalam Bidang Pelayanan Jaringan Komputer dan Digital Marketing', NULL, NULL, 1, '2025-01-02 18:09:12', '2025-01-02 18:09:12'),
(257, 3345, NULL, 3, 1, 'Arto Berkah Indonesia Group', NULL, NULL, NULL, NULL, '2025-01-02 18:09:12', '2025-01-02 18:09:12'),
(258, 3346, NULL, 1, 6, 'Dapur nyonya Wigati', NULL, NULL, NULL, NULL, '2025-01-02 18:09:12', '2025-01-02 18:09:12'),
(259, 3347, NULL, 2, 14, 'PT LEDPEDIA MEDIA UTAMA', NULL, NULL, NULL, NULL, '2025-01-02 18:09:12', '2025-01-02 18:09:12'),
(260, 3348, NULL, 2, 14, 'PT Ledpedia Media Utama', NULL, NULL, NULL, NULL, '2025-01-02 18:09:12', '2025-01-02 18:09:12'),
(261, 3350, 2, 3, 6, 'Insan Karima Group', 'Kontraktor Blasting/Painting/Coating, Supplier Cat Protective dan Decorative, Toko Cat Retailer dan Project', NULL, NULL, 60, '2025-01-02 18:09:12', '2025-01-02 18:09:12'),
(262, 3352, 9, 1, 5, 'IUKLIN Shoap', 'Produksi Sabun Cuci Piring dan Detergent cuci baju', NULL, NULL, 2, '2025-01-02 18:09:12', '2025-01-02 18:09:12'),
(263, 3353, 9, 5, 10, 'Usahaku', 'asdfasdf', NULL, NULL, 12, '2025-01-02 18:09:12', '2025-01-02 18:09:12'),
(264, 3354, NULL, 2, 15, 'Apotek Widigdo', NULL, NULL, NULL, NULL, '2025-01-02 18:09:12', '2025-01-02 18:09:12'),
(265, 3355, 1, 1, 9, 'tes', 'tes', NULL, NULL, 12, '2025-01-02 18:09:12', '2025-01-02 18:09:12'),
(266, 3357, 7, 2, 13, 'Menipu', 'Menipu orang', NULL, NULL, 9343, '2025-01-02 18:09:12', '2025-01-02 18:09:12'),
(267, 3358, NULL, 1, 14, 'Minning Pi', NULL, NULL, NULL, NULL, '2025-01-02 18:09:12', '2025-01-02 18:09:12'),
(268, 3359, NULL, 1, 6, 'usmania multiniaga', NULL, NULL, NULL, NULL, '2025-01-02 18:09:12', '2025-01-02 18:09:12'),
(269, 3360, NULL, 1, 13, 'CV.  ND berkah', NULL, NULL, NULL, NULL, '2025-01-02 18:09:12', '2025-01-02 18:09:12'),
(270, 3361, 11, 5, 11, 'Laznas Yakesma Babel', 'Lembaga Amil Zakat Nasional, \nCabang Bangka Belitung', NULL, NULL, 9, '2025-01-02 18:09:12', '2025-01-02 18:09:12'),
(271, 3362, NULL, 1, 11, 'Gasin', NULL, NULL, NULL, NULL, '2025-01-02 18:09:12', '2025-01-02 18:09:12'),
(272, 3363, 3, 1, 13, 'CV. GLOBAL INDONESIA SUKSES', 'Bergerak dalam bidang konstruksi dan jasa', NULL, NULL, 2, '2025-01-02 18:09:12', '2025-01-02 18:09:12'),
(273, 3364, 1, 2, 11, 'Mitra Printing', 'Jasa Cetak Banner', NULL, NULL, 14, '2025-01-02 18:09:12', '2025-01-02 18:09:12'),
(274, 3365, NULL, 1, 11, 'PT.FAQISA PRESS INDONESIA', NULL, NULL, NULL, NULL, '2025-01-02 18:09:12', '2025-01-02 18:09:12'),
(275, 3366, 4, 1, 6, 'Arsa', 'Perdagangan, Kemitraan dan agen', NULL, NULL, 2, '2025-01-02 18:09:12', '2025-01-02 18:09:12'),
(276, 3368, NULL, 1, 1, 'Nefira store', NULL, NULL, NULL, NULL, '2025-01-02 18:09:12', '2025-01-02 18:09:12'),
(277, 3369, NULL, 2, 10, 'testing', NULL, NULL, NULL, NULL, '2025-01-02 18:09:12', '2025-01-02 18:09:12'),
(278, 3370, NULL, 1, 6, 'Jual kayu log', NULL, NULL, NULL, NULL, '2025-01-02 18:09:12', '2025-01-02 18:09:12'),
(279, 3371, 2, 3, 3, 'sae indotama', 'Pabrik kain, baju', NULL, NULL, 40, '2025-01-02 18:09:12', '2025-01-02 18:09:12'),
(280, 3372, 6, 3, 1, 'Gurihku Chicken', 'Gurihku chicken adalah usaha yang bergerak di bidang penjualan ayam tepung crispy. yang bepusatnya di desa pardasuka kab. pringsewu Lampung. kami menjual kemitraan dengan merk gurihku chicken. saat ini baru sekitar 70 an Mitra yg tersebar di Lampung', NULL, NULL, 13, '2025-01-02 18:09:12', '2025-01-02 18:09:12'),
(281, 3373, 2, 3, 12, 'PT. PRESISINDO BANGUN NUSA MANDIRI', 'General Contractor dan Developer', NULL, NULL, 15, '2025-01-02 18:09:12', '2025-01-02 18:09:12'),
(282, 3374, 3, 3, 13, 'Kubang', 'Kontraktor', NULL, NULL, 10, '2025-01-02 18:09:12', '2025-01-02 18:09:12'),
(283, 3375, 2, 2, 6, 'PT Ryguh Mandiri Inovasi', 'Platform jual beli mobil bekas', NULL, NULL, 5, '2025-01-02 18:09:12', '2025-01-02 18:09:12'),
(284, 3378, 1, 1, 14, 'PT Solusi Karya Terdepan (SIKRAN)', 'Kami SIKRAN (PT Solusi Karya Terdepan) Adalah Mitra strategis bagi pelaku usaha, Kami Berkomitmen untuk mengalirkan solusi  terbaik  dan menghidupkan karya disetiap lini bisnis. dengan pendekatan berbasis teknologi modern, kami hadir untuk menyederhanakan proses bisnis, meningkatkan efisiensi, dan membuka peluang baru bagi perkembangan usaha Anda', NULL, NULL, 3, '2025-01-02 18:09:12', '2025-01-02 18:09:12'),
(285, 3379, 2, 3, 6, 'Toko Cat Mutiara Warna', 'Toko Retail Perdagangan Cat', NULL, NULL, 57, '2025-01-02 18:09:12', '2025-01-02 18:09:12'),
(286, 3380, 6, 1, 13, 'Shohwah Tech', 'Jual laptop second', NULL, NULL, 1, '2025-01-02 18:09:12', '2025-01-02 18:09:12'),
(287, 3381, NULL, 2, 15, 'Dr Nurul Yaqeen Chest Clinic', NULL, NULL, NULL, NULL, '2025-01-02 18:09:12', '2025-01-02 18:09:12'),
(288, 3382, NULL, 1, 3, 'Rumah jahit umi', NULL, NULL, NULL, NULL, '2025-01-02 18:09:12', '2025-01-02 18:09:12'),
(289, 3383, 1, 1, 8, 'Mutiara farm', 'Ternak domba dan kambing', NULL, NULL, 0, '2025-01-02 18:09:12', '2025-01-02 18:09:12'),
(290, 3384, NULL, 1, 11, 'Atiga Interior', NULL, NULL, NULL, NULL, '2025-01-02 18:09:12', '2025-01-02 18:09:12'),
(291, 3385, NULL, 3, 6, 'BC HNI Magetan', NULL, NULL, NULL, NULL, '2025-01-02 18:09:12', '2025-01-02 18:09:12'),
(292, 3386, 1, 1, 1, 'BC HNI', 'Distributor produk HNI', NULL, NULL, 1, '2025-01-02 18:09:12', '2025-01-02 18:09:12'),
(293, 3387, 3, 3, 6, 'Jati perabot', 'Menjual dan menerima pesanan furniture dan interior jati, duco dan minimalis modern', NULL, NULL, 30, '2025-01-02 18:09:12', '2025-01-02 18:09:12'),
(294, 3388, NULL, 1, 3, 'Daiqo', NULL, NULL, NULL, NULL, '2025-01-02 18:09:12', '2025-01-02 18:09:12'),
(295, 3389, 1, 2, 3, 'Serumpun collection', 'TNI, Seragam Sekolah, Seragam Majelis Taklim, dan Baju Muslim', NULL, NULL, 3, '2025-01-02 18:09:12', '2025-01-02 18:09:12'),
(296, 3390, NULL, 2, 9, 'Ulunowih', NULL, NULL, NULL, NULL, '2025-01-02 18:09:12', '2025-01-02 18:09:12'),
(297, 3391, 8, 2, 1, 'Tulus Commoditi', 'Jual sembako', NULL, NULL, 0, '2025-01-02 18:09:12', '2025-01-02 18:09:12'),
(298, 3392, 1, 1, 6, 'Rumah Ihram Adhwatex', 'Vendor logistik perlengkapan travel umrah', NULL, NULL, 1, '2025-01-02 18:09:12', '2025-01-02 18:09:12'),
(299, 3393, NULL, 3, 13, 'BSM Multimedia', NULL, NULL, NULL, NULL, '2025-01-02 18:09:12', '2025-01-02 18:09:12'),
(300, 3394, 3, 1, 13, 'Master EO', 'Usaha Master EO bergerak di bidang Event Organizer', NULL, NULL, 3, '2025-01-02 18:09:12', '2025-01-02 18:09:12'),
(301, 3395, 1, 2, 3, 'Griya Sheeka', 'Fashion Muslim', NULL, NULL, 3, '2025-01-02 18:09:12', '2025-01-02 18:09:12'),
(302, 3396, NULL, 1, 1, 'Katering', NULL, NULL, NULL, NULL, '2025-01-02 18:09:12', '2025-01-02 18:09:12'),
(303, 3397, 2, 3, 13, 'Alfatih', 'Usaha travel umrah n halal tour mancanegara', NULL, NULL, 6, '2025-01-02 18:09:12', '2025-01-02 18:09:12'),
(304, 3399, NULL, 1, 6, 'Kav hasanah ciater hills', NULL, NULL, NULL, NULL, '2025-01-02 18:09:12', '2025-01-02 18:09:12'),
(305, 3400, NULL, 1, 11, 'Jabal interior', NULL, NULL, NULL, NULL, '2025-01-02 18:09:12', '2025-01-02 18:09:12'),
(306, 3401, 2, 3, 13, 'Digital wakalah sehahtera', 'Perusahaan adalah penyedia jasa konsultasi asuransi dan it', NULL, NULL, 5, '2025-01-02 18:09:12', '2025-01-02 18:09:12'),
(307, 3402, NULL, 3, 15, 'PT mitra batavia semesta', NULL, NULL, NULL, NULL, '2025-01-02 18:09:12', '2025-01-02 18:09:12'),
(308, 3403, NULL, 2, 2, 'PT Gayatri Indah Creative', NULL, NULL, NULL, NULL, '2025-01-02 18:09:12', '2025-01-02 18:09:12'),
(309, 3404, NULL, 3, 1, 'Nasgor Top', NULL, NULL, NULL, NULL, '2025-01-02 18:09:12', '2025-01-02 18:09:12'),
(310, 3406, 5, 2, 14, 'TOPUPRRQ', 'topup permainan', NULL, NULL, 3, '2025-01-02 18:09:12', '2025-01-02 18:09:12'),
(311, 3407, 1, 1, 1, 'Dapur Nyamleng', 'Rumah makan yg menyajikan menu fresh food', NULL, NULL, 2, '2025-01-02 18:09:12', '2025-01-02 18:09:12'),
(312, 3408, 1, 1, 1, 'Naknget tahu bakso', 'Tahu bakso adalah cemilan berprotein tinggi dengan rasa nikmat enak renyah dan gurih paduan dari bahan tahu kedelai dan daging ayam serta sapi pilihan dicampur dengan bumbu2 dan bisa menjadi makanan khas nusantara dengan harga premium', NULL, NULL, 10, '2025-01-02 18:09:12', '2025-01-02 18:09:12'),
(313, 3409, 2, 2, 6, 'hellomari', 'Pengadaan barang promosi', NULL, NULL, 2, '2025-01-02 18:09:12', '2025-01-02 18:09:12'),
(314, 3410, NULL, 1, 1, 'Nasyita', NULL, NULL, NULL, NULL, '2025-01-02 18:09:12', '2025-01-02 18:09:12'),
(315, 3412, 11, 1, 4, 'BBAQ', 'Kursus bahasa Arab', NULL, NULL, 4, '2025-01-02 18:09:12', '2025-01-02 18:09:12'),
(316, 3413, 3, 2, 14, 'Cv Beesa Digitama', 'IT', NULL, NULL, 5, '2025-01-02 18:09:12', '2025-01-02 18:09:12'),
(317, 3415, 1, 1, 3, 'Vivia Underwear', 'Retail aneka pakaian dalam pria wanita dan anak2', NULL, NULL, 2, '2025-01-02 18:09:12', '2025-01-02 18:09:12'),
(318, 3416, NULL, 3, 12, 'Fast Realty', NULL, NULL, NULL, NULL, '2025-01-02 18:09:12', '2025-01-02 18:09:12'),
(319, 3417, 9, 1, 8, '-', 'Mau belajar UMKM', NULL, NULL, 0, '2025-01-02 18:09:12', '2025-01-02 18:09:12'),
(320, 3418, NULL, 1, 4, 'PT WIRA DIDAYA INDONESIA', NULL, NULL, NULL, NULL, '2025-01-02 18:09:12', '2025-01-02 18:09:12'),
(321, 3419, 1, 1, 1, 'Makanan Frozen', 'Mengolah daging lumatan, baru memulai masih tahap belajar, telah terdaftar dan memiliki NIB: 04042300043385', NULL, NULL, 0, '2025-01-02 18:09:12', '2025-01-02 18:09:12'),
(322, 3423, 9, 1, 11, 'Bee Laundry', 'Jasa laundry yang melayani santri', NULL, NULL, 3, '2025-01-02 18:09:12', '2025-01-02 18:09:12'),
(323, 3425, NULL, 3, 5, 'Penerbit dan percetakan', NULL, NULL, NULL, NULL, '2025-01-02 18:09:12', '2025-01-02 18:09:12'),
(324, 3427, 3, 3, 11, 'CV .grafika wangi', 'Percetakan offset', NULL, NULL, 40, '2025-01-02 18:09:12', '2025-01-02 18:09:12'),
(325, 3430, 1, 2, 6, 'MM Roghib Putra', 'Minimarket', NULL, NULL, 4, '2025-01-02 18:09:12', '2025-01-02 18:09:12'),
(326, 3432, 2, 1, 1, 'PT. PEJUANG UMKM INDONESIA', 'Bergerak di bidang Jajanan Tradisional Legendaris Khas Blitar', NULL, NULL, 3, '2025-01-02 18:09:12', '2025-01-02 18:09:12'),
(327, 3434, 1, 1, 7, 'Almaisan Tani', 'Alhamdulillah usaha di bidang Saprodi pertanian sudah berjalan sejak 2015,\nSekarang barang bukan toko sembako, baru berjalan 4 bulan.', NULL, NULL, 0, '2025-01-02 18:09:12', '2025-01-02 18:09:12'),
(328, 3435, NULL, 1, 1, 'Lautan Kopi', NULL, NULL, NULL, NULL, '2025-01-02 18:09:12', '2025-01-02 18:09:12'),
(329, 3437, 1, 1, 1, 'Banua Bauntung', 'Kopi siap minum', NULL, NULL, 1, '2025-01-02 18:09:12', '2025-01-02 18:09:12'),
(330, 3438, NULL, 2, 6, 'Usmania', NULL, NULL, NULL, NULL, '2025-01-02 18:09:12', '2025-01-02 18:09:12'),
(331, 3439, 1, 1, 13, 'Belum ada', 'Belum ada', NULL, NULL, 1, '2025-01-02 18:09:12', '2025-01-02 18:09:12'),
(332, 3440, 6, 2, 6, 'TB. Nurjaya', 'Toko bangunan nurjaya berdiri pada tahun 2013 dan di akuisisi oleh pemilik baru pada tahun 2018, dan alhamdulillah saat ini sedang berjalan kurang lebih dari 5 tahun lebih', NULL, NULL, 5, '2025-01-02 18:09:12', '2025-01-02 18:09:12'),
(333, 3441, 1, 2, 1, 'Medina corner (oleh haji & umrah)', 'Sdh berjalam 5 tahun tp masih bongkar pasang marketing', NULL, NULL, 3, '2025-01-02 18:09:12', '2025-01-02 18:09:12'),
(334, 3442, NULL, 1, 13, 'the senskincare studio', NULL, NULL, NULL, NULL, '2025-01-02 18:09:12', '2025-01-02 18:09:12'),
(335, 3443, NULL, 1, 1, 'Kantin kampus', NULL, NULL, NULL, NULL, '2025-01-02 18:09:12', '2025-01-02 18:09:12'),
(336, 3444, NULL, 2, 11, 'LingKlear', NULL, NULL, NULL, NULL, '2025-01-02 18:09:12', '2025-01-02 18:09:12'),
(337, 3445, NULL, 3, 11, 'Koperasi Pakardo', NULL, NULL, NULL, NULL, '2025-01-02 18:09:12', '2025-01-02 18:09:12'),
(338, 3446, NULL, 1, 1, 'Kue Basah dan Kue Kering', NULL, NULL, NULL, NULL, '2025-01-02 18:09:12', '2025-01-02 18:09:12'),
(339, 3447, 1, 1, 15, 'REPUBLIK MOTIVASI & NALTA BEKAM CENTER - NBC', 'Republik Motivasi merupakan lembaga terapan pengembangan dan pemberdayaan SDM. fokus pada pelatihan (IHT) based NLP & Outbound Management.\n\nNalta Bekam Center (NBC) merupakan unit usaha Bekam Pengobatan. mensyiarkan pengobatan berbasis thibun nabawi.', NULL, NULL, 6, '2025-01-02 18:09:12', '2025-01-02 18:09:12'),
(340, 3448, NULL, 3, 5, 'madani Plastik Industri', NULL, NULL, NULL, NULL, '2025-01-02 18:09:12', '2025-01-02 18:09:12');

-- --------------------------------------------------------

--
-- Table structure for table `business_matchings`
--

CREATE TABLE `business_matchings` (
  `id` bigint(20) UNSIGNED NOT NULL,
  `event_id` bigint(20) UNSIGNED NOT NULL,
  `member_id` bigint(20) UNSIGNED NOT NULL,
  `created_at` timestamp NULL DEFAULT NULL,
  `updated_at` timestamp NULL DEFAULT NULL
) ENGINE=InnoDB DEFAULT CHARSET=utf8mb4 COLLATE=utf8mb4_unicode_ci;

--
-- Dumping data for table `business_matchings`
--

INSERT INTO `business_matchings` (`id`, `event_id`, `member_id`, `created_at`, `updated_at`) VALUES
(1, 6, 3281, '2025-01-02 18:09:13', '2025-01-02 18:09:13'),
(2, 6, 3282, '2025-01-02 18:09:13', '2025-01-02 18:09:13'),
(3, 6, 3283, '2025-01-02 18:09:13', '2025-01-02 18:09:13'),
(4, 6, 3284, '2025-01-02 18:09:13', '2025-01-02 18:09:13'),
(5, 6, 3288, '2025-01-02 18:09:13', '2025-01-02 18:09:13'),
(6, 6, 3290, '2025-01-02 18:09:13', '2025-01-02 18:09:13'),
(7, 6, 3292, '2025-01-02 18:09:13', '2025-01-02 18:09:13'),
(8, 6, 3286, '2025-01-02 18:09:13', '2025-01-02 18:09:13'),
(9, 6, 3285, '2025-01-02 18:09:13', '2025-01-02 18:09:13'),
(10, 6, 3293, '2025-01-02 18:09:13', '2025-01-02 18:09:13'),
(11, 6, 3299, '2025-01-02 18:09:13', '2025-01-02 18:09:13'),
(12, 6, 3300, '2025-01-02 18:09:13', '2025-01-02 18:09:13'),
(13, 6, 3302, '2025-01-02 18:09:13', '2025-01-02 18:09:13'),
(14, 6, 3304, '2025-01-02 18:09:13', '2025-01-02 18:09:13'),
(15, 6, 3305, '2025-01-02 18:09:13', '2025-01-02 18:09:13'),
(16, 6, 3306, '2025-01-02 18:09:13', '2025-01-02 18:09:13'),
(17, 6, 2483, '2025-01-02 18:09:13', '2025-01-02 18:09:13'),
(18, 6, 3307, '2025-01-02 18:09:13', '2025-01-02 18:09:13'),
(19, 6, 3308, '2025-01-02 18:09:13', '2025-01-02 18:09:13'),
(20, 6, 1276, '2025-01-02 18:09:13', '2025-01-02 18:09:13'),
(21, 6, 3309, '2025-01-02 18:09:13', '2025-01-02 18:09:13'),
(22, 6, 1629, '2025-01-02 18:09:13', '2025-01-02 18:09:13'),
(23, 6, 1239, '2025-01-02 18:09:13', '2025-01-02 18:09:13'),
(24, 6, 3316, '2025-01-02 18:09:13', '2025-01-02 18:09:13'),
(25, 6, 3317, '2025-01-02 18:09:13', '2025-01-02 18:09:13'),
(26, 6, 3320, '2025-01-02 18:09:13', '2025-01-02 18:09:13'),
(27, 6, 3328, '2025-01-02 18:09:13', '2025-01-02 18:09:13'),
(28, 6, 3329, '2025-01-02 18:09:13', '2025-01-02 18:09:13'),
(29, 6, 3331, '2025-01-02 18:09:13', '2025-01-02 18:09:13'),
(30, 9, 3282, '2025-01-02 18:09:13', '2025-01-02 18:09:13'),
(31, 9, 1453, '2025-01-02 18:09:13', '2025-01-02 18:09:13'),
(32, 9, 3288, '2025-01-02 18:09:13', '2025-01-02 18:09:13'),
(33, 9, 3350, '2025-01-02 18:09:13', '2025-01-02 18:09:13'),
(34, 9, 3352, '2025-01-02 18:09:13', '2025-01-02 18:09:13'),
(35, 9, 3035, '2025-01-02 18:09:13', '2025-01-02 18:09:13'),
(36, 9, 3352, '2025-01-02 18:09:13', '2025-01-02 18:09:13'),
(37, 9, 1113, '2025-01-02 18:09:13', '2025-01-02 18:09:13'),
(38, 9, 3371, '2025-01-02 18:09:13', '2025-01-02 18:09:13'),
(39, 9, 760, '2025-01-02 18:09:13', '2025-01-02 18:09:13'),
(40, 3, 3378, '2025-01-02 18:09:13', '2025-01-02 18:09:13'),
(41, 6, 3378, '2025-01-02 18:09:13', '2025-01-02 18:09:13'),
(42, 9, 2345, '2025-01-02 18:09:13', '2025-01-02 18:09:13'),
(43, 9, 3389, '2025-01-02 18:09:13', '2025-01-02 18:09:13'),
(44, 9, 3392, '2025-01-02 18:09:13', '2025-01-02 18:09:13'),
(45, 9, 3394, '2025-01-02 18:09:13', '2025-01-02 18:09:13'),
(46, 9, 3395, '2025-01-02 18:09:13', '2025-01-02 18:09:13'),
(47, 9, 3320, '2025-01-02 18:09:13', '2025-01-02 18:09:13'),
(48, 9, 3396, '2025-01-02 18:09:13', '2025-01-02 18:09:13'),
(49, 9, 1640, '2025-01-02 18:09:13', '2025-01-02 18:09:13'),
(50, 9, 1640, '2025-01-02 18:09:13', '2025-01-02 18:09:13');

-- --------------------------------------------------------

--
-- Table structure for table `business_scales`
--

CREATE TABLE `business_scales` (
  `id` bigint(20) UNSIGNED NOT NULL,
  `name` varchar(250) DEFAULT NULL,
  `revenue_start` bigint(20) DEFAULT 0,
  `revenue_end` bigint(20) DEFAULT 0,
  `description` varchar(250) DEFAULT NULL,
  `created_at` timestamp NULL DEFAULT NULL,
  `updated_at` timestamp NULL DEFAULT NULL
) ENGINE=InnoDB DEFAULT CHARSET=latin1 COLLATE=latin1_swedish_ci;

--
-- Dumping data for table `business_scales`
--

INSERT INTO `business_scales` (`id`, `name`, `revenue_start`, `revenue_end`, `description`, `created_at`, `updated_at`) VALUES
(1, 'Usaha Mikro', 0, 25000000, 'Omset pertahun s.d Rp.300jt dan Asset s.d Rp.50jt', '0000-00-00 00:00:00', '2020-03-24 12:34:00'),
(2, 'Usaha Kecil', 25000001, 208000000, 'Omset pertahun 300jt s.d 2.5M dan Asset 50jt s.d 500jt', '0000-00-00 00:00:00', '2020-03-24 12:34:53'),
(3, 'Usaha Menengah', 208000001, 4160000000, 'Omset pertahun 2,5M s.d 50M dan Asset 500jt s.d 10M', '0000-00-00 00:00:00', '2020-03-26 00:31:13'),
(5, 'Usaha Besar', 4160000001, 100000000000000, 'Omset pertahun lebih dari 50M dan Asset lebih dari 10M', '2019-12-25 00:18:53', '2020-03-26 00:31:41');

-- --------------------------------------------------------

--
-- Table structure for table `business_sectors`
--

CREATE TABLE `business_sectors` (
  `id` bigint(20) UNSIGNED NOT NULL,
  `name` varchar(250) DEFAULT NULL,
  `created_at` timestamp NULL DEFAULT NULL,
  `updated_at` timestamp NULL DEFAULT NULL
) ENGINE=InnoDB DEFAULT CHARSET=latin1 COLLATE=latin1_swedish_ci;

--
-- Dumping data for table `business_sectors`
--

INSERT INTO `business_sectors` (`id`, `name`, `created_at`, `updated_at`) VALUES
(1, 'Makanan / Minuman', '0000-00-00 00:00:00', '2020-04-12 23:37:29'),
(2, 'Kerajinan', '0000-00-00 00:00:00', '2020-04-11 00:58:01'),
(3, 'Fashion', '0000-00-00 00:00:00', '2020-04-11 00:58:50'),
(4, 'Edukasi / Pendidikan', '2020-01-13 04:40:14', '2020-04-11 00:58:14'),
(5, 'Industri', '2020-03-08 03:00:40', '2020-04-11 00:59:20'),
(6, 'Perdagangan', '2020-03-08 03:01:01', '2020-04-11 01:00:04'),
(7, 'Pertanian', '2020-03-08 03:01:34', '2020-04-11 01:00:36'),
(8, 'Peternakan', '2020-03-08 03:02:03', '2020-04-11 01:00:46'),
(9, 'Perkebunan', '2020-03-08 03:15:10', '2020-04-11 01:00:26'),
(10, 'Perikanan', '2020-03-08 03:17:00', '2020-04-11 01:00:16'),
(11, 'Aneka Jasa', '2020-03-08 03:17:40', '2020-04-11 00:59:53'),
(12, 'Property', '2020-04-10 23:14:54', '2020-04-11 10:15:10'),
(13, 'Lainnya', '2020-04-12 12:39:01', '2020-04-12 23:38:24'),
(14, 'Teknologi', '2023-11-13 17:00:49', '2023-11-14 00:00:49'),
(15, 'Kesehatan', '2023-11-19 17:03:54', '2023-11-20 00:03:54');

-- --------------------------------------------------------

--
-- Table structure for table `business_types`
--

CREATE TABLE `business_types` (
  `id` bigint(20) UNSIGNED NOT NULL,
  `name` varchar(250) DEFAULT NULL,
  `created_at` timestamp NULL DEFAULT NULL,
  `updated_at` timestamp NULL DEFAULT NULL
) ENGINE=InnoDB DEFAULT CHARSET=latin1 COLLATE=latin1_swedish_ci;

--
-- Dumping data for table `business_types`
--

INSERT INTO `business_types` (`id`, `name`, `created_at`, `updated_at`) VALUES
(1, 'Perorangan', '0000-00-00 00:00:00', '2019-12-20 22:37:25'),
(2, 'PT', '0000-00-00 00:00:00', '2019-12-20 22:37:33'),
(3, 'CV', '0000-00-00 00:00:00', '2019-12-20 22:36:54'),
(4, 'UD', '0000-00-00 00:00:00', '2019-12-20 22:37:42'),
(5, 'IUMK', '0000-00-00 00:00:00', '2019-12-20 22:37:08'),
(6, '-', '0000-00-00 00:00:00', '2019-12-20 22:36:12'),
(7, 'Kelompok', '0000-00-00 00:00:00', '2019-12-20 22:37:17'),
(8, 'IKM', '0000-00-00 00:00:00', '2019-12-20 22:37:00'),
(9, 'Kosong', '0000-00-00 00:00:00', '2019-12-20 22:38:27'),
(11, 'Yayasan', '2023-12-03 00:06:29', '2023-12-03 07:06:29');

-- --------------------------------------------------------

--
-- Table structure for table `category_articles`
--

CREATE TABLE `category_articles` (
  `id` bigint(20) UNSIGNED NOT NULL,
  `name` varchar(255) NOT NULL,
  `slug` varchar(255) NOT NULL,
  `created_at` timestamp NULL DEFAULT NULL,
  `updated_at` timestamp NULL DEFAULT NULL
) ENGINE=InnoDB DEFAULT CHARSET=utf8mb4 COLLATE=utf8mb4_general_ci;

--
-- Dumping data for table `category_articles`
--

INSERT INTO `category_articles` (`id`, `name`, `slug`, `created_at`, `updated_at`) VALUES
(1, 'GENPRO WILAYAH', 'genpro-wilayah', '2023-11-26 18:29:46', '2024-09-18 20:07:02');

-- --------------------------------------------------------

--
-- Table structure for table `category_courses`
--

CREATE TABLE `category_courses` (
  `id` bigint(20) UNSIGNED NOT NULL,
  `name` varchar(255) NOT NULL,
  `created_at` timestamp NULL DEFAULT NULL,
  `updated_at` timestamp NULL DEFAULT NULL
) ENGINE=InnoDB DEFAULT CHARSET=utf8mb4 COLLATE=utf8mb4_unicode_ci;

--
-- Dumping data for table `category_courses`
--

INSERT INTO `category_courses` (`id`, `name`, `created_at`, `updated_at`) VALUES
(1, 'UMKM', '2024-10-13 19:30:45', '2024-10-16 21:24:37'),
(2, 'BOOTCAMP', '2024-12-23 06:01:11', '2024-12-23 06:01:11');

-- --------------------------------------------------------

--
-- Table structure for table `category_events`
--

CREATE TABLE `category_events` (
  `id` bigint(20) UNSIGNED NOT NULL,
  `name` varchar(255) NOT NULL,
  `slug` varchar(191) NOT NULL,
  `created_at` timestamp NULL DEFAULT NULL,
  `updated_at` timestamp NULL DEFAULT NULL
) ENGINE=InnoDB DEFAULT CHARSET=utf8mb4 COLLATE=utf8mb4_general_ci;

--
-- Dumping data for table `category_events`
--

INSERT INTO `category_events` (`id`, `name`, `slug`, `created_at`, `updated_at`) VALUES
(1, 'EXPO DAN SEMINAR', 'expo-dan-seminar', '2023-11-07 00:34:58', '2023-11-07 00:34:58'),
(2, 'PENGEMBANGAN DIRI', 'pengembangan-diri', '2023-11-13 17:04:07', '2023-11-13 17:04:07'),
(3, 'WEBINAR GENPRO', 'webinar-genpro', '2024-05-08 05:14:30', '2024-05-08 05:14:30'),
(4, 'Business Matching', 'business-matching', '2024-09-18 21:22:51', '2024-09-18 21:23:06'),
(5, 'KONSER', 'konser', '2024-12-01 05:56:14', '2024-12-01 05:56:14');

-- --------------------------------------------------------

--
-- Table structure for table `collaborations`
--

CREATE TABLE `collaborations` (
  `id` bigint(20) UNSIGNED NOT NULL,
  `event_id` bigint(20) UNSIGNED DEFAULT NULL,
  `member_id` bigint(20) UNSIGNED NOT NULL,
  `from_member_id` bigint(20) UNSIGNED NOT NULL,
  `message` text NOT NULL,
  `created_at` timestamp NULL DEFAULT NULL,
  `updated_at` timestamp NULL DEFAULT NULL
) ENGINE=InnoDB DEFAULT CHARSET=utf8mb4 COLLATE=utf8mb4_unicode_ci;

--
-- Dumping data for table `collaborations`
--

INSERT INTO `collaborations` (`id`, `event_id`, `member_id`, `from_member_id`, `message`, `created_at`, `updated_at`) VALUES
(1, 6, 3281, 3282, 'Saya ingin kolaborasi', '2024-09-22 20:27:31', '2024-09-22 20:27:31'),
(2, 6, 3284, 3284, 'Saya membutuhkan alat radiologi, apa tersedia?', '2024-09-24 21:14:48', '2024-09-24 21:14:48'),
(3, 6, 3283, 3284, 'I need kolaborasi distribusi di Indonesia area Sumatera dan Kalimantan', '2024-09-25 02:23:21', '2024-09-25 02:23:21'),
(4, 6, 3292, 3282, 'Bisa untuk desain dalam pengelolaan Nikel ya pak?', '2024-09-25 22:25:41', '2024-09-25 22:25:41'),
(5, 6, 3292, 3306, 'Solusi energi terbarukan untuk ramah lingkungan di industri dan green hospital', '2024-09-28 21:33:58', '2024-09-28 21:33:58'),
(6, 6, 3284, 3306, 'Yuk next green hospital solution', '2024-09-28 21:35:12', '2024-09-28 21:35:12'),
(7, 6, 3302, 3306, 'Kami punya link market hospital di Indonesia', '2024-09-28 21:38:20', '2024-09-28 21:38:20'),
(8, 6, 3284, 3283, 'Waduh saya supplier baja pertanian, translate ke indonesianya “Pupuk”', '2024-10-01 16:24:04', '2024-10-01 16:24:04');

-- --------------------------------------------------------

--
-- Table structure for table `completed_lessons`
--

CREATE TABLE `completed_lessons` (
  `id` bigint(20) UNSIGNED NOT NULL,
  `lesson_id` bigint(20) UNSIGNED NOT NULL,
  `member_id` bigint(20) UNSIGNED NOT NULL,
  `created_at` timestamp NULL DEFAULT NULL,
  `updated_at` timestamp NULL DEFAULT NULL
) ENGINE=InnoDB DEFAULT CHARSET=utf8mb4 COLLATE=utf8mb4_unicode_ci;

-- --------------------------------------------------------

--
-- Table structure for table `courses`
--

CREATE TABLE `courses` (
  `id` bigint(20) UNSIGNED NOT NULL,
  `name` varchar(255) NOT NULL,
  `slug` varchar(255) NOT NULL,
  `description` text NOT NULL,
  `image` varchar(255) NOT NULL,
  `trailer` varchar(255) NOT NULL,
  `is_private` tinyint(1) NOT NULL DEFAULT 0,
  `category_course_id` bigint(20) UNSIGNED NOT NULL,
  `user_id` bigint(20) UNSIGNED NOT NULL,
  `created_at` timestamp NULL DEFAULT NULL,
  `updated_at` timestamp NULL DEFAULT NULL
) ENGINE=InnoDB DEFAULT CHARSET=utf8mb4 COLLATE=utf8mb4_unicode_ci;

--
-- Dumping data for table `courses`
--

INSERT INTO `courses` (`id`, `name`, `slug`, `description`, `image`, `trailer`, `is_private`, `category_course_id`, `user_id`, `created_at`, `updated_at`) VALUES
(1, 'KOLABORASI GENPRO UNTUK PERTUMBUHAN UMKM', 'kolaborasi-genpro-untuk-pertumbuhan-umkm', '<p>Analisis SWOT adalah alat strategis yang digunakan untuk mengevaluasi Strengths (Kekuatan), Weaknesses (Kelemahan), Opportunities (Peluang), dan Threats (Ancaman) dari suatu organisasi atau inisiatif. Dalam konteks kolaborasi pertumbuhan UMKM dengan yayasan, analisis SWOT dapat membantu mengidentifikasi faktor-faktor kunci yang memengaruhi kolaborasi tersebut.</p>', 'course/01JAC995WSH7A4ECX75TKY5YNB.jpg', 'https://www.youtube.com/watch?v=s2wGEQikgU0', 0, 1, 1, '2024-10-13 19:31:09', '2024-11-04 21:38:17'),
(3, 'tes', 'tes', '<p>asdfasdf</p>', 'course/01JBX9WPV0NRDKGFHVJ116X510.png', 'https://youtube.com', 1, 1, 1, '2024-11-04 21:38:55', '2024-11-04 21:38:55'),
(4, 'UMKM DIGITAL BOOTCAMP', 'umkm-digital-bootcamp', '<p>Kelas UMKM DIGITAL Bootcamp di adakan seminggu 5 kali daftarkan sekarang juga dan ajak rekan-rekan kamu</p>', 'course/01JFSSTZ2A54ZT3ZW4E1XSQYK1.jpeg', 'https://youtu.be/ODf7prT_qOg?si=OFSPwWjCs7wxbqhm', 0, 2, 1, '2024-12-23 06:03:24', '2024-12-23 06:03:32');

-- --------------------------------------------------------

--
-- Table structure for table `courses_old`
--

CREATE TABLE `courses_old` (
  `id` bigint(20) UNSIGNED NOT NULL,
  `title` varchar(255) NOT NULL,
  `slug` varchar(255) NOT NULL,
  `description` text NOT NULL,
  `image` varchar(255) NOT NULL,
  `trailer` varchar(255) NOT NULL,
  `price` bigint(20) NOT NULL,
  `category_course_id` bigint(20) UNSIGNED NOT NULL,
  `user_id` bigint(20) UNSIGNED NOT NULL,
  `created_at` timestamp NULL DEFAULT NULL,
  `updated_at` timestamp NULL DEFAULT NULL,
  `is_private` tinyint(1) NOT NULL DEFAULT 0
) ENGINE=MyISAM DEFAULT CHARSET=utf8mb4 COLLATE=utf8mb4_unicode_ci;

--
-- Dumping data for table `courses_old`
--

INSERT INTO `courses_old` (`id`, `title`, `slug`, `description`, `image`, `trailer`, `price`, `category_course_id`, `user_id`, `created_at`, `updated_at`, `is_private`) VALUES
(1, 'KOLABORASI GENPRO UNTUK PERTUMBUHAN UMKM', 'kolaborasi-genpro-untuk-pertumbuhan-umkm', '<p>Analisis SWOT adalah alat strategis yang digunakan untuk mengevaluasi Strengths (Kekuatan), Weaknesses (Kelemahan), Opportunities (Peluang), dan Threats (Ancaman) dari suatu organisasi atau inisiatif. Dalam konteks kolaborasi pertumbuhan UMKM dengan yayasan, analisis SWOT dapat membantu mengidentifikasi faktor-faktor kunci yang memengaruhi kolaborasi tersebut.</p>', 'course/01JAC995WSH7A4ECX75TKY5YNB.jpg', 'https://www.youtube.com/watch?v=s2wGEQikgU0', 0, 1, 1, '2024-10-13 19:31:09', '2024-11-04 21:38:17', 0),
(3, 'tes', 'tes', '<p>asdfasdf</p>', 'course/01JBX9WPV0NRDKGFHVJ116X510.png', 'https://youtube.com', 100000, 1, 1, '2024-11-04 21:38:55', '2024-11-04 21:38:55', 1),
(4, 'UMKM DIGITAL BOOTCAMP', 'umkm-digital-bootcamp', '<p>Kelas UMKM DIGITAL Bootcamp di adakan seminggu 5 kali daftarkan sekarang juga dan ajak rekan-rekan kamu</p>', 'course/01JFSSTZ2A54ZT3ZW4E1XSQYK1.jpeg', 'https://youtu.be/ODf7prT_qOg?si=OFSPwWjCs7wxbqhm', 500000, 2, 1, '2024-12-23 06:03:24', '2024-12-23 06:03:32', 0);

-- --------------------------------------------------------

--
-- Table structure for table `course_classes`
--

CREATE TABLE `course_classes` (
  `id` bigint(20) UNSIGNED NOT NULL,
  `name` varchar(255) NOT NULL,
  `plan` enum('monthly','yearly') NOT NULL,
  `price` bigint(20) NOT NULL,
  `course_id` bigint(20) UNSIGNED NOT NULL,
  `created_at` timestamp NULL DEFAULT NULL,
  `updated_at` timestamp NULL DEFAULT NULL
) ENGINE=InnoDB DEFAULT CHARSET=utf8mb4 COLLATE=utf8mb4_unicode_ci;

-- --------------------------------------------------------

--
-- Table structure for table `course_class_transactions`
--

CREATE TABLE `course_class_transactions` (
  `id` bigint(20) UNSIGNED NOT NULL,
  `course_class_id` bigint(20) UNSIGNED NOT NULL,
  `transaction_id` bigint(20) UNSIGNED NOT NULL,
  `created_at` timestamp NULL DEFAULT NULL,
  `updated_at` timestamp NULL DEFAULT NULL
) ENGINE=InnoDB DEFAULT CHARSET=utf8mb4 COLLATE=utf8mb4_unicode_ci;

-- --------------------------------------------------------

--
-- Table structure for table `enrollments`
--

CREATE TABLE `enrollments` (
  `id` bigint(20) UNSIGNED NOT NULL,
  `slug` varchar(255) NOT NULL,
  `course_id` bigint(20) UNSIGNED NOT NULL,
  `member_id` bigint(20) UNSIGNED NOT NULL,
  `transaction_id` bigint(20) UNSIGNED NOT NULL,
  `expired_at` timestamp NULL DEFAULT NULL,
  `created_at` timestamp NULL DEFAULT NULL,
  `updated_at` timestamp NULL DEFAULT NULL
) ENGINE=InnoDB DEFAULT CHARSET=utf8mb4 COLLATE=utf8mb4_unicode_ci;

-- --------------------------------------------------------

--
-- Table structure for table `events`
--

CREATE TABLE `events` (
  `id` bigint(20) UNSIGNED NOT NULL,
  `name` varchar(255) NOT NULL,
  `slug` varchar(255) NOT NULL,
  `image` varchar(255) NOT NULL,
  `user_id` bigint(20) UNSIGNED NOT NULL,
  `category_event_id` bigint(20) UNSIGNED NOT NULL,
  `description` text NOT NULL,
  `date_start` date NOT NULL,
  `date_end` date NOT NULL,
  `time_start` time NOT NULL,
  `time_end` time NOT NULL,
  `location` enum('Offline','Online') NOT NULL,
  `place` varchar(255) NOT NULL,
  `address` varchar(255) NOT NULL,
  `payment_type` enum('Midtrans','Manual') NOT NULL,
  `province_id` bigint(20) UNSIGNED NOT NULL,
  `use_auth` tinyint(1) NOT NULL,
  `use_birth_date` tinyint(1) NOT NULL,
  `use_gender` tinyint(1) NOT NULL,
  `use_business_name` tinyint(1) NOT NULL,
  `use_nik` tinyint(1) NOT NULL,
  `use_phone_number` tinyint(1) NOT NULL,
  `use_document` tinyint(1) NOT NULL,
  `use_business_matching` tinyint(1) NOT NULL,
  `url_streaming` varchar(255) DEFAULT NULL,
  `created_at` timestamp NULL DEFAULT NULL,
  `updated_at` timestamp NULL DEFAULT NULL
) ENGINE=InnoDB DEFAULT CHARSET=utf8mb4 COLLATE=utf8mb4_unicode_ci;

--
-- Dumping data for table `events`
--

INSERT INTO `events` (`id`, `name`, `slug`, `image`, `user_id`, `category_event_id`, `description`, `date_start`, `date_end`, `time_start`, `time_end`, `location`, `place`, `address`, `payment_type`, `province_id`, `use_auth`, `use_birth_date`, `use_gender`, `use_business_name`, `use_nik`, `use_phone_number`, `use_document`, `use_business_matching`, `url_streaming`, `created_at`, `updated_at`) VALUES
(1, 'Genpro Presidential Summit (GPS) 2023', 'genpro-presidential-summit-gps-2023', 'event/01HFMYFME40YVV7JZ35JJ9FHJ3.png', 1, 1, '<p>Untukmu Sobat Pejuang 🙌🏻<br><br>Mengundang member Genpro untuk bergabung dalam Genpro Presidential Summit (GPS) 2023 🔐<br><br>Genpro Presidential Summit (GPS) 2023 adalah ajang pertemuan silaturrahim nasional Genpro dengan Konten acara Rapat Nasional, Seminar/Pelatihan, Expo, dan Business Matching* yang mengusung tema Kolaborasi Memberdayakan Pengusah Muda<br><br>💦Acara GPS tahun ini berkolaborasi dengan salah satu event besar yaitu Expo Jakarta Halal Festival (JHF).&nbsp;<br><br>✨Kita akan bertemu, menghimpun semangat juang dalam wadah perjuangan Genpro sebagai upaya menjalankan visi misi Genpro lebih besar.</p>', '2023-12-22', '2023-12-25', '08:00:00', '21:00:00', 'Offline', 'Jakarta Convention Center', 'Jl. Gatot Subroto No.1, RT.1/RW.3, Gelora, Kecamatan Tanah Abang, Kota Jakarta Pusat, Daerah Khusus Ibukota Jakarta 10270', 'Midtrans', 31, 1, 0, 0, 1, 0, 1, 0, 1, NULL, '2023-11-07 00:42:52', '2023-11-23 20:07:09'),
(3, 'WEBINAR GENPRO', 'webinar-genpro', 'event/01HME94ZXSHQH1NX2HG9J7HJBM.jpg', 1, 1, '<p>🎯 *<strong>BESOK BANGET</strong>*</p><p><br></p><p>Dalam artikel disebutkan Optimalisasi kerja suatu organisasi adalah _<em>peningkatan/pengoptimalan proses dalam mencapai tujuan dengan pemanfaatan Sumber Daya Manusia yang ada.</em>_&nbsp;</p><p>Nah hal ini juga perlu dalam perusahaan atau bisnis.&nbsp;</p><p>Tentu bisnis kita memiliki target, tujuan kedepan ! Untuk itu, kita sebagai bisnis owner musti tau peran kita tentang optimalisasi kinerja bisnis/ perusahaan kita. ✨😍</p><p><br></p><p>*<strong>WEBINAR GENPRO</strong>*</p><p>_<em>Optimalisasi Pengelolaan Kinerja Perusahaan</em>_&nbsp;</p><p><br></p><p>🌏 Webinar ini akan membagikan bagaimana optimalisasi kinerja perusahaan dari sudut pandang human resources loh, sungguh menarik bukan ✨</p><p><br></p><p><br></p><p>🎯 Catat Tanggalnya yaa&nbsp;</p><p>• Jumat, 19 Januari 2024&nbsp;</p><p>• ⁠16.00 WIB - Selesai&nbsp;</p><p>• ⁠Zoom : https://us02web.zoom.us/j/82326158825?pwd=clp0WWVnbmJHUFRRODd3SGMvODVkZz09</p><p>• ⁠Meeting ID: 823 2615 8825</p><p>Passcode: SMEOKE</p><p><br></p><p>👤 *<strong>Dendy Novryana Prawira, SKM, MM, CT, CHRP, CPGR, CHRM.</strong>*</p><p>( HR BPP Genpro )</p><p><br></p><p><br></p><p>Link pendaftaran :&nbsp;</p><p>bit.ly/WEBINARGENPRO2023</p><p>atau&nbsp;</p><p>Sahabatgenpro.com&nbsp;</p><p><br></p><p>-- - - - - - - - - - - - - - - - - - - - - -</p>', '2024-01-17', '2024-01-18', '16:00:00', '17:30:00', 'Online', 'Zoom', '0', 'Manual', 31, 1, 0, 0, 1, 0, 1, 0, 1, 'https://us02web.zoom.us/j/82326158825?pwd=clp0WWVnbmJHUFRRODd3SGMvODVkZz09', '2024-01-18 05:36:19', '2024-12-01 06:07:59'),
(4, 'WORKSHOP BUILDING HUMAN RESOURCE SYSTEM', 'workshop-building-human-resource-system', 'event/01HQVHS44X10X3HXNJYCVVQGSP.jpg', 1, 2, '<p>BERSAMA COACH JAYA&nbsp;<br>Workshop Series 1 Tiket untuk 5 orang (1 Perusahaan)<br>Chapter 1 | 21 - 23 Mei 2024&nbsp;<br>Chapter 2 | 23 - 25 Jui 2024&nbsp;<br>Chapter 3 | 25 - 27 Juni 2024&nbsp;<br>Chapter 4 | 20 - 22 Agustus 2024<br><br>Tempat : Aula Ukhuwwah RS Al Irsyad Gedung 1 Lantai 4&nbsp;<br><br>Setelah mengikuti program ini PESERTA AKAN MAMPU :&nbsp;<br>1. Merancang Sistem Human Resource dalam mewujudkan Visi &amp; Misi Perusahaan&nbsp;<br>2. Membangun militansi dan loyalitas karyawan terhadap nilai - nilai yang ditetapkan perusahaan&nbsp;<br>3. Memahami dan menjalankan Sistem pengembangan SDM yang efektif&nbsp;<br>4. Memiliki seorang assesor DISC dan memiliki sistem rekrutmen yang efektif&nbsp;<br>5. Menjadi sebuah Holding Company&nbsp;<br><br>Informasi kegiatan :&nbsp;<br>0853-2762-0058 (Sensi)<br>0813-1989-0217 (Sriyanto)<br><br>Support by&nbsp;<br>GENPRO&nbsp;<br>CREATIVENESIA&nbsp;<br>Lantabur<br>TMIM</p>', '2024-05-21', '2024-08-22', '08:00:00', '17:00:00', 'Offline', 'Aula Ukhuwwah RS Al Irsyad Gedung 1 Lantai 4 ', 'Jalan KH Mas Mansyur No.210-214 dan 191, Nyamplungan, Kec. Pabean Cantikan, Surabaya, Jawa Timur 60162', 'Manual', 35, 1, 0, 0, 1, 0, 1, 0, 0, NULL, '2024-02-29 16:04:20', '2024-03-17 16:14:34'),
(5, 'CERDAS MENGELOLA KEUANGAN DI ERA DIGITAL BERSAMA MILENIAL', 'cerdas-mengelola-keuangan-di-era-digital-bersama-milenial', 'event/01J7G240C2GVB711JKVH1V02QR.jpg', 1, 1, '<p>Cerdas mengelola keuangan adalah salah satu kemampuan penting yang harus di miliki oleh seorang pembisnis karena ini berhubungan dengan bagaimana arah bisnis kedepan. Mulai dari perencanaan finansial sampai pengelolaannya sangat penting untuk diperhatikan dan dipelajari bagaimana penerapannya.&nbsp;<br>Di Era perkembangan teknologi dan turunannya yang semakin pesat, kita juga perlu mengupgade ilmu terkait keuangan juga loh !&nbsp;<br>&nbsp;<br><br>- Kembali hadir Series Webinar Genpro&nbsp;<br>- ⁠Wadah belajar dengan expert&nbsp;<br>- ⁠Berjejaring&nbsp;<br><br>WEBINAR GENPRO<br>\"Cerdas Mengelola Keuangan di Era Digital Bersama Milenial\"<br><br>-&nbsp; &nbsp;Catat Tanggalnya yaa&nbsp;<br>&nbsp; &nbsp; &nbsp;Kamis, 12 September 2024&nbsp;<br>&nbsp; &nbsp; &nbsp;16.00 WIB - Selesai&nbsp;<br>&nbsp; &nbsp; &nbsp;https://us02web.zoom.us/j/82326158825?pwd=clp0WWVnbmJHUFRRODd3SGMvODVkZz09<br>&nbsp; &nbsp; &nbsp;Meeting ID: 823 2615 8825<br>&nbsp; &nbsp; &nbsp;Passcode: SMEOKE<br><br>🎥 Narasumber :&nbsp;<br>Galih Pandekar</p>', '2024-09-12', '2024-09-12', '16:00:00', '17:30:00', 'Online', 'Zoom', 'https://us02web.zoom.us/j/82326158825?pwd=clp0WWVnbmJHUFRRODd3SGMvODVkZz09', 'Midtrans', 31, 0, 0, 0, 1, 0, 1, 0, 0, 'https://us02web.zoom.us/j/82326158825?pwd=clp0WWVnbmJHUFRRODd3SGMvODVkZz09', '2024-09-11 01:10:10', '2024-09-11 01:12:55'),
(6, 'BISNIS MATCHING ASIA PASIFIK', 'bisnis-matching-asia-pasifik', 'event/01J8D5W78ZX5D63TS8DK88QTG0.jpg', 1, 4, '<p>-</p>', '2024-10-03', '2024-10-03', '12:00:00', '19:00:00', 'Offline', 'HNI PLAZA', 'Pd. Klp., Kec. Duren Sawit, Kota Jakarta Timur, Daerah Khusus Ibukota Jakarta 13450', 'Midtrans', 31, 1, 0, 0, 1, 0, 1, 0, 1, NULL, '2024-09-18 21:32:34', '2024-09-22 08:37:34'),
(8, 'WEBINAR SUCCESSTORY GENPRO', 'webinar-successtory-genpro', 'event/01J8KNNHS25JV4GSM2JFSG5RMN.jpg', 2, 1, '<p>🔗 Strategi dalam membangun bisnis adalah salah satu langkah menentukan arah kesuksesan&nbsp; bisnis kita. Pandemi covid telah berakhir, tentu menjadi catatan liku perjalanan bisnis saat menghadapi badai.&nbsp;<br><br>&nbsp;<br>- Kembali hadir Series Webinar Genpro&nbsp;<br>- ⁠Wadah belajar dengan expert&nbsp;<br>- ⁠Berjejaring&nbsp;<br><br>WEBINAR SUCCESSTORY GENPRO<br>B A N G K I T&nbsp; PASCA&nbsp; C O V I D<br><br>🎯 Catat Tanggalnya yaa&nbsp;<br>📅 Kamis, 26 September 2024&nbsp;<br>🕓16.00 WIB - Selesai&nbsp;<br>📱 Zoom<br><br><br>🎥 Narasumber :&nbsp;<br>Iwan Susanti<br>Direktur Marketing PT SLC, Hydro Group, AVP Genpro Banten</p>', '2024-09-24', '2024-09-26', '16:00:00', '17:30:00', 'Online', 'ZOOM', 'JAKARTA', 'Midtrans', 31, 1, 0, 0, 1, 0, 1, 0, 0, 'https://us02web.zoom.us/j/82326158825?pwd=clp0WWVnbmJHUFRRODd3SGMvODVkZz09', '2024-09-24 21:05:13', '2024-09-24 21:09:40'),
(9, 'GENPRO PRESIDENTIAL SUMMIT 2024', 'genpro-presidential-summit-2024', 'event/01JE39CED70W3C8PSC6NBZMPDC.jpeg', 1, 1, '<p>SELURUH MEMBER GENPRO DI INDONESIA</p>', '2024-12-12', '2024-12-13', '13:00:00', '17:00:00', 'Offline', 'HNI PLAZA', '-', 'Manual', 31, 0, 0, 0, 1, 0, 1, 0, 1, NULL, '2024-11-11 02:51:49', '2024-12-10 06:41:22'),
(10, 'KONSER KEMANUSIAAN PALESTINA', 'konser-kemanusiaan-palestina', 'event/01JEN01QXRB1GN6WYHYZT2AZD5.jpeg', 1, 5, '<p>Acara ini bertujuan untuk menggalang dana demi membantu saudara-saudara kita di Palestina yang tengah menghadapi tantangan besar. Dengan melibatkan Izzatul Islam, kami berharap dapat memberikan kontribusi nyata melalui donasi dan dukungan moral untuk perjuangan mereka.</p><p>Mari bersama-sama kita hadir, berdonasi, dan berbagi kasih untuk meringankan beban mereka. Setiap kontribusi Anda akan sangat berarti dalam memberikan harapan bagi masa depan yang lebih baik.</p>', '2024-12-13', '2024-12-13', '08:00:00', '17:00:00', 'Offline', 'HNI PLAZA', 'Jl. Raya Kalimalang, RT.3/RW.10, Pd. Klp., Kec. Duren Sawit, Kota Jakarta Timur, Daerah Khusus Ibukota Jakarta 13450', 'Midtrans', 31, 0, 0, 0, 0, 0, 1, 0, 0, NULL, '2024-12-01 06:00:44', '2024-12-08 23:00:04');

-- --------------------------------------------------------

--
-- Table structure for table `event_payment_configs`
--

CREATE TABLE `event_payment_configs` (
  `id` bigint(20) UNSIGNED NOT NULL,
  `event_id` bigint(20) UNSIGNED NOT NULL,
  `account_number` varchar(255) NOT NULL,
  `account_name` varchar(255) NOT NULL,
  `bank_name` varchar(255) NOT NULL,
  `created_at` timestamp NULL DEFAULT NULL,
  `updated_at` timestamp NULL DEFAULT NULL
) ENGINE=InnoDB DEFAULT CHARSET=utf8mb4 COLLATE=utf8mb4_unicode_ci;

--
-- Dumping data for table `event_payment_configs`
--

INSERT INTO `event_payment_configs` (`id`, `event_id`, `account_number`, `account_name`, `bank_name`, `created_at`, `updated_at`) VALUES
(1, 3, '124.00.1015448.3', 'PT. PLATINUM PERADABAN MULIA', 'MANDIRI', '2025-01-02 18:09:12', '2025-01-02 18:09:12'),
(2, 4, '1240010333483', 'PLATINUM PERADABAN MULIA', 'MANDIRI', '2025-01-02 18:09:12', '2025-01-02 18:09:12'),
(3, 5, '-', '-', '-', '2025-01-02 18:09:12', '2025-01-02 18:09:12'),
(4, 9, '124.00.1015448.3', ' PT. PLATINUM PERADABAN MULIA', 'BANK MANDIRI* (008)', '2025-01-02 18:09:12', '2025-01-02 18:09:12');

-- --------------------------------------------------------

--
-- Table structure for table `failed_jobs`
--

CREATE TABLE `failed_jobs` (
  `id` bigint(20) UNSIGNED NOT NULL,
  `uuid` varchar(255) NOT NULL,
  `connection` text NOT NULL,
  `queue` text NOT NULL,
  `payload` longtext NOT NULL,
  `exception` longtext NOT NULL,
  `failed_at` timestamp NOT NULL DEFAULT current_timestamp()
) ENGINE=InnoDB DEFAULT CHARSET=utf8mb4 COLLATE=utf8mb4_general_ci;

-- --------------------------------------------------------

--
-- Table structure for table `jobs`
--

CREATE TABLE `jobs` (
  `id` bigint(20) UNSIGNED NOT NULL,
  `queue` varchar(255) NOT NULL,
  `payload` longtext NOT NULL,
  `attempts` tinyint(3) UNSIGNED NOT NULL,
  `reserved_at` int(10) UNSIGNED DEFAULT NULL,
  `available_at` int(10) UNSIGNED NOT NULL,
  `created_at` int(10) UNSIGNED NOT NULL
) ENGINE=InnoDB DEFAULT CHARSET=utf8mb4 COLLATE=utf8mb4_unicode_ci;

-- --------------------------------------------------------

--
-- Table structure for table `job_batches`
--

CREATE TABLE `job_batches` (
  `id` varchar(255) NOT NULL,
  `name` varchar(255) NOT NULL,
  `total_jobs` int(11) NOT NULL,
  `pending_jobs` int(11) NOT NULL,
  `failed_jobs` int(11) NOT NULL,
  `failed_job_ids` longtext NOT NULL,
  `options` mediumtext DEFAULT NULL,
  `cancelled_at` int(11) DEFAULT NULL,
  `created_at` int(11) NOT NULL,
  `finished_at` int(11) DEFAULT NULL
) ENGINE=InnoDB DEFAULT CHARSET=utf8mb4 COLLATE=utf8mb4_unicode_ci;

-- --------------------------------------------------------

--
-- Table structure for table `lessons`
--

CREATE TABLE `lessons` (
  `id` bigint(20) UNSIGNED NOT NULL,
  `type` enum('Video','Text','File') NOT NULL,
  `name` varchar(255) NOT NULL,
  `content` text DEFAULT NULL,
  `is_free` tinyint(1) NOT NULL DEFAULT 0,
  `video_url` varchar(255) DEFAULT NULL,
  `file_url` varchar(255) DEFAULT NULL,
  `course_id` bigint(20) UNSIGNED NOT NULL,
  `set_id` bigint(20) UNSIGNED NOT NULL,
  `has_attendance` tinyint(1) NOT NULL DEFAULT 0,
  `task` varchar(255) DEFAULT NULL,
  `created_at` timestamp NULL DEFAULT NULL,
  `updated_at` timestamp NULL DEFAULT NULL
) ENGINE=InnoDB DEFAULT CHARSET=utf8mb4 COLLATE=utf8mb4_unicode_ci;

--
-- Dumping data for table `lessons`
--

INSERT INTO `lessons` (`id`, `type`, `name`, `content`, `is_free`, `video_url`, `file_url`, `course_id`, `set_id`, `has_attendance`, `task`, `created_at`, `updated_at`) VALUES
(1, 'Video', 'MENGENAL POLA KERJASAMA', NULL, 1, 'https://www.youtube.com/watch?v=s2wGEQikgU0', NULL, 1, 1, 0, NULL, '2024-10-13 19:31:28', '2024-10-16 20:44:29'),
(2, 'Video', 'Pentingnya Legalitas dalam Membangun UMKM', NULL, 0, 'https://www.youtube.com/live/J82CxIskun8?si=nkBLiv3QJdDVyVTJ', NULL, 4, 3, 1, NULL, '2025-01-02 01:28:14', '2025-01-02 01:28:14'),
(3, 'Video', 'Mengelola Keuangan Usaha dengan Efektif: Langkah Pertama untuk Sukses', NULL, 0, 'https://www.youtube.com/watch?v=s2wGEQikgU0', NULL, 4, 3, 1, NULL, '2025-01-02 01:38:44', '2025-01-02 01:38:44'),
(4, 'Video', 'Strategi Awal Membangun Manajemen SDM yang Efektif di UMKM', NULL, 0, 'https://www.youtube.com/watch?v=s2wGEQikgU0', NULL, 4, 3, 1, NULL, '2025-01-02 01:39:05', '2025-01-02 01:39:05');

-- --------------------------------------------------------

--
-- Table structure for table `lesson_attendances`
--

CREATE TABLE `lesson_attendances` (
  `id` bigint(20) UNSIGNED NOT NULL,
  `lesson_id` bigint(20) UNSIGNED NOT NULL,
  `member_id` bigint(20) UNSIGNED NOT NULL,
  `created_at` timestamp NULL DEFAULT NULL,
  `updated_at` timestamp NULL DEFAULT NULL
) ENGINE=InnoDB DEFAULT CHARSET=utf8mb4 COLLATE=utf8mb4_unicode_ci;

-- --------------------------------------------------------

--
-- Table structure for table `member_private_courses`
--

CREATE TABLE `member_private_courses` (
  `id` bigint(20) UNSIGNED NOT NULL,
  `report` varchar(255) DEFAULT NULL,
  `total_omset` bigint(20) NOT NULL,
  `genpro_position` varchar(255) DEFAULT NULL,
  `course_id` bigint(20) UNSIGNED NOT NULL,
  `member_id` bigint(20) UNSIGNED NOT NULL,
  `created_at` timestamp NULL DEFAULT NULL,
  `updated_at` timestamp NULL DEFAULT NULL
) ENGINE=InnoDB DEFAULT CHARSET=utf8mb4 COLLATE=utf8mb4_unicode_ci;

-- --------------------------------------------------------

--
-- Table structure for table `migrations`
--

CREATE TABLE `migrations` (
  `id` int(10) UNSIGNED NOT NULL,
  `migration` varchar(255) NOT NULL,
  `batch` int(11) NOT NULL
) ENGINE=InnoDB DEFAULT CHARSET=utf8mb4 COLLATE=utf8mb4_general_ci;

--
-- Dumping data for table `migrations`
--

INSERT INTO `migrations` (`id`, `migration`, `batch`) VALUES
(16, '2023_11_02_103632_create_members_table', 1),
(32, '2014_10_12_000000_create_users_table', 2),
(33, '2014_10_12_100000_create_password_reset_tokens_table', 2),
(34, '2016_06_01_000001_create_oauth_auth_codes_table', 2),
(35, '2016_06_01_000002_create_oauth_access_tokens_table', 2),
(36, '2016_06_01_000003_create_oauth_refresh_tokens_table', 2),
(37, '2016_06_01_000004_create_oauth_clients_table', 2),
(38, '2016_06_01_000005_create_oauth_personal_access_clients_table', 2),
(39, '2019_08_19_000000_create_failed_jobs_table', 2),
(40, '2019_12_14_000001_create_personal_access_tokens_table', 2),
(41, '2023_11_01_052401_create_kategori_event_table', 2),
(42, '2023_11_01_053618_create_events_table', 2),
(43, '2023_11_02_045417_create_tiket_table', 2),
(44, '2023_11_06_051816_add_usaha_to_member_table', 3),
(71, '2024_12_03_105619_create_provinces_table', 4),
(72, '2024_12_06_105221_create_members_table', 4),
(73, '2024_12_06_111345_create_businesses_table', 4),
(74, '2024_12_06_111745_create_social_media_table', 4),
(75, '2024_12_06_112050_create_addresses_table', 4),
(76, '2024_12_06_112441_create_social_accounts_table', 4),
(77, '2024_12_06_112922_create_subscriptions_table', 4),
(78, '2024_12_06_132019_create_events_table', 4),
(79, '2024_12_06_133809_create_event_payment_configs_table', 4),
(80, '2024_12_06_140003_create_tickets_table', 4),
(81, '2024_12_06_141427_create_transactions_table', 4),
(82, '2024_12_06_141944_create_payments_table', 4),
(83, '2024_12_06_142010_create_transaction_guests_table', 4),
(84, '2024_12_06_143434_create_transactions_tickets_table', 4),
(85, '2024_12_16_003542_create_business_matchings_table', 4),
(86, '2024_12_16_003726_create_collaborations_table', 4),
(87, '2024_12_29_023717_create_category_courses_table', 4),
(88, '2024_12_29_062839_create_courses_table', 4),
(89, '2024_12_31_014651_create_sets_table', 4),
(90, '2024_12_31_014740_create_lessons_table', 4),
(91, '2024_12_31_015021_create_lesson_attendances_table', 4),
(92, '2025_01_02_091553_create_completed_lessons_table', 4),
(93, '2025_01_02_104121_create_course_classes_table', 4),
(94, '2025_01_02_110400_create_course_class_transactions_table', 4),
(95, '2025_01_02_115945_create_member_private_courses_table', 4),
(96, '2025_05_02_091527_create_enrollments_table', 4);

-- --------------------------------------------------------

--
-- Table structure for table `payments`
--

CREATE TABLE `payments` (
  `id` bigint(20) UNSIGNED NOT NULL,
  `transaction_id` bigint(20) UNSIGNED NOT NULL,
  `payment_method` varchar(255) DEFAULT NULL,
  `status` varchar(255) NOT NULL,
  `bank_name` varchar(255) DEFAULT NULL,
  `card_type` varchar(255) DEFAULT NULL,
  `paid_at` datetime NOT NULL,
  `created_at` timestamp NULL DEFAULT NULL,
  `updated_at` timestamp NULL DEFAULT NULL
) ENGINE=InnoDB DEFAULT CHARSET=utf8mb4 COLLATE=utf8mb4_unicode_ci;

--
-- Dumping data for table `payments`
--

INSERT INTO `payments` (`id`, `transaction_id`, `payment_method`, `status`, `bank_name`, `card_type`, `paid_at`, `created_at`, `updated_at`) VALUES
(1, 47, 'bank_transfer', 'settlement', 'bca', NULL, '2023-11-16 11:35:49', '2023-11-15 20:35:45', '2023-12-06 04:37:46'),
(2, 51, 'bank_transfer', 'pending', 'bca', NULL, '2023-11-16 12:30:53', '2023-11-15 21:30:46', '2023-12-06 04:37:46'),
(3, 77, 'bank_transfer', 'settlement', 'bca', NULL, '2023-11-20 15:04:41', '2023-11-20 00:04:34', '2023-12-06 04:38:00'),
(4, 86, 'qris', 'settlement', NULL, NULL, '2023-11-21 10:18:32', '2023-11-20 19:18:26', '2023-12-06 04:40:00'),
(5, 147, 'bank_transfer', 'settlement', 'bni', NULL, '2023-12-05 17:16:08', '2023-12-05 02:15:51', '2023-12-05 02:20:08'),
(6, 152, 'bank_transfer', 'settlement', 'bni', NULL, '2023-12-08 09:42:37', '2023-12-07 18:42:17', '2023-12-07 19:30:25'),
(7, 153, 'bank_transfer', 'settlement', 'bri', NULL, '2023-12-10 15:28:36', '2023-12-10 00:28:20', '2023-12-10 00:50:47'),
(8, 154, 'bank_transfer', 'settlement', 'bri', NULL, '2023-12-10 16:40:32', '2023-12-10 01:40:07', '2023-12-10 01:41:45'),
(9, 155, 'echannel', 'settlement', NULL, NULL, '2023-12-11 07:00:43', '2023-12-10 16:00:18', '2023-12-10 16:04:47'),
(10, 160, 'bank_transfer', 'settlement', 'bni', NULL, '2023-12-11 23:26:13', '2023-12-11 08:25:03', '2023-12-11 08:42:30'),
(11, 164, 'bank_transfer', 'settlement', 'bni', NULL, '2023-12-12 14:54:36', '2023-12-11 23:54:19', '2023-12-11 23:58:18'),
(12, 165, 'bank_transfer', 'settlement', 'bni', NULL, '2023-12-13 11:14:33', '2023-12-12 20:13:53', '2023-12-13 04:28:18'),
(13, 166, 'echannel', 'settlement', NULL, NULL, '2023-12-13 12:01:35', '2023-12-12 21:01:22', '2023-12-12 21:04:52'),
(14, 171, 'bank_transfer', 'settlement', 'bri', NULL, '2023-12-13 15:16:01', '2023-12-13 00:14:58', '2023-12-13 00:18:06'),
(15, 172, 'bank_transfer', 'settlement', 'bri', NULL, '2023-12-13 15:48:57', '2023-12-13 00:48:48', '2023-12-13 00:50:53'),
(16, 173, 'bank_transfer', 'settlement', 'bri', NULL, '2023-12-13 15:53:40', '2023-12-13 00:53:27', '2023-12-13 00:55:31'),
(17, 174, 'bank_transfer', 'settlement', 'bni', NULL, '2023-12-13 16:10:11', '2023-12-13 01:09:30', '2023-12-13 01:14:03'),
(18, 176, 'echannel', 'settlement', NULL, NULL, '2023-12-14 22:05:16', '2023-12-14 07:03:03', '2023-12-14 07:06:38'),
(19, 178, 'echannel', 'settlement', NULL, NULL, '2023-12-15 12:50:10', '2023-12-14 21:50:03', '2023-12-14 22:45:36'),
(20, 179, 'qris', 'settlement', NULL, NULL, '2023-12-15 13:54:33', '2023-12-14 22:54:11', '2023-12-14 22:57:20'),
(21, 183, 'bank_transfer', 'settlement', 'bri', NULL, '2023-12-21 05:48:50', '2023-12-20 14:48:05', '2023-12-20 14:51:39'),
(22, 184, 'echannel', 'settlement', NULL, NULL, '2023-12-22 06:54:26', '2023-12-21 15:54:15', '2023-12-21 15:59:54'),
(23, 185, 'echannel', 'settlement', NULL, NULL, '2023-12-22 12:30:59', '2023-12-21 21:30:50', '2023-12-21 21:32:54');

-- --------------------------------------------------------

--
-- Table structure for table `premium_settings`
--

CREATE TABLE `premium_settings` (
  `id` bigint(20) UNSIGNED NOT NULL,
  `price` bigint(20) NOT NULL DEFAULT 0,
  `created_at` timestamp NULL DEFAULT NULL,
  `updated_at` timestamp NULL DEFAULT NULL,
  `business_scale_id` bigint(20) UNSIGNED NOT NULL
) ENGINE=MyISAM DEFAULT CHARSET=utf8mb4 COLLATE=utf8mb4_unicode_ci;

--
-- Dumping data for table `premium_settings`
--

INSERT INTO `premium_settings` (`id`, `price`, `created_at`, `updated_at`, `business_scale_id`) VALUES
(1, 500000, '2024-10-06 19:29:37', '2024-10-13 17:04:36', 0),
(2, 2000000, '2024-10-13 17:04:19', '2024-10-13 17:04:19', 0);

-- --------------------------------------------------------

--
-- Table structure for table `provinces`
--

CREATE TABLE `provinces` (
  `id` bigint(20) UNSIGNED NOT NULL,
  `name` varchar(255) NOT NULL,
  `created_at` timestamp NULL DEFAULT NULL,
  `updated_at` timestamp NULL DEFAULT NULL
) ENGINE=InnoDB DEFAULT CHARSET=utf8mb4 COLLATE=utf8mb4_unicode_ci;

--
-- Dumping data for table `provinces`
--

INSERT INTO `provinces` (`id`, `name`, `created_at`, `updated_at`) VALUES
(11, 'ACEH', '2025-01-02 18:08:57', '2025-01-02 18:08:57'),
(12, 'SUMATERA UTARA', '2025-01-02 18:08:57', '2025-01-02 18:08:57'),
(13, 'SUMATERA BARAT', '2025-01-02 18:08:57', '2025-01-02 18:08:57'),
(14, 'RIAU', '2025-01-02 18:08:57', '2025-01-02 18:08:57'),
(15, 'JAMBI', '2025-01-02 18:08:57', '2025-01-02 18:08:57'),
(16, 'SUMATERA SELATAN', '2025-01-02 18:08:57', '2025-01-02 18:08:57'),
(17, 'BENGKULU', '2025-01-02 18:08:57', '2025-01-02 18:08:57'),
(18, 'LAMPUNG', '2025-01-02 18:08:57', '2025-01-02 18:08:57'),
(19, 'KEPULAUAN BANGKA BELITUNG', '2025-01-02 18:08:57', '2025-01-02 18:08:57'),
(21, 'KEPULAUAN RIAU', '2025-01-02 18:08:57', '2025-01-02 18:08:57'),
(31, 'DKI JAKARTA', '2025-01-02 18:08:57', '2025-01-02 18:08:57'),
(32, 'JAWA BARAT', '2025-01-02 18:08:57', '2025-01-02 18:08:57'),
(33, 'JAWA TENGAH', '2025-01-02 18:08:57', '2025-01-02 18:08:57'),
(34, 'DI YOGYAKARTA', '2025-01-02 18:08:57', '2025-01-02 18:08:57'),
(35, 'JAWA TIMUR', '2025-01-02 18:08:57', '2025-01-02 18:08:57'),
(36, 'BANTEN', '2025-01-02 18:08:57', '2025-01-02 18:08:57'),
(51, 'BALI', '2025-01-02 18:08:57', '2025-01-02 18:08:57'),
(52, 'NUSA TENGGARA BARAT', '2025-01-02 18:08:57', '2025-01-02 18:08:57'),
(53, 'NUSA TENGGARA TIMUR', '2025-01-02 18:08:57', '2025-01-02 18:08:57'),
(61, 'KALIMANTAN BARAT', '2025-01-02 18:08:57', '2025-01-02 18:08:57'),
(62, 'KALIMANTAN TENGAH', '2025-01-02 18:08:57', '2025-01-02 18:08:57'),
(63, 'KALIMANTAN SELATAN', '2025-01-02 18:08:57', '2025-01-02 18:08:57'),
(64, 'KALIMANTAN TIMUR', '2025-01-02 18:08:57', '2025-01-02 18:08:57'),
(65, 'KALIMANTAN UTARA', '2025-01-02 18:08:57', '2025-01-02 18:08:57'),
(71, 'SULAWESI UTARA', '2025-01-02 18:08:57', '2025-01-02 18:08:57'),
(72, 'SULAWESI TENGAH', '2025-01-02 18:08:57', '2025-01-02 18:08:57'),
(73, 'SULAWESI SELATAN', '2025-01-02 18:08:57', '2025-01-02 18:08:57'),
(74, 'SULAWESI TENGGARA', '2025-01-02 18:08:57', '2025-01-02 18:08:57'),
(75, 'GORONTALO', '2025-01-02 18:08:57', '2025-01-02 18:08:57'),
(76, 'SULAWESI BARAT', '2025-01-02 18:08:57', '2025-01-02 18:08:57'),
(81, 'MALUKU', '2025-01-02 18:08:57', '2025-01-02 18:08:57'),
(82, 'MALUKU UTARA', '2025-01-02 18:08:57', '2025-01-02 18:08:57'),
(91, 'PAPUA BARAT', '2025-01-02 18:08:57', '2025-01-02 18:08:57'),
(94, 'PAPUA', '2025-01-02 18:08:57', '2025-01-02 18:08:57');

-- --------------------------------------------------------

--
-- Table structure for table `sessions`
--

CREATE TABLE `sessions` (
  `id` varchar(255) NOT NULL,
  `user_id` bigint(20) UNSIGNED DEFAULT NULL,
  `ip_address` varchar(45) DEFAULT NULL,
  `user_agent` text DEFAULT NULL,
  `payload` longtext NOT NULL,
  `last_activity` int(11) NOT NULL
) ENGINE=InnoDB DEFAULT CHARSET=utf8mb4 COLLATE=utf8mb4_unicode_ci;

--
-- Dumping data for table `sessions`
--

INSERT INTO `sessions` (`id`, `user_id`, `ip_address`, `user_agent`, `payload`, `last_activity`) VALUES
('4C8nNFnE495a1Tk7Qt3zjaUQxxcWSPYZOzWbrDci', NULL, '127.0.0.1', 'Mozilla/5.0 (X11; Linux x86_64; rv:133.0) Gecko/20100101 Firefox/133.0', 'YTozOntzOjY6Il90b2tlbiI7czo0MDoiWU5uM2pDREI5bE5OUzFmazhWVk5HR1o0R3VWckFhY2dKYW01ZlFaayI7czo5OiJfcHJldmlvdXMiO2E6MTp7czozOiJ1cmwiO3M6MjE6Imh0dHA6Ly9sb2NhbGhvc3Q6ODAwMCI7fXM6NjoiX2ZsYXNoIjthOjI6e3M6Mzoib2xkIjthOjA6e31zOjM6Im5ldyI7YTowOnt9fX0=', 1735870460),
('bwClEoKyEHuIK8Bn5KrxQyLvfVJVXgY7g8ZtkudM', NULL, '127.0.0.1', 'Mozilla/5.0 (X11; Linux x86_64; rv:130.0) Gecko/20100101 Firefox/130.0', 'YTo0OntzOjY6Il90b2tlbiI7czo0MDoiTklmNWdLSm1VSldnQ1ltT0pDZ0VwbEpENDZ5anpubmt3dlZuVk42UiI7czozOiJ1cmwiO2E6MTp7czo4OiJpbnRlbmRlZCI7czoyMToiaHR0cDovL2xvY2FsaG9zdDo4MDAwIjt9czo5OiJfcHJldmlvdXMiO2E6MTp7czozOiJ1cmwiO3M6Mjc6Imh0dHA6Ly9sb2NhbGhvc3Q6ODAwMC9sb2dpbiI7fXM6NjoiX2ZsYXNoIjthOjI6e3M6Mzoib2xkIjthOjA6e31zOjM6Im5ldyI7YTowOnt9fX0=', 1726410810),
('phr9MknuaTvVT6QhwfjqAEO3y0cSPFabIedMXti6', 1, '127.0.0.1', 'Mozilla/5.0 (X11; Linux x86_64; rv:130.0) Gecko/20100101 Firefox/130.0', 'YTo2OntzOjY6Il90b2tlbiI7czo0MDoidkh1R2swOG1jek95cUpZczZxQlNKTnVyMUtYaVVKcUU0TE93ek9PNyI7czo2OiJfZmxhc2giO2E6Mjp7czozOiJvbGQiO2E6MDp7fXM6MzoibmV3IjthOjA6e319czo5OiJfcHJldmlvdXMiO2E6MTp7czozOiJ1cmwiO3M6Mjc6Imh0dHA6Ly9sb2NhbGhvc3Q6ODAwMC9ldmVudCI7fXM6NTA6ImxvZ2luX3dlYl81OWJhMzZhZGRjMmIyZjk0MDE1ODBmMDE0YzdmNThlYTRlMzA5ODlkIjtpOjE7czoxNzoicGFzc3dvcmRfaGFzaF93ZWIiO3M6NjA6IiQyeSQxMiQvWFpmRlkvZ29XTGNmM1lCeC9LVS5ld3ZZUlRESWp5YU1tUEFLaXpDSVN1Li85ZllybVpuQyI7czo4OiJmaWxhbWVudCI7YTowOnt9fQ==', 1726413195),
('wkH0nmfP0ot5ySEdgZmxycpUo60JJnhGY2HBAcPN', NULL, '127.0.0.1', 'Mozilla/5.0 (X11; Linux x86_64; rv:133.0) Gecko/20100101 Firefox/133.0', 'YTozOntzOjY6Il90b2tlbiI7czo0MDoiQ2p2SnFqUHczTEl1RWNock51Z2dQN0JhQzJXdkxJVHkwWDZ5aE01VSI7czo5OiJfcHJldmlvdXMiO2E6MTp7czozOiJ1cmwiO3M6Mjk6Imh0dHA6Ly9sb2NhbGhvc3Q6ODAwMi9taWdyYXRlIjt9czo2OiJfZmxhc2giO2E6Mjp7czozOiJvbGQiO2E6MDp7fXM6MzoibmV3IjthOjA6e319fQ==', 1735870158);

-- --------------------------------------------------------

--
-- Table structure for table `sets`
--

CREATE TABLE `sets` (
  `id` bigint(20) UNSIGNED NOT NULL,
  `name` varchar(255) NOT NULL,
  `course_id` bigint(20) UNSIGNED NOT NULL,
  `created_at` timestamp NULL DEFAULT NULL,
  `updated_at` timestamp NULL DEFAULT NULL
) ENGINE=InnoDB DEFAULT CHARSET=utf8mb4 COLLATE=utf8mb4_unicode_ci;

--
-- Dumping data for table `sets`
--

INSERT INTO `sets` (`id`, `name`, `course_id`, `created_at`, `updated_at`) VALUES
(1, 'PEMAHAMAN DASAR', 1, '2024-10-13 19:31:17', '2024-10-16 20:43:49'),
(2, 'KOLABORASI UMKM ', 1, '2024-10-18 23:13:48', '2024-10-18 23:13:48'),
(3, 'JANUARI', 4, '2024-12-23 06:03:44', '2025-01-02 01:26:37'),
(4, 'FEBRUARI', 4, '2025-01-02 01:41:16', '2025-01-02 01:41:16'),
(5, 'MARET', 4, '2025-01-02 01:41:20', '2025-01-02 01:41:20'),
(6, 'APRIL', 4, '2025-01-02 01:41:22', '2025-01-02 01:41:22'),
(7, 'MEI', 4, '2025-01-02 01:41:25', '2025-01-02 01:41:25'),
(8, 'JUNI', 4, '2025-01-02 01:41:28', '2025-01-02 01:41:28'),
(9, 'JULI', 4, '2025-01-02 01:41:31', '2025-01-02 01:41:31'),
(10, 'JUNI', 4, '2025-01-02 01:41:35', '2025-01-02 01:41:35');

-- --------------------------------------------------------

--
-- Table structure for table `sets_old`
--

CREATE TABLE `sets_old` (
  `id` bigint(20) UNSIGNED NOT NULL,
  `name` varchar(255) NOT NULL,
  `course_id` bigint(20) UNSIGNED NOT NULL,
  `created_at` timestamp NULL DEFAULT NULL,
  `updated_at` timestamp NULL DEFAULT NULL
) ENGINE=MyISAM DEFAULT CHARSET=utf8mb4 COLLATE=utf8mb4_unicode_ci;

--
-- Dumping data for table `sets_old`
--

INSERT INTO `sets_old` (`id`, `name`, `course_id`, `created_at`, `updated_at`) VALUES
(1, 'PEMAHAMAN DASAR', 1, '2024-10-13 19:31:17', '2024-10-16 20:43:49'),
(2, 'KOLABORASI UMKM ', 1, '2024-10-18 23:13:48', '2024-10-18 23:13:48'),
(3, 'JANUARI', 4, '2024-12-23 06:03:44', '2025-01-02 01:26:37'),
(4, 'FEBRUARI', 4, '2025-01-02 01:41:16', '2025-01-02 01:41:16'),
(5, 'MARET', 4, '2025-01-02 01:41:20', '2025-01-02 01:41:20'),
(6, 'APRIL', 4, '2025-01-02 01:41:22', '2025-01-02 01:41:22'),
(7, 'MEI', 4, '2025-01-02 01:41:25', '2025-01-02 01:41:25'),
(8, 'JUNI', 4, '2025-01-02 01:41:28', '2025-01-02 01:41:28'),
(9, 'JULI', 4, '2025-01-02 01:41:31', '2025-01-02 01:41:31'),
(10, 'JUNI', 4, '2025-01-02 01:41:35', '2025-01-02 01:41:35');

-- --------------------------------------------------------

--
-- Table structure for table `sliders`
--

CREATE TABLE `sliders` (
  `id` bigint(20) UNSIGNED NOT NULL,
  `image` varchar(255) NOT NULL,
  `created_at` timestamp NULL DEFAULT NULL,
  `updated_at` timestamp NULL DEFAULT NULL
) ENGINE=MyISAM DEFAULT CHARSET=utf8mb4 COLLATE=utf8mb4_general_ci;

--
-- Dumping data for table `sliders`
--

INSERT INTO `sliders` (`id`, `image`, `created_at`, `updated_at`) VALUES
(5, '01J8HMP6AMK4BM9RZC58TCDQZN.jpg', '2024-09-22 08:28:21', '2024-09-24 02:09:37'),
(6, '01J8D5R0NEZAW9HHGHYC5ZK51R.jpg', '2024-09-22 08:31:30', '2024-09-22 08:31:30'),
(7, '01J8H68WWKZEN2GYRFN7MWFPP5.jpg', '2024-09-23 21:57:41', '2024-09-23 21:57:41'),
(8, '01J8H6A98DHN59E80WDD194F9K.jpg', '2024-09-23 21:58:09', '2024-09-23 21:58:26');

-- --------------------------------------------------------

--
-- Table structure for table `social_accounts`
--

CREATE TABLE `social_accounts` (
  `id` bigint(20) UNSIGNED NOT NULL,
  `provider_id` varchar(255) NOT NULL,
  `provider_name` varchar(255) NOT NULL,
  `member_id` bigint(20) UNSIGNED NOT NULL,
  `created_at` timestamp NULL DEFAULT NULL,
  `updated_at` timestamp NULL DEFAULT NULL
) ENGINE=InnoDB DEFAULT CHARSET=utf8mb4 COLLATE=utf8mb4_unicode_ci;

-- --------------------------------------------------------

--
-- Table structure for table `social_media`
--

CREATE TABLE `social_media` (
  `id` bigint(20) UNSIGNED NOT NULL,
  `member_id` bigint(20) UNSIGNED NOT NULL,
  `platform` enum('Facebook','Instagram','Youtube','Twitter','Other') NOT NULL,
  `url` varchar(255) NOT NULL,
  `created_at` timestamp NULL DEFAULT NULL,
  `updated_at` timestamp NULL DEFAULT NULL
) ENGINE=InnoDB DEFAULT CHARSET=utf8mb4 COLLATE=utf8mb4_unicode_ci;

--
-- Dumping data for table `social_media`
--

INSERT INTO `social_media` (`id`, `member_id`, `platform`, `url`, `created_at`, `updated_at`) VALUES
(1, 771, 'Youtube', 'https://www.youtube.com/watch?v=ZEkB9vZHwEg&t=53s', '2025-01-02 18:09:03', '2025-01-02 18:09:03'),
(2, 1153, 'Youtube', 'Tidak ada', '2025-01-02 18:09:03', '2025-01-02 18:09:03'),
(3, 1239, 'Instagram', '@juwarakitchen', '2025-01-02 18:09:04', '2025-01-02 18:09:04'),
(4, 1239, 'Facebook', 'Yulia.Rahmadewi', '2025-01-02 18:09:04', '2025-01-02 18:09:04'),
(5, 1239, 'Youtube', 'https://youtu.be/oFge0g7T4t8?feature=shared', '2025-01-02 18:09:04', '2025-01-02 18:09:04'),
(6, 1640, 'Instagram', 'https://instagram.com/faris.fanani', '2025-01-02 18:09:05', '2025-01-02 18:09:05'),
(7, 1640, 'Facebook', 'https://facebook.com/faris.fanani', '2025-01-02 18:09:05', '2025-01-02 18:09:05'),
(8, 1640, 'Twitter', 'https://twitter.com/faris.fanani', '2025-01-02 18:09:05', '2025-01-02 18:09:05'),
(9, 3060, 'Instagram', 'https://www.instagram.com/buburonic/', '2025-01-02 18:09:10', '2025-01-02 18:09:10'),
(10, 3074, 'Instagram', 'https://instagram.com/sumbercahayasangatta?igshid=NzZlODBkYWE4Ng==', '2025-01-02 18:09:10', '2025-01-02 18:09:10'),
(11, 3074, 'Facebook', 'https://www.facebook.com/SumberCahayaSangatta?mibextid=ZbWKwL', '2025-01-02 18:09:10', '2025-01-02 18:09:10'),
(12, 3074, 'Twitter', 'https://twitter.com/bib_bib20', '2025-01-02 18:09:10', '2025-01-02 18:09:10'),
(13, 3083, 'Instagram', 'https://www.instagram.com/exiss.abata/', '2025-01-02 18:09:10', '2025-01-02 18:09:10'),
(14, 3098, 'Instagram', 'https://www.instagram.com/puguharema?igsh=MXNoOHFmZ2xham9xMA==', '2025-01-02 18:09:10', '2025-01-02 18:09:10'),
(15, 3098, 'Facebook', 'https://www.facebook.com/PUGUHAREMA?mibextid=ZbWKwL', '2025-01-02 18:09:10', '2025-01-02 18:09:10'),
(16, 3108, 'Instagram', 'https://www.instagram.com/travelapak.id', '2025-01-02 18:09:10', '2025-01-02 18:09:10'),
(17, 3108, 'Facebook', 'https://www.facebook.com/travelapak.id', '2025-01-02 18:09:10', '2025-01-02 18:09:10'),
(18, 3120, 'Instagram', 'https://www.instagram.com/riofriyadi?igsh=ODA1NTc5OTg5Nw==', '2025-01-02 18:09:10', '2025-01-02 18:09:10'),
(19, 3120, 'Facebook', 'https://www.facebook.com/rio.friyadi?mibextid=ZbWKwL', '2025-01-02 18:09:10', '2025-01-02 18:09:10'),
(20, 3120, 'Twitter', 'https://x.com/riofriyadi10?t=KE0BLMzBQmEuE9-GBDmiMQ&s=09', '2025-01-02 18:09:10', '2025-01-02 18:09:10'),
(21, 3129, 'Facebook', 'https://www.facebook.com/amuntai.property?mibextid=kFxxJD', '2025-01-02 18:09:11', '2025-01-02 18:09:11'),
(22, 3138, 'Instagram', 'https://www.instagram.com/insanpelajarmektebi/?hl=en', '2025-01-02 18:09:11', '2025-01-02 18:09:11'),
(23, 3174, 'Instagram', 'https://www.instagram.com/ombai_bumbumasakpraktis?igsh=YnR5bWYwNmNvcTh0', '2025-01-02 18:09:11', '2025-01-02 18:09:11'),
(24, 3174, 'Facebook', 'https://www.facebook.com/evaharyantihadjar?mibextid=JRoKGi', '2025-01-02 18:09:11', '2025-01-02 18:09:11'),
(25, 3180, 'Instagram', 'https://instagram.com/ciebal', '2025-01-02 18:09:11', '2025-01-02 18:09:11'),
(26, 3180, 'Facebook', 'https://fb.com/ciebal', '2025-01-02 18:09:11', '2025-01-02 18:09:11'),
(27, 3180, 'Twitter', 'https://twitter.com/ciebal', '2025-01-02 18:09:11', '2025-01-02 18:09:11'),
(28, 3203, 'Instagram', 'https://www.instagram.com/astari_moeloek/', '2025-01-02 18:09:11', '2025-01-02 18:09:11'),
(29, 3222, 'Instagram', 'https://www.instagram.com/ud.onye.encum.fish.7?utm_source=qr&igsh=MTk5dnp4dDVyaXh5', '2025-01-02 18:09:11', '2025-01-02 18:09:11'),
(30, 3222, 'Facebook', 'https://www.facebook.com/ferdifirli.irawan?mibextid=ZbWKwL', '2025-01-02 18:09:11', '2025-01-02 18:09:11'),
(31, 3254, 'Instagram', 'https://instagram.com/kioshijab.id', '2025-01-02 18:09:11', '2025-01-02 18:09:11'),
(32, 3277, 'Instagram', 'https://www.instagram.com/fadlisaun/', '2025-01-02 18:09:11', '2025-01-02 18:09:11'),
(33, 3277, 'Facebook', 'https://www.facebook.com/fadlimuhamad.saun', '2025-01-02 18:09:11', '2025-01-02 18:09:11'),
(34, 3282, 'Youtube', 'https://m.youtube.com/watch?v=lMdzTnsUx9E', '2025-01-02 18:09:12', '2025-01-02 18:09:12'),
(35, 3283, 'Instagram', 'null', '2025-01-02 18:09:12', '2025-01-02 18:09:12'),
(36, 3283, 'Twitter', 'null', '2025-01-02 18:09:12', '2025-01-02 18:09:12'),
(37, 3284, 'Instagram', 'instagram.com/lifeatmedisin', '2025-01-02 18:09:12', '2025-01-02 18:09:12'),
(38, 3284, 'Facebook', 'null', '2025-01-02 18:09:12', '2025-01-02 18:09:12'),
(39, 3284, 'Twitter', 'null', '2025-01-02 18:09:12', '2025-01-02 18:09:12'),
(40, 3284, 'Youtube', 'https://youtu.be/A_a951zsBGs?si=os_mJiqWiMbFu0cv', '2025-01-02 18:09:12', '2025-01-02 18:09:12'),
(41, 3285, 'Instagram', 'https://www.instagram.com/muazzinav/', '2025-01-02 18:09:12', '2025-01-02 18:09:12'),
(42, 3285, 'Facebook', 'https://www.facebook.com/Muazzinav', '2025-01-02 18:09:12', '2025-01-02 18:09:12'),
(43, 3285, 'Twitter', 'https://twitter.com/muazzinav', '2025-01-02 18:09:12', '2025-01-02 18:09:12'),
(44, 3285, 'Youtube', 'https://youtu.be/_efnqyK2SzU', '2025-01-02 18:09:12', '2025-01-02 18:09:12'),
(45, 3286, 'Instagram', 'https://www.instagram.com/theumrahmy', '2025-01-02 18:09:12', '2025-01-02 18:09:12'),
(46, 3286, 'Facebook', 'https://www.facebook.com/share/zJWiCS14saPpMdcK/', '2025-01-02 18:09:12', '2025-01-02 18:09:12'),
(47, 3286, 'Twitter', 'null', '2025-01-02 18:09:12', '2025-01-02 18:09:12'),
(48, 3286, 'Youtube', 'https://youtube.com/@theumrah', '2025-01-02 18:09:12', '2025-01-02 18:09:12'),
(49, 3288, 'Instagram', 'https://www.instagram.com/reel/C5XxJTWrRvd/', '2025-01-02 18:09:12', '2025-01-02 18:09:12'),
(50, 3288, 'Facebook', 'https://www.facebook.com/BumbuRasaKoe/', '2025-01-02 18:09:12', '2025-01-02 18:09:12'),
(51, 3288, 'Twitter', 'null', '2025-01-02 18:09:12', '2025-01-02 18:09:12'),
(52, 3288, 'Youtube', 'https://www.youtube.com/watch?v=ZLlMwM_TUYk', '2025-01-02 18:09:12', '2025-01-02 18:09:12'),
(53, 3290, 'Instagram', 'null', '2025-01-02 18:09:12', '2025-01-02 18:09:12'),
(54, 3290, 'Facebook', 'null', '2025-01-02 18:09:12', '2025-01-02 18:09:12'),
(55, 3290, 'Twitter', 'null', '2025-01-02 18:09:12', '2025-01-02 18:09:12'),
(56, 3292, 'Instagram', 'null', '2025-01-02 18:09:12', '2025-01-02 18:09:12'),
(57, 3292, 'Facebook', 'https://www.facebook.com/KrisnaDharmaKurnia', '2025-01-02 18:09:12', '2025-01-02 18:09:12'),
(58, 3292, 'Twitter', 'null', '2025-01-02 18:09:12', '2025-01-02 18:09:12'),
(59, 3293, 'Instagram', 'https://www.instagram.com/moistcare?igsh=MWE5eDMzMGpweTF6Ng==', '2025-01-02 18:09:12', '2025-01-02 18:09:12'),
(60, 3293, 'Facebook', 'https://www.facebook.com/moistcareclinic/', '2025-01-02 18:09:12', '2025-01-02 18:09:12'),
(61, 3293, 'Twitter', 'null', '2025-01-02 18:09:12', '2025-01-02 18:09:12'),
(62, 3293, 'Youtube', 'https://www.youtube.com/watch?v=9-P61v2ssP4', '2025-01-02 18:09:12', '2025-01-02 18:09:12'),
(63, 3295, 'Instagram', 'null', '2025-01-02 18:09:12', '2025-01-02 18:09:12'),
(64, 3295, 'Facebook', 'null', '2025-01-02 18:09:12', '2025-01-02 18:09:12'),
(65, 3295, 'Twitter', 'null', '2025-01-02 18:09:12', '2025-01-02 18:09:12'),
(66, 3297, 'Instagram', 'null', '2025-01-02 18:09:12', '2025-01-02 18:09:12'),
(67, 3297, 'Facebook', 'null', '2025-01-02 18:09:12', '2025-01-02 18:09:12'),
(68, 3297, 'Twitter', 'null', '2025-01-02 18:09:12', '2025-01-02 18:09:12'),
(69, 3300, 'Instagram', 'dapurmama_eza', '2025-01-02 18:09:12', '2025-01-02 18:09:12'),
(70, 3300, 'Facebook', 'Rendang Taragak/Murzalina', '2025-01-02 18:09:12', '2025-01-02 18:09:12'),
(71, 3300, 'Twitter', 'Null', '2025-01-02 18:09:12', '2025-01-02 18:09:12'),
(72, 3302, 'Instagram', 'null', '2025-01-02 18:09:12', '2025-01-02 18:09:12'),
(73, 3302, 'Facebook', 'null', '2025-01-02 18:09:12', '2025-01-02 18:09:12'),
(74, 3302, 'Twitter', 'null', '2025-01-02 18:09:12', '2025-01-02 18:09:12'),
(75, 3302, 'Youtube', 'https://youtu.be/nDgrGVD77uQ', '2025-01-02 18:09:12', '2025-01-02 18:09:12'),
(76, 3303, 'Instagram', 'https://www.instagram.com/bumbuihsan?igsh=NnBjMWViZHlpNXd0', '2025-01-02 18:09:12', '2025-01-02 18:09:12'),
(77, 3303, 'Facebook', 'https://www.facebook.com/bumbuihsan?mibextid=LQQJ4d', '2025-01-02 18:09:12', '2025-01-02 18:09:12'),
(78, 3303, 'Twitter', 'null', '2025-01-02 18:09:12', '2025-01-02 18:09:12'),
(79, 3303, 'Youtube', 'https://m.youtube.com/channel/UCcqZNZVfJb4CbwZ-_rzeS_Q', '2025-01-02 18:09:12', '2025-01-02 18:09:12'),
(80, 3304, 'Instagram', 'https://salaamsupply.co.id/', '2025-01-02 18:09:12', '2025-01-02 18:09:12'),
(81, 3304, 'Facebook', 'https://salaamsupply.co.id/', '2025-01-02 18:09:12', '2025-01-02 18:09:12'),
(82, 3304, 'Twitter', 'https://salaamsupply.co.id/', '2025-01-02 18:09:12', '2025-01-02 18:09:12'),
(83, 3304, 'Youtube', 'https://salaamsupply.co.id/', '2025-01-02 18:09:12', '2025-01-02 18:09:12'),
(84, 3306, 'Instagram', 'Labenviro', '2025-01-02 18:09:12', '2025-01-02 18:09:12'),
(85, 3306, 'Facebook', 'Labenviro', '2025-01-02 18:09:12', '2025-01-02 18:09:12'),
(86, 3306, 'Twitter', 'Labenviro', '2025-01-02 18:09:12', '2025-01-02 18:09:12'),
(87, 3306, 'Youtube', 'Gagas Envirotek Indonesia', '2025-01-02 18:09:12', '2025-01-02 18:09:12'),
(88, 3310, 'Instagram', 'Alfatih', '2025-01-02 18:09:12', '2025-01-02 18:09:12'),
(89, 3310, 'Facebook', 'Alfatih', '2025-01-02 18:09:12', '2025-01-02 18:09:12'),
(90, 3310, 'Twitter', 'null', '2025-01-02 18:09:12', '2025-01-02 18:09:12'),
(91, 3314, 'Instagram', 'null', '2025-01-02 18:09:12', '2025-01-02 18:09:12'),
(92, 3314, 'Facebook', 'null', '2025-01-02 18:09:12', '2025-01-02 18:09:12'),
(93, 3314, 'Twitter', 'null', '2025-01-02 18:09:12', '2025-01-02 18:09:12'),
(94, 3320, 'Instagram', 'https://www.instagram.com/klinikgiginatura/', '2025-01-02 18:09:12', '2025-01-02 18:09:12'),
(95, 3320, 'Youtube', 'https://www.youtube.com/@naturadentalcenter', '2025-01-02 18:09:12', '2025-01-02 18:09:12'),
(96, 3323, 'Instagram', 'etcsultan', '2025-01-02 18:09:12', '2025-01-02 18:09:12'),
(97, 3323, 'Facebook', 'Etcsultan', '2025-01-02 18:09:12', '2025-01-02 18:09:12'),
(98, 3331, 'Facebook', 'https://www.facebook.com/siti.nuraini.77770?mibextid=ZbWKwL', '2025-01-02 18:09:12', '2025-01-02 18:09:12'),
(99, 3352, 'Youtube', 'IUKLIN Official', '2025-01-02 18:09:12', '2025-01-02 18:09:12'),
(100, 3372, 'Youtube', 'www.gurihkuchicken.', '2025-01-02 18:09:12', '2025-01-02 18:09:12'),
(101, 3373, 'Youtube', '.', '2025-01-02 18:09:12', '2025-01-02 18:09:12'),
(102, 3387, 'Youtube', 'Jatiperabot', '2025-01-02 18:09:12', '2025-01-02 18:09:12'),
(103, 3397, 'Youtube', 'Ig', '2025-01-02 18:09:12', '2025-01-02 18:09:12'),
(104, 3407, 'Youtube', 'Dapur Nyamleng ku', '2025-01-02 18:09:12', '2025-01-02 18:09:12'),
(105, 3408, 'Youtube', 'Instagram', '2025-01-02 18:09:12', '2025-01-02 18:09:12'),
(106, 3417, 'Youtube', 'Rohimanan MR', '2025-01-02 18:09:12', '2025-01-02 18:09:12'),
(107, 3432, 'Youtube', '@saftianyugapramudi', '2025-01-02 18:09:12', '2025-01-02 18:09:12'),
(108, 3434, 'Youtube', 'YouTube - FB. Alan Seven Zafa. IG. Alan Saven', '2025-01-02 18:09:12', '2025-01-02 18:09:12'),
(109, 3439, 'Youtube', 'Lala Pebrianti', '2025-01-02 18:09:12', '2025-01-02 18:09:12'),
(110, 3441, 'Youtube', 'Ig dan FB', '2025-01-02 18:09:12', '2025-01-02 18:09:12'),
(111, 3447, 'Youtube', 'nalta bekam center - nbc', '2025-01-02 18:09:12', '2025-01-02 18:09:12');

-- --------------------------------------------------------

--
-- Table structure for table `subscriptions`
--

CREATE TABLE `subscriptions` (
  `id` bigint(20) UNSIGNED NOT NULL,
  `member_id` bigint(20) UNSIGNED NOT NULL,
  `subscription_start` datetime NOT NULL,
  `subscription_end` datetime NOT NULL,
  `created_at` timestamp NULL DEFAULT NULL,
  `updated_at` timestamp NULL DEFAULT NULL
) ENGINE=InnoDB DEFAULT CHARSET=utf8mb4 COLLATE=utf8mb4_unicode_ci;

--
-- Dumping data for table `subscriptions`
--

INSERT INTO `subscriptions` (`id`, `member_id`, `subscription_start`, `subscription_end`, `created_at`, `updated_at`) VALUES
(1, 1, '2025-01-03 02:09:01', '2026-01-03 02:09:01', '2025-01-02 18:09:01', '2025-01-02 18:09:01'),
(2, 3, '2025-01-03 02:09:01', '2026-01-03 02:09:01', '2025-01-02 18:09:01', '2025-01-02 18:09:01'),
(3, 451, '2025-01-03 02:09:01', '2026-01-03 02:09:01', '2025-01-02 18:09:01', '2025-01-02 18:09:01'),
(4, 708, '2025-01-03 02:09:02', '2026-01-03 02:09:02', '2025-01-02 18:09:02', '2025-01-02 18:09:02'),
(5, 712, '2025-01-03 02:09:02', '2026-01-03 02:09:02', '2025-01-02 18:09:02', '2025-01-02 18:09:02'),
(6, 798, '2025-01-03 02:09:03', '2026-01-03 02:09:03', '2025-01-02 18:09:03', '2025-01-02 18:09:03'),
(7, 1589, '2025-01-03 02:09:05', '2026-01-03 02:09:05', '2025-01-02 18:09:05', '2025-01-02 18:09:05'),
(8, 1831, '2025-01-03 02:09:06', '2026-01-03 02:09:06', '2025-01-02 18:09:06', '2025-01-02 18:09:06'),
(9, 1922, '2025-01-03 02:09:06', '2026-01-03 02:09:06', '2025-01-02 18:09:06', '2025-01-02 18:09:06'),
(10, 2051, '2025-01-03 02:09:07', '2026-01-03 02:09:07', '2025-01-02 18:09:07', '2025-01-02 18:09:07'),
(11, 2250, '2025-01-03 02:09:08', '2026-01-03 02:09:08', '2025-01-02 18:09:08', '2025-01-02 18:09:08'),
(12, 2529, '2025-01-03 02:09:09', '2026-01-03 02:09:09', '2025-01-02 18:09:09', '2025-01-02 18:09:09'),
(13, 2615, '2025-01-03 02:09:09', '2026-01-03 02:09:09', '2025-01-02 18:09:09', '2025-01-02 18:09:09'),
(14, 2995, '2025-01-03 02:09:10', '2026-01-03 02:09:10', '2025-01-02 18:09:10', '2025-01-02 18:09:10'),
(15, 3060, '2025-01-03 02:09:10', '2026-01-03 02:09:10', '2025-01-02 18:09:10', '2025-01-02 18:09:10');

-- --------------------------------------------------------

--
-- Table structure for table `subscription_premiums`
--

CREATE TABLE `subscription_premiums` (
  `id` bigint(20) UNSIGNED NOT NULL,
  `date_start` date NOT NULL,
  `date_end` date NOT NULL,
  `member_id` bigint(20) UNSIGNED NOT NULL,
  `created_at` timestamp NULL DEFAULT NULL,
  `updated_at` timestamp NULL DEFAULT NULL
) ENGINE=MyISAM DEFAULT CHARSET=utf8mb4 COLLATE=utf8mb4_unicode_ci;

-- --------------------------------------------------------

--
-- Table structure for table `tbl_komen_artikel`
--

CREATE TABLE `tbl_komen_artikel` (
  `id` bigint(20) UNSIGNED NOT NULL,
  `member_userid` bigint(20) UNSIGNED NOT NULL,
  `artikel_id` bigint(20) UNSIGNED NOT NULL,
  `username` varchar(255) NOT NULL,
  `isi` varchar(255) NOT NULL,
  `created_at` timestamp NULL DEFAULT NULL,
  `updated_at` timestamp NULL DEFAULT NULL
) ENGINE=MyISAM DEFAULT CHARSET=utf8mb4 COLLATE=utf8mb4_general_ci;

--
-- Dumping data for table `tbl_komen_artikel`
--

INSERT INTO `tbl_komen_artikel` (`id`, `member_userid`, `artikel_id`, `username`, `isi`, `created_at`, `updated_at`) VALUES
(7, 3067, 64, 'Hermawan Tan', 'Lorem ipsum, dolor sit amet consectetur adipisicing elit. Magnam in, rerum illum doloremque praesentium est voluptates, similique nihil nemo obcaecati libero excepturi, totam incidunt quibusdam! Nobis quidem voluptates ut ad.', '2023-11-24 06:53:23', '2023-11-24 06:53:23'),
(8, 3067, 64, 'Hermawan Tan', 'lorem', '2023-11-24 06:56:54', '2023-11-24 06:56:54');

-- --------------------------------------------------------

--
-- Table structure for table `tickets`
--

CREATE TABLE `tickets` (
  `id` bigint(20) UNSIGNED NOT NULL,
  `event_id` bigint(20) UNSIGNED NOT NULL,
  `name` varchar(255) NOT NULL,
  `price` bigint(20) NOT NULL DEFAULT 0,
  `stock` int(11) NOT NULL,
  `price_type` enum('Free','Paid') NOT NULL,
  `max_purchase` int(11) NOT NULL,
  `people_per_ticket` int(11) NOT NULL,
  `created_at` timestamp NULL DEFAULT NULL,
  `updated_at` timestamp NULL DEFAULT NULL
) ENGINE=InnoDB DEFAULT CHARSET=utf8mb4 COLLATE=utf8mb4_unicode_ci;

--
-- Dumping data for table `tickets`
--

INSERT INTO `tickets` (`id`, `event_id`, `name`, `price`, `stock`, `price_type`, `max_purchase`, `people_per_ticket`, `created_at`, `updated_at`) VALUES
(1, 1, 'KHUSUS ANGGOTA', 950000, 186, 'Paid', 10, 1, '2023-11-07 00:43:53', '2024-09-20 01:07:04'),
(8, 3, 'WEBINAR GENPRO', 0, 98, 'Free', 2, 1, '2024-01-18 05:41:33', '2024-12-07 12:25:00'),
(9, 4, '1 TIKET UNTUK 5 ORANG', 40000000, 29, 'Paid', 2, 5, '2024-02-29 16:10:40', '2024-03-17 16:19:00'),
(10, 5, 'WEBINAR GENPRO', 0, 94, 'Free', 2, 1, '2024-09-11 01:16:44', '2024-12-07 12:23:48'),
(11, 6, 'Business Matching', 0, 15, 'Free', 1, 1, '2024-09-18 21:33:38', '2024-12-07 12:25:57'),
(13, 9, 'TIKET PRESIDENTIAL SUMMIT 2024', 750000, 20, 'Paid', 10, 1, '2024-11-11 02:53:37', '2024-12-12 02:21:13'),
(14, 10, 'UMUM', 0, 563, 'Free', 20, 1, '2024-12-01 06:02:51', '2024-12-12 23:49:50');

-- --------------------------------------------------------

--
-- Table structure for table `ticket_transaction`
--

CREATE TABLE `ticket_transaction` (
  `id` bigint(20) UNSIGNED NOT NULL,
  `invoice` varchar(255) NOT NULL,
  `transaction_id` bigint(20) UNSIGNED NOT NULL,
  `ticket_id` bigint(20) UNSIGNED NOT NULL,
  `name` varchar(255) NOT NULL,
  `business_name` varchar(255) DEFAULT NULL,
  `phone` varchar(255) DEFAULT NULL,
  `document` varchar(255) DEFAULT NULL,
  `business_matching` tinyint(1) NOT NULL DEFAULT 0,
  `attend` tinyint(1) NOT NULL DEFAULT 0,
  `created_at` timestamp NULL DEFAULT NULL,
  `updated_at` timestamp NULL DEFAULT NULL
) ENGINE=InnoDB DEFAULT CHARSET=utf8mb4 COLLATE=utf8mb4_unicode_ci;

--
-- Dumping data for table `ticket_transaction`
--

INSERT INTO `ticket_transaction` (`id`, `invoice`, `transaction_id`, `ticket_id`, `name`, `business_name`, `phone`, `document`, `business_matching`, `attend`, `created_at`, `updated_at`) VALUES
(1, 'TRX-6PPDK3DY', 44, 1, 'Hermawan Tan', 'Institusi', '08123', NULL, 1, 0, '2023-11-15 06:52:26', '2023-12-06 04:37:46'),
(2, 'TRX-2VNV8QEV', 44, 1, 'Hermawan Tan', 'Institusi', '08123', NULL, 1, 0, '2023-11-15 06:52:26', '2023-12-06 04:37:46'),
(3, 'TRX-WNM2EJYQ', 44, 1, 'Hermawan Tan', 'Institusi', '08123', NULL, 1, 0, '2023-11-15 06:52:26', '2023-12-06 04:37:46'),
(4, 'TRX-91IE41WG', 46, 1, 'Hermawan Tan', 'Institusi', '08123', NULL, 1, 0, '2023-11-15 18:20:03', '2023-12-06 04:37:46'),
(5, 'TRX-AQNRZX5B', 46, 1, 'Hermawan Tan', 'Institusi', '08123', NULL, 1, 0, '2023-11-15 18:20:03', '2023-12-06 04:37:46'),
(6, 'TRX-JVBMZX3J', 47, 1, 'Hermawan Tan', NULL, NULL, NULL, 0, 0, '2023-11-15 20:35:45', '2023-12-06 04:37:46'),
(7, 'TRX-LV2QIG09', 47, 1, 'Hermawan Tan', NULL, NULL, NULL, 0, 0, '2023-11-15 20:35:45', '2023-12-06 04:37:46'),
(8, 'TRX-NPQ0AUFK', 47, 1, 'Hermawan Tan', NULL, NULL, NULL, 0, 0, '2023-11-15 20:35:45', '2023-12-06 04:37:46'),
(9, 'TRX-XRJ9W1HF', 48, 1, 'Hermawan  Tan', NULL, NULL, NULL, 0, 0, '2023-11-15 20:54:14', '2023-12-06 04:37:46'),
(10, 'TRX-FW6E9MKX', 49, 1, 'Hermawan', NULL, NULL, NULL, 0, 0, '2023-11-15 20:59:26', '2023-12-06 04:37:46'),
(11, 'TRX-JXZW5TAQ', 49, 1, 'Hermawan', NULL, NULL, NULL, 0, 0, '2023-11-15 20:59:26', '2023-12-06 04:37:46'),
(12, 'TRX-17P3VNQV', 50, 1, 'Hermawan Tn', NULL, NULL, NULL, 0, 0, '2023-11-15 21:27:01', '2023-12-06 04:37:46'),
(13, 'TRX-KJB1VZ2W', 51, 1, 'Hermawan', NULL, NULL, NULL, 0, 0, '2023-11-15 21:30:47', '2023-12-06 04:37:46'),
(14, 'TRX-EDVLYOUH', 77, 1, 'Hermawan Tan', 'Company 1', '08123', NULL, 1, 0, '2023-11-20 00:04:34', '2023-12-06 04:35:46'),
(15, 'TRX-8VCgGyqZ', 137, 1, 'Arzain Zamhari', 'GENPRO Bengkulu', '081366408849', NULL, 0, 0, '2023-11-26 18:45:02', '2023-12-06 21:06:13'),
(16, 'TRX-dSQNGa4C', 141, 1, 'Emi Susanti', 'Genpro Area Riau', '6285271271383', NULL, 0, 0, '2023-11-29 00:36:33', '2023-11-29 00:36:33'),
(17, 'TRX-BB23x5iA', 141, 1, 'Yurita', 'Genpro Area Riau', '+62 812-6113-3048', NULL, 0, 0, '2023-11-29 00:36:33', '2023-11-29 00:36:33'),
(18, 'TRX-reet2PHa', 141, 1, 'Sike Aqlia Nur Fahma', 'Genpro Area Riau / Saya tukang.com', '+62 812-5214-2468', NULL, 1, 0, '2023-11-29 00:36:33', '2023-11-29 00:36:33'),
(19, 'TRX-vN9XqUx0', 143, 1, 'Ghulam Azzam Robbani', 'KB TK SD Exiss Abata dan SMP Leaderss Khalid bin Walid', '08561608951', NULL, 1, 0, '2023-11-29 23:35:35', '2023-11-29 23:35:35'),
(20, 'TRX-uZYiemkv', 143, 1, 'Umair Arasy Abdul Azhiem', 'KB TK SD Exiss Abata dan SMP Leaderss Khalid bin Walid', '089615721966', NULL, 1, 0, '2023-11-29 23:35:35', '2023-11-29 23:35:35'),
(21, 'TRX-wolJ4Yxg', 143, 1, 'Ammar Arasy Abdul Azhiem', 'PT Pesona Madani Indonesia', '081388910237', NULL, 1, 0, '2023-11-29 23:35:35', '2023-11-29 23:35:35'),
(22, 'TRX-QE5cAex6', 144, 1, 'Tanty era putri', 'GCEDi architecture & ?nterior services', '082176339297', NULL, 0, 0, '2023-12-05 02:04:17', '2023-12-15 18:21:34'),
(23, 'TRX-y0W0EhPu', 145, 1, 'Tanty era putri', 'GCEDi architecture & ?nterior services', '082176339297', NULL, 0, 0, '2023-12-05 02:07:26', '2023-12-15 18:31:59'),
(24, 'TRX-j28aW2Y7', 146, 1, 'Tanty era putri', 'GCEDi architecture & ?nterior services', '082176339297', NULL, 0, 0, '2023-12-05 02:12:47', '2023-12-15 18:37:11'),
(25, 'TRX-eeVtV3wt', 147, 1, 'Heri Harjoni', 'Genpro Bengkulu', '08117302343', NULL, 0, 0, '2023-12-05 02:15:51', '2023-12-05 02:15:51'),
(26, 'TRX-zDLwjz2Z', 148, 1, 'Jupriadi', 'Genpro', '081933122700', NULL, 1, 0, '2023-12-05 20:13:04', '2023-12-05 20:13:04'),
(27, 'TRX-u2Br9cf7', 149, 1, 'Khohaning', 'PT. BIG', '082372944724', NULL, 1, 0, '2023-12-05 20:42:34', '2023-12-05 20:42:34'),
(28, 'TRX-CCVyH2QU', 149, 1, 'Ardizal', 'PT. BIG', '081373533557', NULL, 1, 0, '2023-12-05 20:42:34', '2023-12-05 20:42:34'),
(29, 'TRX-f7CHVCx4', 150, 1, 'Arzain Zamhari', 'Berkah Iqra Gemilang', '081366408849', NULL, 0, 0, '2023-12-06 20:39:57', '2023-12-06 20:39:57'),
(30, 'TRX-TdkLp0eq', 150, 1, 'Heri Harjoni', 'Amanie Grup', '08117302343', NULL, 0, 0, '2023-12-06 20:39:57', '2023-12-06 20:39:57'),
(31, 'TRX-jicnXoM6', 151, 1, 'Arzain Zamhari', 'Berkah Iqra Gemilang', '081366408849', NULL, 1, 0, '2023-12-06 21:09:48', '2023-12-06 21:09:48'),
(32, 'TRX-1MrfTcHK', 152, 1, 'ardizal', 'pt big', '+62 823-7294-4724', NULL, 1, 0, '2023-12-07 18:42:17', '2023-12-07 18:42:17'),
(33, 'TRX-eqIm3OXJ', 152, 1, 'khohaning', 'pt big', '+62 813-7353-3557', NULL, 1, 0, '2023-12-07 18:42:17', '2023-12-07 18:42:17'),
(34, 'TRX-B5zooT2r', 153, 1, 'Muhamad Anantiyo Widodo', 'Yayasan Fi Ahsani Taqwim', '081325632218', NULL, 1, 0, '2023-12-10 00:28:20', '2023-12-10 00:28:20'),
(35, 'TRX-LkKqhOsp', 154, 1, 'Puguh wiji pamungkas', 'Rsu wajak husada', '081357000852', NULL, 0, 0, '2023-12-10 01:40:07', '2023-12-10 01:40:07'),
(36, 'TRX-ySycSEht', 154, 1, 'Fitriya Fajar Wati', 'Rsu wajak husada', '081216313215', NULL, 0, 0, '2023-12-10 01:40:07', '2023-12-10 01:40:07'),
(37, 'TRX-ksMg7J0O', 155, 1, 'Anis Zulfa Fitroti', 'Marwah Collection', '082125555396', NULL, 0, 0, '2023-12-10 16:00:19', '2023-12-10 16:00:19'),
(38, 'TRX-kx5Ra335', 156, 1, 'H. Girman, ST., MM', 'Genpro Kudus', '081326013206', NULL, 1, 0, '2023-12-10 23:18:33', '2023-12-10 23:18:33'),
(39, 'TRX-6G1Pl2PS', 157, 1, 'Tanty era putri', 'GCEDi architecture & ?nterior services', '082176339297', NULL, 1, 0, '2023-12-11 07:51:44', '2023-12-11 07:51:44'),
(40, 'TRX-TUhzEV2u', 158, 1, 'Tanty era putri', 'GCEDi architecture & ?nterior services', '082176339297', NULL, 1, 0, '2023-12-11 08:02:21', '2023-12-15 18:36:51'),
(41, 'TRX-QhwMG8yF', 159, 1, 'Tanty era putri', 'GCEDi architecture & ?nterior services', '082176339297', NULL, 1, 0, '2023-12-11 08:23:35', '2023-12-11 08:23:35'),
(42, 'TRX-x2y6Ug2c', 160, 1, 'Tanty era putri', 'GCEDi architecture & ?nterior services', '082176339297', NULL, 1, 0, '2023-12-11 08:25:03', '2023-12-11 08:25:03'),
(43, 'TRX-sasdgV10', 163, 1, 'Tanty era putri', 'GCEDi architecture & ?nterior services', '082176339297', NULL, 1, 0, '2023-12-11 08:35:32', '2023-12-11 08:35:32'),
(44, 'TRX-9Cu4K1gL', 164, 1, 'Imam Yuliarto', 'Rumah Aspirasi', '081326893228', NULL, 1, 0, '2023-12-11 23:54:19', '2023-12-11 23:54:19'),
(45, 'TRX-rDaM7oxN', 165, 1, 'Yesineba', 'WE BPP Genpro', '08112240921', NULL, 1, 0, '2023-12-12 20:13:54', '2023-12-12 20:13:54'),
(46, 'TRX-zt31XQh3', 166, 1, 'Efrianti', 'RS. Permata Hati', '081363110283', NULL, 1, 0, '2023-12-12 21:01:23', '2023-12-12 21:01:23'),
(47, 'TRX-LoBkXG5y', 167, 1, 'Deny Moroyati, S.Pd', 'PT. Dmoroy Kreasi Alam Nusantara', '081368356668', NULL, 1, 0, '2023-12-12 22:06:22', '2023-12-12 22:06:22'),
(48, 'TRX-F8XehwAN', 168, 1, 'Suwondo Abdul Karim', 'PT RESIK BUMI PERKASA', '081213313370', NULL, 1, 0, '2023-12-12 23:11:23', '2023-12-12 23:11:23'),
(49, 'TRX-7cRTMeUY', 169, 1, 'Yesineba', 'WE BPP Genpro', '08112240921', NULL, 1, 0, '2023-12-12 23:12:47', '2023-12-15 18:17:42'),
(50, 'TRX-fWK6FDso', 170, 1, 'Suwondo Abdul Karim', 'PT. Resik Bumi Perkasa', '081213313370', NULL, 1, 0, '2023-12-12 23:13:16', '2023-12-12 23:13:16'),
(51, 'TRX-DHpAXLPQ', 171, 1, 'Zamri', 'JAYA SEMPURNA AGRO JAMBI', '082266259001', NULL, 1, 0, '2023-12-13 00:14:59', '2023-12-13 00:14:59'),
(52, 'TRX-GxkRVMJl', 172, 1, 'RUDI SUTIONO, SP', 'PUPUK ORGANIK SEMPURNA PLUS', '082230703363', NULL, 1, 0, '2023-12-13 00:48:48', '2023-12-13 00:48:48'),
(53, 'TRX-Ng86x25l', 173, 1, 'HASAN BASRI ALI', 'PUPUK ORGANIK SEMPURNA PLUS', '082318220546', NULL, 1, 0, '2023-12-13 00:53:28', '2023-12-13 00:53:28'),
(54, 'TRX-sstD5aQ3', 174, 1, 'H. Girman, ST., MM', 'Preschapter Genpro Kudus', '081326013206', NULL, 1, 0, '2023-12-13 01:09:30', '2023-12-13 01:09:30'),
(55, 'TRX-09Pa468b', 175, 1, 'Slamet Ari Waluyo', 'HANNA Chemicals & Lubricants', '081517000001', NULL, 1, 0, '2023-12-13 20:30:38', '2023-12-13 20:30:38'),
(56, 'TRX-bzqhmt6W', 176, 1, 'dr. Fidel Fuadi', 'RS. Permata Hati', '081363110283', NULL, 1, 0, '2023-12-14 07:03:06', '2023-12-14 07:03:06'),
(57, 'TRX-Yg30wYxF', 178, 1, 'Slamet Ari Waluyo', 'HANNA Chemicals & Lubricants', '081517000001', NULL, 1, 0, '2023-12-14 21:50:03', '2023-12-14 21:50:03'),
(58, 'TRX-J5LlQohP', 179, 1, 'Deny Moroyati, S.Pd', 'PT. Dmoroy Kreasi Alam Nusantara', '081368356668', NULL, 1, 0, '2023-12-14 22:54:11', '2023-12-14 22:54:11'),
(59, 'TRX-846H0miH', 180, 1, 'Inin Fariana,S.Pd', 'konfeksi dan percetakan', '082234860035', NULL, 1, 0, '2023-12-17 17:52:08', '2023-12-17 17:52:08'),
(60, 'TRX-bZoX3kFC', 181, 1, 'HARIS MAULIDINNOR', 'HNI', '081939018181', NULL, 1, 0, '2023-12-17 18:42:44', '2023-12-17 18:42:44'),
(61, 'TRX-h949GJDp', 182, 1, 'Inin Fariana,S.Pd', 'konfeksi dan percetakan', '082234860035', NULL, 1, 0, '2023-12-19 06:15:54', '2023-12-19 06:15:54'),
(62, 'TRX-fsQm9orq', 183, 1, 'ASEP BUDIAWAN', 'GENPRO JABAR PRIANGAN', '08122226451', NULL, 1, 0, '2023-12-20 14:48:05', '2023-12-20 14:48:05'),
(63, 'TRX-vXUthZ8I', 184, 1, 'Wahyudi', 'GenPro Sumsel', '085609493304', NULL, 1, 0, '2023-12-21 15:54:15', '2023-12-21 15:54:15'),
(64, 'TRX-HBz57PLl', 184, 1, 'Marutha Kristian', 'GenPro sumsel', '081369139878', NULL, 1, 0, '2023-12-21 15:54:15', '2023-12-21 15:54:15'),
(65, 'TRX-Z7mCWZ90', 184, 1, 'Dian Eko Prasetyo', 'GenPro Sumsel', '08127104299', NULL, 1, 0, '2023-12-21 15:54:15', '2023-12-21 15:54:15'),
(66, 'TRX-pBc2Bewr', 184, 1, 'Ben Heri', 'GenPro sumsel', '085366802631', NULL, 1, 0, '2023-12-21 15:54:15', '2023-12-21 15:54:15'),
(67, 'TRX-dKx4Q80y', 184, 1, 'Abdus Shomad demsya', 'GenPro Sumsel', '08117101981', NULL, 1, 0, '2023-12-21 15:54:15', '2023-12-21 15:54:15'),
(68, 'TRX-Hm7PEH55', 185, 1, 'Reni Andriani', 'RS. Permata Hati', '081363110283', NULL, 1, 0, '2023-12-21 21:30:51', '2023-12-21 21:30:51'),
(69, 'TRX-0sq23Ze7', 193, 10, 'Alfredo', 'Dapur Dijah', '089514470206', NULL, 0, 0, '2024-09-11 18:02:57', '2024-09-11 18:02:57'),
(70, 'TRX-Z5ZJd4aY', 197, 11, 'Wawan', 'asdfadsf', '123213', NULL, 1, 0, '2024-09-22 18:34:55', '2024-09-22 18:34:55'),
(71, 'TRX-X0DWxhFH', 198, 11, 'Mursid Naufal', 'MEDISIN', '081111110108', NULL, 1, 0, '2024-09-22 20:25:45', '2024-09-22 20:25:45'),
(72, 'TRX-iV5joEaD', 199, 11, 'Riduan Hanif bin Ahmad Zainudin', 'Anggerik Yakin Sdn Bhd', '011***', NULL, 1, 0, '2024-09-24 21:09:28', '2024-09-24 21:09:28'),
(73, 'TRX-U4eKmFPH', 200, 11, 'Agresta Priatama', 'SINTESA INTI PRESTASI', '084***', NULL, 1, 0, '2024-09-24 21:13:17', '2024-09-24 21:13:17'),
(74, 'TRX-dpoluKUr', 202, 11, 'Syaiful Zaman Tawakal', 'PT Selaras Rasakoe Indonesia', '081218443533', NULL, 1, 0, '2024-09-25 01:34:19', '2024-09-25 01:34:19'),
(75, 'TRX-UDsFc2dO', 203, 11, 'Fauzan Arief', 'CV Equator Aromaterapi', '082111697854', NULL, 1, 0, '2024-09-25 19:36:55', '2024-09-25 19:36:55'),
(76, 'TRX-IQdcv3LM', 204, 11, 'Djati Kusumo', 'PT Teknik Karya Industri', '0818106583', NULL, 1, 0, '2024-09-25 20:55:40', '2024-09-25 20:55:40'),
(77, 'TRX-Om9Td0Gv', 205, 11, 'Mohd Zawawi', 'Theumrah Maqbulah Travel', '+60133579699', NULL, 1, 0, '2024-09-25 21:00:28', '2024-09-25 21:00:28'),
(78, 'TRX-O15JoU8x', 206, 11, 'Mohd Farid Ismail', 'Muazzin AV Retail & Services', '+60183710007', NULL, 1, 0, '2024-09-25 21:13:07', '2024-09-25 21:13:07'),
(79, 'TRX-h5PPxAj8', 207, 11, 'Irma Puspita Arisanty', 'MOIST care Clinic', '081802926390', NULL, 1, 0, '2024-09-25 21:26:00', '2024-09-25 21:26:00'),
(80, 'TRX-9NDOQUBG', 208, 11, 'Yuli Setiawan', 'PT Badi Semesta Medik', '08129696029', NULL, 1, 0, '2024-09-26 06:34:40', '2024-09-26 06:34:40'),
(81, 'TRX-f7sVrZru', 210, 11, 'Muhidah', 'Catering Dapur Mama Eza', '087825202075', NULL, 1, 0, '2024-09-26 14:45:46', '2024-09-26 14:45:46'),
(82, 'TRX-juckRO4p', 211, 11, 'Dr Mustaqim Isham', 'Amdee Healthcare Sdn. Bhd.', '+60192571257', NULL, 1, 0, '2024-09-27 11:26:13', '2024-09-27 11:26:13'),
(83, 'TRX-VL6K9015', 212, 11, 'Siti Najjiya Binti Mingu', 'MM ENTERPRISE', '+60149956659', NULL, 0, 0, '2024-09-27 16:57:03', '2024-09-27 16:57:03'),
(84, 'TRX-YGBZThM3', 213, 11, 'Yahya Abdullah Maziyya', 'Salaam Supply', '081385653299', NULL, 1, 0, '2024-09-28 17:47:30', '2024-09-28 17:47:30'),
(85, 'TRX-VBxUo2Wc', 214, 11, 'Ayu Nabilah', 'Salaam Supply', '089693249363', NULL, 1, 0, '2024-09-28 19:15:26', '2024-09-28 19:15:26'),
(86, 'TRX-2yGxx1BS', 215, 11, 'Setiyo SS', 'Gagas Envirotek Indonesia', '087727773223', NULL, 1, 0, '2024-09-28 21:23:47', '2024-09-28 21:23:47'),
(87, 'TRX-rl3tRnfN', 216, 11, 'Yesineba', 'PT. Hadeka - Hidro Daya Kinerja', '08112240921', NULL, 1, 0, '2024-09-28 22:25:16', '2024-09-28 22:25:16'),
(88, 'TRX-COX4vchl', 217, 11, 'Namin Awaludin', 'Majelis taklim', '08990911028', NULL, 1, 0, '2024-09-29 18:35:32', '2024-09-29 18:35:32'),
(89, 'TRX-KMdt4Mhm', 218, 11, 'Idris Sukses', 'IDRIS SUKSES', '085697000621', NULL, 1, 0, '2024-09-30 02:31:09', '2024-09-30 02:31:09'),
(90, 'TRX-nJ9WaCfd', 219, 11, 'yusnita hijab', 'WE Genpro', '085784520988', NULL, 1, 0, '2024-09-30 02:47:11', '2024-09-30 02:47:11'),
(91, 'TRX-OS1dW9Zi', 220, 11, 'Tanty era putri', 'GCEDİ Architecture & Interior services', '082176339297', NULL, 1, 0, '2024-09-30 03:11:53', '2024-09-30 03:11:53'),
(92, 'TRX-s60UU7Rd', 221, 11, 'Burhanuddin Hamid D', 'IMANI Hospital & Consulting', '628113512121', NULL, 1, 0, '2024-09-30 19:25:11', '2024-09-30 19:25:11'),
(93, 'TRX-sOcRVNTf', 223, 11, 'Yulia Candra rahmadewi', 'PT. Juwara Prima Food', '08118427004', NULL, 1, 0, '2024-10-01 05:20:10', '2024-10-01 05:20:10'),
(94, 'TRX-GtG1p4A9', 224, 11, 'Ario Bismoko', 'Imani Primary Care', '087785682709', NULL, 1, 0, '2024-10-01 17:42:17', '2024-10-01 17:42:17'),
(95, 'TRX-iflifXus', 225, 11, 'zahfan asadalloh', 'Misafir Education', '08111282945', NULL, 1, 0, '2024-10-01 18:49:20', '2024-10-01 18:49:20'),
(96, 'TRX-XEdJ03rF', 226, 11, 'Galih Setyaji', 'Imani Persada Cemerlang', '085714216420', NULL, 0, 0, '2024-10-01 23:02:03', '2024-10-01 23:02:03'),
(97, 'TRX-sLHG5Hcu', 227, 11, 'Hanan Tsabitah', 'Natura Dental Center', '6282210033107', NULL, 1, 0, '2024-10-02 04:43:47', '2024-10-02 04:43:47'),
(98, 'TRX-rO9eOjBt', 228, 11, 'Daud Abdi Panuntun', 'PT RESIK BUMI PERKASA', '081391112337', NULL, 1, 0, '2024-10-02 17:24:50', '2024-10-02 17:24:50'),
(99, 'TRX-kM0YE0Zm', 229, 11, 'Desi Pertiwi', 'ArRoyyan store', '081388748320', NULL, 1, 0, '2024-10-02 19:17:19', '2024-10-02 19:17:19'),
(100, 'TRX-7OscqWeE', 230, 11, 'Lapak Emak', 'Lapak emak', '087864382488', NULL, 1, 0, '2024-10-02 21:53:33', '2024-10-02 21:53:33'),
(101, 'up4muWo2', 255, 13, 'Wawan', 'asdfadsf', '0813', NULL, 0, 0, '2024-11-29 19:35:40', '2024-12-11 17:07:27'),
(102, 'nE3Dyl7K', 256, 13, 'sensiani mustafa', '0', '0', NULL, 0, 0, '2024-12-01 05:29:02', '2024-12-01 05:29:02'),
(103, 'AnehjgWs', 257, 13, 'Mursid Naufal', 'MEDISIN', '081111110108', NULL, 1, 0, '2024-12-02 02:01:34', '2024-12-10 22:39:55'),
(104, 'Wpafz7yN', 258, 13, 'Wawan', 'asdfadsf', '0813', NULL, 0, 0, '2024-12-02 03:55:45', '2024-12-10 22:39:55'),
(105, 'fkWKeDYX', 259, 14, 'Hilma Wahdatul Kamilah', 'Gasin', '081398628003', NULL, 0, 0, '2024-12-03 04:04:08', '2024-12-10 22:39:55'),
(106, 'AicMhWKp', 260, 14, 'Hilma Wahdatul Kamilah', 'Gasin', '081398628003', NULL, 0, 0, '2024-12-03 04:04:13', '2024-12-10 22:39:55'),
(107, '1SYLKoJR', 261, 14, 'Hilma Wahdatul Kamilah', 'Gasin', '081398628003', NULL, 0, 0, '2024-12-03 04:04:12', '2024-12-03 04:04:12'),
(108, 'GvFMw9vR', 262, 13, 'Suhaidi Edy', 'CV. GLOBAL INDONESIA SUKSES', '085789000111', NULL, 0, 0, '2024-12-03 17:24:59', '2024-12-03 17:24:59'),
(109, '1GQo9KNA', 263, 13, 'Jupriadi', 'CV Rinjani Persada', '085237346711', NULL, 1, 0, '2024-12-03 18:52:49', '2024-12-03 18:52:49'),
(110, 'q8WnhFXp', 264, 14, 'Firda', 'Nefira store', '08568414897', NULL, 0, 0, '2024-12-03 23:10:57', '2024-12-03 23:10:57'),
(111, '2h2BCgNv', 264, 14, 'Dwi', NULL, '085719748574', NULL, 0, 0, '2024-12-03 23:10:57', '2024-12-03 23:10:57'),
(112, 'wR378BIW', 265, 13, 'Syaiful Zaman Tawakal', 'PT Selaras Rasakoe Indonesia', '081218443533', NULL, 1, 0, '2024-12-04 00:03:58', '2024-12-04 00:03:58'),
(113, 'OUFYDBbS', 266, 13, 'Husni Muslim', 'Insan Karima Group', '08127508115', NULL, 1, 0, '2024-12-04 01:58:34', '2024-12-04 01:58:34'),
(114, 'NaPh79Sb', 267, 14, 'Wawan', 'asdfadsf', '0813', NULL, 0, 0, '2024-12-04 06:52:10', '2024-12-10 22:39:55'),
(115, 'PKuc9da6', 268, 14, 'Hermawan Tan', NULL, '081351442797', NULL, 0, 0, '2024-12-04 07:22:22', '2024-12-10 22:39:55'),
(116, 'W8XfXvS5', 269, 14, 'Hermawan Tan', NULL, '081351442797', NULL, 0, 0, '2024-12-04 07:27:06', '2024-12-10 22:39:55'),
(117, 'PjS597dE', 270, 14, 'Hermawan Tan', NULL, '081351442797', NULL, 0, 0, '2024-12-04 07:28:14', '2024-12-10 22:39:55'),
(118, 'TP0Cmdv1', 271, 14, 'hermawan tan', NULL, '081351442797', NULL, 0, 0, '2024-12-04 07:29:30', '2024-12-10 22:39:55'),
(119, 'T6XOfOyK', 272, 14, 'hermawan tan', NULL, '081351442797', NULL, 0, 0, '2024-12-04 07:34:31', '2024-12-10 22:39:55'),
(120, '49WSKdto', 273, 14, 'Astri Priyani', NULL, '087847095388', NULL, 0, 0, '2024-12-04 08:44:58', '2024-12-10 22:39:55'),
(121, 'xgVE6PUl', 273, 14, 'Hasna Az-Zahra', NULL, '089653150425', NULL, 0, 0, '2024-12-04 08:44:58', '2024-12-10 22:39:55'),
(122, 'dAuwzfxv', 273, 14, 'Yumna Rifdatussalma', NULL, '08170106572', NULL, 0, 0, '2024-12-04 08:44:58', '2024-12-10 22:39:55'),
(123, '0FVvB9rS', 273, 14, 'Abizard Muhammad Faraz Raufa', NULL, '08170106572', NULL, 0, 0, '2024-12-04 08:44:58', '2024-12-10 22:39:55'),
(124, 'Lyf4tedR', 273, 14, 'Murdiansyah', NULL, '08170106572', NULL, 0, 0, '2024-12-04 08:44:58', '2024-12-10 22:39:55'),
(125, 'eZcpjD1m', 274, 14, 'Astri Priyani', NULL, '087847095388', NULL, 0, 0, '2024-12-04 08:45:03', '2024-12-10 22:39:55'),
(126, 'fETnPrNO', 274, 14, 'Hasna Az-Zahra', NULL, '089653150425', NULL, 0, 0, '2024-12-04 08:45:03', '2024-12-10 22:39:55'),
(127, 'hxZWcLZf', 274, 14, 'Yumna Rifdatussalma', NULL, '08170106572', NULL, 0, 0, '2024-12-04 08:45:03', '2024-12-10 22:39:55'),
(128, 'UttDGECg', 274, 14, 'Abizard Muhammad Faraz Raufa', NULL, '08170106572', NULL, 0, 0, '2024-12-04 08:45:03', '2024-12-10 22:39:55'),
(129, 'U0oShk9t', 274, 14, 'Murdiansyah', NULL, '08170106572', NULL, 0, 0, '2024-12-04 08:45:03', '2024-12-10 22:39:55'),
(130, 'rPnvtEKc', 275, 14, 'Astri Priyani', NULL, '087847095388', NULL, 0, 0, '2024-12-04 08:45:04', '2024-12-10 22:39:55'),
(131, 'idz6bIDB', 275, 14, 'Hasna Az-Zahra', NULL, '089653150425', NULL, 0, 0, '2024-12-04 08:45:04', '2024-12-10 22:39:55'),
(132, 'SQz0eQrF', 275, 14, 'Yumna Rifdatussalma', NULL, '08170106572', NULL, 0, 0, '2024-12-04 08:45:04', '2024-12-10 22:39:55'),
(133, 'dv2UlKLo', 275, 14, 'Abizard Muhammad Faraz Raufa', NULL, '08170106572', NULL, 0, 0, '2024-12-04 08:45:04', '2024-12-10 22:39:55'),
(134, '5PwPmEpw', 275, 14, 'Murdiansyah', NULL, '08170106572', NULL, 0, 0, '2024-12-04 08:45:04', '2024-12-10 22:39:55'),
(135, '12xVUsWb', 276, 14, 'Astri Priyani', NULL, '087847095388', NULL, 0, 0, '2024-12-04 08:45:05', '2024-12-10 22:39:55'),
(136, 'ErNfwwTY', 276, 14, 'Hasna Az-Zahra', NULL, '089653150425', NULL, 0, 0, '2024-12-04 08:45:05', '2024-12-10 22:39:55'),
(137, 'xWWBZKYf', 276, 14, 'Yumna Rifdatussalma', NULL, '08170106572', NULL, 0, 0, '2024-12-04 08:45:05', '2024-12-10 22:39:55'),
(138, '3fvo1z6n', 276, 14, 'Abizard Muhammad Faraz Raufa', NULL, '08170106572', NULL, 0, 0, '2024-12-04 08:45:05', '2024-12-10 22:39:55'),
(139, 'TuJ5kseC', 276, 14, 'Murdiansyah', NULL, '08170106572', NULL, 0, 0, '2024-12-04 08:45:05', '2024-12-10 22:39:55'),
(140, 'ROsVzCWD', 277, 14, 'Astri Priyani', NULL, '087847095388', NULL, 0, 0, '2024-12-04 08:45:05', '2024-12-10 22:39:55'),
(141, 'QwKXVxHU', 277, 14, 'Hasna Az-Zahra', NULL, '089653150425', NULL, 0, 0, '2024-12-04 08:45:05', '2024-12-10 22:39:55'),
(142, 'i0v81WS5', 277, 14, 'Yumna Rifdatussalma', NULL, '08170106572', NULL, 0, 0, '2024-12-04 08:45:05', '2024-12-10 22:39:55'),
(143, 'ixHIhyOb', 277, 14, 'Abizard Muhammad Faraz Raufa', NULL, '08170106572', NULL, 0, 0, '2024-12-04 08:45:05', '2024-12-10 22:39:55'),
(144, 'cJSGOU4P', 277, 14, 'Murdiansyah', NULL, '08170106572', NULL, 0, 0, '2024-12-04 08:45:05', '2024-12-10 22:39:55'),
(145, 'tkaPMkZx', 278, 14, 'Astri Priyani', NULL, '087847095388', NULL, 0, 0, '2024-12-04 08:45:08', '2024-12-10 22:39:55'),
(146, 'kTpYjpQA', 278, 14, 'Hasna Az-Zahra', NULL, '089653150425', NULL, 0, 0, '2024-12-04 08:45:08', '2024-12-10 22:39:55'),
(147, 'F2Z8L9gu', 278, 14, 'Yumna Rifdatussalma', NULL, '08170106572', NULL, 0, 0, '2024-12-04 08:45:08', '2024-12-10 22:39:55'),
(148, 'xCJQcHET', 278, 14, 'Abizard Muhammad Faraz Raufa', NULL, '08170106572', NULL, 0, 0, '2024-12-04 08:45:08', '2024-12-10 22:39:55'),
(149, 'Oa70Z2Yv', 278, 14, 'Murdiansyah', NULL, '08170106572', NULL, 0, 0, '2024-12-04 08:45:08', '2024-12-10 22:39:55'),
(150, 'Azm6srtl', 279, 14, 'Astri Priyani', NULL, '087847095388', NULL, 0, 0, '2024-12-04 08:45:10', '2024-12-10 22:39:55'),
(151, 'e8lcpYc8', 279, 14, 'Hasna Az-Zahra', NULL, '089653150425', NULL, 0, 0, '2024-12-04 08:45:10', '2024-12-10 22:39:55'),
(152, 'uVbMm6Ft', 279, 14, 'Yumna Rifdatussalma', NULL, '08170106572', NULL, 0, 0, '2024-12-04 08:45:10', '2024-12-10 22:39:55'),
(153, 'Je79vlH5', 279, 14, 'Abizard Muhammad Faraz Raufa', NULL, '08170106572', NULL, 0, 0, '2024-12-04 08:45:10', '2024-12-10 22:39:55'),
(154, '3jNu7TH2', 279, 14, 'Murdiansyah', NULL, '08170106572', NULL, 0, 0, '2024-12-04 08:45:10', '2024-12-10 22:39:55'),
(155, 'MQWWlUBv', 280, 14, 'Astri Priyani', NULL, '087847095388', NULL, 0, 0, '2024-12-04 08:45:11', '2024-12-10 22:39:55'),
(156, 'zVROHIed', 280, 14, 'Hasna Az-Zahra', NULL, '089653150425', NULL, 0, 0, '2024-12-04 08:45:11', '2024-12-10 22:39:55'),
(157, 'C434wpu9', 280, 14, 'Yumna Rifdatussalma', NULL, '08170106572', NULL, 0, 0, '2024-12-04 08:45:11', '2024-12-10 22:39:55'),
(158, '7l0ZoUOo', 280, 14, 'Abizard Muhammad Faraz Raufa', NULL, '08170106572', NULL, 0, 0, '2024-12-04 08:45:11', '2024-12-10 22:39:55'),
(159, 'klSQepU5', 280, 14, 'Murdiansyah', NULL, '08170106572', NULL, 0, 0, '2024-12-04 08:45:11', '2024-12-10 22:39:55'),
(160, 'FfXNy3We', 281, 14, 'Astri Priyani', NULL, '087847095388', NULL, 0, 0, '2024-12-04 08:45:11', '2024-12-10 22:39:55'),
(161, '21t66oK0', 281, 14, 'Hasna Az-Zahra', NULL, '089653150425', NULL, 0, 0, '2024-12-04 08:45:11', '2024-12-10 22:39:55'),
(162, 'H2nLBUTv', 281, 14, 'Yumna Rifdatussalma', NULL, '08170106572', NULL, 0, 0, '2024-12-04 08:45:11', '2024-12-10 22:39:55'),
(163, 'XDR8Khvo', 281, 14, 'Abizard Muhammad Faraz Raufa', NULL, '08170106572', NULL, 0, 0, '2024-12-04 08:45:11', '2024-12-10 22:39:55'),
(164, '2SKpFebN', 281, 14, 'Murdiansyah', NULL, '08170106572', NULL, 0, 0, '2024-12-04 08:45:11', '2024-12-10 22:39:55'),
(165, 'ToB5tSn9', 282, 14, 'Astri Priyani', NULL, '087847095388', NULL, 0, 0, '2024-12-04 08:45:12', '2024-12-10 22:39:55'),
(166, '3YFLMB7g', 282, 14, 'Hasna Az-Zahra', NULL, '089653150425', NULL, 0, 0, '2024-12-04 08:45:12', '2024-12-10 22:39:55'),
(167, 'tTnI3ObR', 282, 14, 'Yumna Rifdatussalma', NULL, '08170106572', NULL, 0, 0, '2024-12-04 08:45:12', '2024-12-10 22:39:55'),
(168, 'OfuXV34L', 282, 14, 'Abizard Muhammad Faraz Raufa', NULL, '08170106572', NULL, 0, 0, '2024-12-04 08:45:12', '2024-12-10 22:39:55'),
(169, 'Z6rImeFD', 282, 14, 'Murdiansyah', NULL, '08170106572', NULL, 0, 0, '2024-12-04 08:45:12', '2024-12-10 22:39:55'),
(170, 'pdEmdgAP', 283, 14, 'Astri Priyani', NULL, '087847095388', NULL, 0, 0, '2024-12-04 08:45:12', '2024-12-10 22:39:55'),
(171, 'oHNVaZ4R', 283, 14, 'Hasna Az-Zahra', NULL, '089653150425', NULL, 0, 0, '2024-12-04 08:45:12', '2024-12-10 22:39:55'),
(172, 'McTN652h', 283, 14, 'Yumna Rifdatussalma', NULL, '08170106572', NULL, 0, 0, '2024-12-04 08:45:12', '2024-12-10 22:39:55'),
(173, 'spG5fWfd', 283, 14, 'Abizard Muhammad Faraz Raufa', NULL, '08170106572', NULL, 0, 0, '2024-12-04 08:45:12', '2024-12-10 22:39:55'),
(174, '2BowvSnO', 283, 14, 'Murdiansyah', NULL, '08170106572', NULL, 0, 0, '2024-12-04 08:45:12', '2024-12-10 22:39:55'),
(175, 'snt3t870', 284, 14, 'Astri Priyani', NULL, '087847095388', NULL, 0, 0, '2024-12-04 08:45:12', '2024-12-10 22:39:55'),
(176, 'rGR2V25r', 284, 14, 'Hasna Az-Zahra', NULL, '089653150425', NULL, 0, 0, '2024-12-04 08:45:12', '2024-12-10 22:39:55'),
(177, 'XmchwcqT', 284, 14, 'Yumna Rifdatussalma', NULL, '08170106572', NULL, 0, 0, '2024-12-04 08:45:12', '2024-12-10 22:39:55'),
(178, 'qnXfzjDK', 284, 14, 'Abizard Muhammad Faraz Raufa', NULL, '08170106572', NULL, 0, 0, '2024-12-04 08:45:12', '2024-12-10 22:39:55'),
(179, 'U8KpSAN1', 284, 14, 'Murdiansyah', NULL, '08170106572', NULL, 0, 0, '2024-12-04 08:45:12', '2024-12-10 22:39:55'),
(180, '9KceV8Ri', 285, 14, 'Astri Priyani', NULL, '087847095388', NULL, 0, 0, '2024-12-04 08:45:12', '2024-12-10 22:39:55'),
(181, 'EMOzM17j', 285, 14, 'Hasna Az-Zahra', NULL, '089653150425', NULL, 0, 0, '2024-12-04 08:45:12', '2024-12-10 22:39:55'),
(182, 'QIu29lCe', 285, 14, 'Yumna Rifdatussalma', NULL, '08170106572', NULL, 0, 0, '2024-12-04 08:45:12', '2024-12-10 22:39:55'),
(183, 'sWrd8VZ5', 285, 14, 'Abizard Muhammad Faraz Raufa', NULL, '08170106572', NULL, 0, 0, '2024-12-04 08:45:12', '2024-12-10 22:39:55'),
(184, 'yMM6zent', 285, 14, 'Murdiansyah', NULL, '08170106572', NULL, 0, 0, '2024-12-04 08:45:12', '2024-12-10 22:39:55'),
(185, 'anUgU8mU', 286, 14, 'Astri Priyani', NULL, '087847095388', NULL, 0, 0, '2024-12-04 08:45:13', '2024-12-10 22:39:55'),
(186, 'IDCvRMKz', 286, 14, 'Hasna Az-Zahra', NULL, '089653150425', NULL, 0, 0, '2024-12-04 08:45:13', '2024-12-10 22:39:55'),
(187, 'DHMsZZpl', 286, 14, 'Yumna Rifdatussalma', NULL, '08170106572', NULL, 0, 0, '2024-12-04 08:45:13', '2024-12-10 22:39:55'),
(188, 'EmcionN2', 286, 14, 'Abizard Muhammad Faraz Raufa', NULL, '08170106572', NULL, 0, 0, '2024-12-04 08:45:13', '2024-12-10 22:39:55'),
(189, '7qwtGiZQ', 286, 14, 'Murdiansyah', NULL, '08170106572', NULL, 0, 0, '2024-12-04 08:45:13', '2024-12-10 22:39:55'),
(190, 'sFuTmiPc', 287, 14, 'Astri Priyani', NULL, '087847095388', NULL, 0, 0, '2024-12-04 08:45:13', '2024-12-10 22:39:55'),
(191, 'hvG0nK2O', 287, 14, 'Hasna Az-Zahra', NULL, '089653150425', NULL, 0, 0, '2024-12-04 08:45:13', '2024-12-10 22:39:55'),
(192, 'iHl7j7Dp', 287, 14, 'Yumna Rifdatussalma', NULL, '08170106572', NULL, 0, 0, '2024-12-04 08:45:13', '2024-12-10 22:39:55'),
(193, '6RKONxGH', 287, 14, 'Abizard Muhammad Faraz Raufa', NULL, '08170106572', NULL, 0, 0, '2024-12-04 08:45:13', '2024-12-10 22:39:55'),
(194, 'rLfnlFtS', 287, 14, 'Murdiansyah', NULL, '08170106572', NULL, 0, 0, '2024-12-04 08:45:13', '2024-12-10 22:39:55'),
(195, 'DqWpJe7y', 288, 14, 'Astri Priyani', NULL, '087847095388', NULL, 0, 0, '2024-12-04 08:45:14', '2024-12-04 08:45:14'),
(196, '7J9c4aGI', 288, 14, 'Hasna Az-Zahra', NULL, '089653150425', NULL, 0, 0, '2024-12-04 08:45:14', '2024-12-04 08:45:14'),
(197, 'LJkoC5wU', 288, 14, 'Yumna Rifdatussalma', NULL, '08170106572', NULL, 0, 0, '2024-12-04 08:45:14', '2024-12-04 08:45:14'),
(198, 'Mo52JiVT', 288, 14, 'Abizard Muhammad Faraz Raufa', NULL, '08170106572', NULL, 0, 0, '2024-12-04 08:45:14', '2024-12-04 08:45:14'),
(199, 'CXArcsnY', 288, 14, 'Murdiansyah', NULL, '08170106572', NULL, 0, 0, '2024-12-04 08:45:14', '2024-12-04 08:45:14'),
(200, 'tJy1Wuy3', 289, 14, 'Astri Priyani', NULL, '087847095388', NULL, 0, 0, '2024-12-04 08:45:14', '2024-12-10 22:39:55'),
(201, 'W5HWWuLf', 289, 14, 'Hasna Az-Zahra', NULL, '089653150425', NULL, 0, 0, '2024-12-04 08:45:14', '2024-12-10 22:39:55'),
(202, 'Be4UWk2D', 289, 14, 'Yumna Rifdatussalma', NULL, '08170106572', NULL, 0, 0, '2024-12-04 08:45:14', '2024-12-10 22:39:55'),
(203, 'cdOoI9DZ', 289, 14, 'Abizard Muhammad Faraz Raufa', NULL, '08170106572', NULL, 0, 0, '2024-12-04 08:45:14', '2024-12-10 22:39:55'),
(204, 'GctNyjKg', 289, 14, 'Murdiansyah', NULL, '08170106572', NULL, 0, 0, '2024-12-04 08:45:14', '2024-12-10 22:39:55'),
(205, 'xmD2aTyB', 290, 14, 'Astri Priyani', NULL, '087847095388', NULL, 0, 0, '2024-12-04 08:45:14', '2024-12-10 22:39:55'),
(206, 'slVcvjxq', 290, 14, 'Hasna Az-Zahra', NULL, '089653150425', NULL, 0, 0, '2024-12-04 08:45:14', '2024-12-10 22:39:55'),
(207, '8OhOobrm', 290, 14, 'Yumna Rifdatussalma', NULL, '08170106572', NULL, 0, 0, '2024-12-04 08:45:14', '2024-12-10 22:39:55'),
(208, 'NJumEegN', 290, 14, 'Abizard Muhammad Faraz Raufa', NULL, '08170106572', NULL, 0, 0, '2024-12-04 08:45:14', '2024-12-10 22:39:55'),
(209, 'YRuHSRic', 290, 14, 'Murdiansyah', NULL, '08170106572', NULL, 0, 0, '2024-12-04 08:45:14', '2024-12-10 22:39:55'),
(210, 'OYTCi1qa', 291, 14, 'Muhammad Rodhi', NULL, '085888451351', NULL, 0, 0, '2024-12-04 08:53:50', '2024-12-10 22:39:55'),
(211, 'cGAYiCHb', 292, 14, 'Muhammad Rodhi', NULL, '085888451351', NULL, 0, 0, '2024-12-04 08:53:52', '2024-12-10 22:39:55'),
(212, '5qsyubMn', 293, 14, 'Muhammad Rodhi', NULL, '085888451351', NULL, 0, 0, '2024-12-04 08:53:52', '2024-12-10 22:39:55'),
(213, 'tqIJ43l0', 294, 14, 'Muhammad Rodhi', NULL, '085888451351', NULL, 0, 0, '2024-12-04 08:53:53', '2024-12-10 22:39:55'),
(214, '4aox3Rso', 295, 14, 'Muhammad Rodhi', NULL, '085888451351', NULL, 0, 0, '2024-12-04 08:53:53', '2024-12-10 22:39:55'),
(215, 'FhF1qbLo', 296, 14, 'Muhammad Rodhi', NULL, '085888451351', NULL, 0, 0, '2024-12-04 08:53:53', '2024-12-10 22:39:55'),
(216, 'mwDFqjve', 297, 14, 'Muhammad Rodhi', NULL, '085888451351', NULL, 0, 0, '2024-12-04 08:53:53', '2024-12-10 22:39:55'),
(217, 'KlsqUdNu', 298, 14, 'Muhammad Rodhi', NULL, '085888451351', NULL, 0, 0, '2024-12-04 08:53:53', '2024-12-10 22:39:55'),
(218, 'xVu0BtOy', 299, 14, 'Muhammad Rodhi', NULL, '085888451351', NULL, 0, 0, '2024-12-04 08:53:58', '2024-12-04 08:53:58'),
(219, 'MgiwRJSX', 300, 14, 'Lathifah', NULL, '087847095388', NULL, 0, 0, '2024-12-04 14:23:54', '2024-12-10 22:39:55'),
(220, 'GP36SivD', 300, 14, 'Priyati', NULL, '087847095388', NULL, 0, 0, '2024-12-04 14:23:54', '2024-12-10 22:39:55'),
(221, 'IuIysA89', 301, 14, 'Lathifah', NULL, '087847095388', NULL, 0, 0, '2024-12-04 14:23:56', '2024-12-10 22:39:55'),
(222, 'OIXQ573i', 301, 14, 'Priyati', NULL, '087847095388', NULL, 0, 0, '2024-12-04 14:23:56', '2024-12-10 22:39:55'),
(223, 'lUHUPebk', 302, 14, 'Lathifah', NULL, '087847095388', NULL, 0, 0, '2024-12-04 14:23:58', '2024-12-10 22:39:55'),
(224, 'w324jS1p', 302, 14, 'Priyati', NULL, '087847095388', NULL, 0, 0, '2024-12-04 14:23:58', '2024-12-10 22:39:55'),
(225, 'A3928iUM', 303, 14, 'Lathifah', NULL, '087847095388', NULL, 0, 0, '2024-12-04 14:23:59', '2024-12-10 22:39:55'),
(226, 'i9WFAB02', 303, 14, 'Priyati', NULL, '087847095388', NULL, 0, 0, '2024-12-04 14:23:59', '2024-12-10 22:39:55'),
(227, 'RBkmwCZM', 304, 14, 'Lathifah', NULL, '087847095388', NULL, 0, 0, '2024-12-04 14:23:59', '2024-12-10 22:39:55'),
(228, 'QVB1Efj1', 304, 14, 'Priyati', NULL, '087847095388', NULL, 0, 0, '2024-12-04 14:23:59', '2024-12-10 22:39:55'),
(229, 'SG6y5n4t', 305, 14, 'Lathifah', NULL, '087847095388', NULL, 0, 0, '2024-12-04 14:24:00', '2024-12-04 14:24:00'),
(230, 'Lco2nRTH', 305, 14, 'Priyati', NULL, '087847095388', NULL, 0, 0, '2024-12-04 14:24:00', '2024-12-04 14:24:00'),
(231, 'oO0yiDvF', 306, 14, 'Lathifah', NULL, '087847095388', NULL, 0, 0, '2024-12-04 14:24:00', '2024-12-10 22:39:55'),
(232, 'EN1Daenh', 306, 14, 'Priyati', NULL, '087847095388', NULL, 0, 0, '2024-12-04 14:24:00', '2024-12-10 22:39:55'),
(233, 'LpbA5YnU', 307, 13, 'Emi Susanti', 'IUKLIN Shoap', '085271271383', NULL, 1, 0, '2024-12-04 16:39:06', '2024-12-04 16:39:06'),
(234, 'QzCSeC6u', 308, 14, 'Halimatus Sa\'diyah', NULL, '081389961205', NULL, 0, 0, '2024-12-04 18:42:20', '2024-12-04 18:42:20'),
(235, 'VL8rL3dN', 308, 14, 'Sholahuddin Al Ayyubi', NULL, '08561525050', NULL, 0, 0, '2024-12-04 18:42:20', '2024-12-04 18:42:20'),
(236, 'CgBLFZAO', 309, 14, 'Yunita', NULL, '081386584930', NULL, 0, 0, '2024-12-04 19:17:38', '2024-12-04 19:17:38'),
(237, 'VaUdaD8N', 309, 14, 'Muhammad Khoirul Azzam', NULL, '081386584930', NULL, 0, 0, '2024-12-04 19:17:38', '2024-12-04 19:17:38'),
(238, '7f8TwLED', 309, 14, 'Muhammad Azri Hanafi', NULL, '081386584930', NULL, 0, 0, '2024-12-04 19:17:38', '2024-12-04 19:17:38'),
(239, 'MhpGbEqD', 310, 14, 'Muthiah', NULL, '089644305996', NULL, 0, 0, '2024-12-04 19:18:59', '2024-12-10 22:39:55'),
(240, 'f46QWvcD', 311, 14, 'Muthiah', NULL, '089644305996', NULL, 0, 0, '2024-12-04 19:19:05', '2024-12-10 22:39:55'),
(241, 'jLoRp0Au', 312, 14, 'Muthiah', NULL, '089644305996', NULL, 0, 0, '2024-12-04 19:19:07', '2024-12-10 22:39:55'),
(242, 'XfoogfnG', 313, 14, 'Muthiah', NULL, '089644305996', NULL, 0, 0, '2024-12-04 19:19:08', '2024-12-10 22:39:55'),
(243, 'EOWfjPO7', 314, 14, 'Muthiah', NULL, '089644305996', NULL, 0, 0, '2024-12-04 19:19:08', '2024-12-10 22:39:55'),
(244, 'sxCAKDeo', 315, 14, 'Muthiah', NULL, '089644305996', NULL, 0, 0, '2024-12-04 19:19:08', '2024-12-10 22:39:55'),
(245, 'itV10MjJ', 316, 14, 'Muthiah', NULL, '089644305996', NULL, 0, 0, '2024-12-04 19:19:13', '2024-12-10 22:39:55'),
(246, 'LUlzj8Dg', 317, 14, 'Muthiah', NULL, '089644305996', NULL, 0, 0, '2024-12-04 19:19:15', '2024-12-10 22:39:55'),
(247, 'XlUQ8LJI', 318, 14, 'Muthiah', NULL, '089644305996', NULL, 0, 0, '2024-12-04 19:19:18', '2024-12-10 22:39:55'),
(248, 'w5MO8DpW', 319, 14, 'Muthiah', NULL, '089644305996', NULL, 0, 0, '2024-12-04 19:20:12', '2024-12-10 22:39:55'),
(249, 'L7LQMLHP', 320, 14, 'Muthiah', NULL, '089644305996', NULL, 0, 0, '2024-12-04 19:20:12', '2024-12-10 22:39:55'),
(250, 'qiPGMCBq', 321, 14, 'Muthiah', NULL, '089644305996', NULL, 0, 0, '2024-12-04 19:20:12', '2024-12-10 22:39:55'),
(251, 'V5bwdrop', 322, 14, 'Muthiah', NULL, '089644305996', NULL, 0, 0, '2024-12-04 19:20:12', '2024-12-10 22:39:55'),
(252, 'rmsYa8Lu', 323, 14, 'Muthiah', NULL, '089644305996', NULL, 0, 0, '2024-12-04 19:20:13', '2024-12-10 22:39:55'),
(253, 'zBBbofRS', 324, 14, 'Muthiah', NULL, '089644305996', NULL, 0, 0, '2024-12-04 19:20:13', '2024-12-10 22:39:55'),
(254, 'fgu0Se2R', 325, 14, 'Muthiah', NULL, '089644305996', NULL, 0, 0, '2024-12-04 19:20:13', '2024-12-10 22:39:55'),
(255, 'WK4XpkII', 326, 14, 'Muthiah', NULL, '089644305996', NULL, 0, 0, '2024-12-04 19:20:14', '2024-12-10 22:39:55'),
(256, 'ZHWyAyNS', 327, 14, 'Muthiah', NULL, '089644305996', NULL, 0, 0, '2024-12-04 19:20:14', '2024-12-10 22:39:55'),
(257, 'kkrXJLEf', 328, 14, 'Muthiah', NULL, '089644305996', NULL, 0, 0, '2024-12-04 19:20:14', '2024-12-10 22:39:55'),
(258, '4Ch6v5N5', 329, 14, 'Muthiah', NULL, '089644305996', NULL, 0, 0, '2024-12-04 19:20:14', '2024-12-10 22:39:55'),
(259, '8ZAZKsdi', 330, 14, 'Muthiah', NULL, '089644305996', NULL, 0, 0, '2024-12-04 19:20:17', '2024-12-10 22:39:55'),
(260, 'KoEbYUzT', 331, 14, 'Muthiah', NULL, '089644305996', NULL, 0, 0, '2024-12-04 19:20:17', '2024-12-10 22:39:55'),
(261, '6GJvVCwM', 332, 14, 'Muthiah', NULL, '089644305996', NULL, 0, 0, '2024-12-04 19:20:17', '2024-12-10 22:39:55'),
(262, '7i1CRDM4', 333, 14, 'Muthiah', NULL, '089644305996', NULL, 0, 0, '2024-12-04 19:20:18', '2024-12-10 22:39:55'),
(263, 'c7uhm5ej', 334, 14, 'Muthiah', NULL, '089644305996', NULL, 0, 0, '2024-12-04 19:20:18', '2024-12-10 22:39:55'),
(264, 's7tLpoGx', 335, 14, 'Muthiah', NULL, '089644305996', NULL, 0, 0, '2024-12-04 19:20:19', '2024-12-10 22:39:55'),
(265, 'Arl7SsUt', 336, 14, 'Muthiah', NULL, '089644305996', NULL, 0, 0, '2024-12-04 19:20:19', '2024-12-10 22:39:55'),
(266, 'AwDX8htt', 337, 14, 'Muthiah', NULL, '089644305996', NULL, 0, 0, '2024-12-04 19:20:19', '2024-12-10 22:39:55'),
(267, 'IqQOQBMa', 338, 14, 'Muthiah', NULL, '089644305996', NULL, 0, 0, '2024-12-04 19:21:07', '2024-12-04 19:21:07'),
(268, 'jgca4X0b', 339, 13, 'Wawan', 'asdfadsf', '0813', NULL, 0, 0, '2024-12-04 20:12:21', '2024-12-10 22:39:55'),
(269, '2vowBOv1', 340, 14, 'Hermawan Tan', NULL, '081351442797', NULL, 0, 0, '2024-12-04 20:12:56', '2024-12-10 22:39:55'),
(270, 'UcrOeuiJ', 341, 14, 'Hamidatun ni\'mah', NULL, '+62 878-3886-2816', NULL, 0, 0, '2024-12-04 20:19:31', '2024-12-10 22:39:55'),
(271, 'GIW17VyS', 341, 14, 'Ismail', NULL, '085216340342', NULL, 0, 0, '2024-12-04 20:19:31', '2024-12-10 22:39:55'),
(272, 'kReZx6uK', 342, 14, 'Hamidatun ni\'mah', NULL, '+62 878-3886-2816', NULL, 0, 0, '2024-12-04 20:19:34', '2024-12-10 22:39:55'),
(273, 'BWo91Hx2', 342, 14, 'Ismail', NULL, '085216340342', NULL, 0, 0, '2024-12-04 20:19:34', '2024-12-10 22:39:55'),
(274, 'G0rU6Tyo', 343, 14, 'Hamidatun ni\'mah', NULL, '+62 878-3886-2816', NULL, 0, 0, '2024-12-04 20:19:35', '2024-12-04 20:19:35'),
(275, 'W7xXKRXp', 343, 14, 'Ismail', NULL, '085216340342', NULL, 0, 0, '2024-12-04 20:19:35', '2024-12-04 20:19:35'),
(276, 'yIi9Tlr0', 344, 14, 'Gilang Silmaulidia', NULL, '085693009106', NULL, 0, 0, '2024-12-04 22:06:32', '2024-12-04 22:06:32'),
(277, 'OjXs2Vwb', 345, 14, 'Yulia', NULL, '085210807604', NULL, 0, 0, '2024-12-04 22:10:59', '2024-12-10 22:39:55'),
(278, '6FRFCQSQ', 346, 14, 'Yulia', NULL, '085210807604', NULL, 0, 0, '2024-12-04 22:11:02', '2024-12-10 22:39:55'),
(279, 'LsmrP8oP', 347, 14, 'Yulia', NULL, '085210807604', NULL, 0, 0, '2024-12-04 22:11:04', '2024-12-10 22:39:55'),
(280, '3B9EARm7', 348, 14, 'Yulia', NULL, '085210807604', NULL, 0, 0, '2024-12-04 22:11:05', '2024-12-10 22:39:55'),
(281, '3E6i4PYL', 349, 14, 'Yulia', NULL, '085210807604', NULL, 0, 0, '2024-12-04 22:11:05', '2024-12-10 22:39:55'),
(282, 'aBQQSROn', 350, 14, 'Yulia', NULL, '085210807604', NULL, 0, 0, '2024-12-04 22:11:06', '2024-12-10 22:39:55'),
(283, 'm4zqBmy1', 351, 14, 'Yulia', NULL, '085210807604', NULL, 0, 0, '2024-12-04 22:11:07', '2024-12-04 22:11:07'),
(284, 'wAofsMO2', 352, 14, 'Yulia', NULL, '085210807604', NULL, 0, 0, '2024-12-04 22:11:07', '2024-12-10 22:39:55'),
(285, 'EOoOhSLZ', 353, 14, 'Yani', NULL, '081293291618', NULL, 0, 0, '2024-12-04 22:14:40', '2024-12-04 22:14:40'),
(286, 'lNyJerSm', 354, 13, 'H. Girman, ST., MM', 'Mitra Printing', '081326013206', NULL, 1, 0, '2024-12-04 22:25:10', '2024-12-04 22:25:10'),
(287, 'NpDot6IW', 355, 14, 'Yulius Patimuri', NULL, '081586559280', NULL, 0, 0, '2024-12-04 22:37:45', '2024-12-10 22:39:55'),
(288, 'DfhtxFlt', 356, 14, 'Yulius Patimuri', NULL, '081586559280', NULL, 0, 0, '2024-12-04 22:37:46', '2024-12-10 22:39:55'),
(289, 'bfGZvJOE', 357, 14, 'Yulius Patimuri', NULL, '081586559280', NULL, 0, 0, '2024-12-04 22:37:48', '2024-12-04 22:37:48'),
(290, 'EeAxGf6b', 358, 14, 'Muh Ngatsori Widyanto', NULL, '081331609926', NULL, 0, 0, '2024-12-04 22:40:33', '2024-12-10 22:39:55'),
(291, 'pT5NR9Ik', 358, 14, 'Mulliyah', NULL, '+62 813-9964-6182', NULL, 0, 0, '2024-12-04 22:40:33', '2024-12-10 22:39:55'),
(292, '4GiJufgD', 359, 14, 'Nurhayati', NULL, '085693280962', NULL, 0, 0, '2024-12-04 22:52:58', '2024-12-04 22:52:58'),
(293, '6JBf2rdz', 359, 14, 'Djon Sarmaidi', NULL, '085692815176', NULL, 0, 0, '2024-12-04 22:52:58', '2024-12-04 22:52:58'),
(294, 'GQUrtEqm', 360, 14, 'Afifah Sholihah', NULL, '08170213108', NULL, 0, 0, '2024-12-04 23:07:17', '2024-12-10 22:39:55'),
(295, 'kmjhK4tB', 361, 14, 'Afifah Sholihah', NULL, '08170213108', NULL, 0, 0, '2024-12-04 23:07:20', '2024-12-10 22:39:55'),
(296, '2hpNirBx', 362, 14, 'Afifah Sholihah', NULL, '08170213108', NULL, 0, 0, '2024-12-04 23:07:22', '2024-12-10 22:39:55'),
(297, 'BgqljcgN', 363, 14, 'Afifah Sholihah', NULL, '08170213108', NULL, 0, 0, '2024-12-04 23:07:23', '2024-12-10 22:39:55'),
(298, 'pE4YU9rZ', 364, 14, 'Afifah Sholihah', NULL, '08170213108', NULL, 0, 0, '2024-12-04 23:07:29', '2024-12-10 22:39:55'),
(299, '97nghMtG', 365, 14, 'Afifah Sholihah', NULL, '08170213108', NULL, 0, 0, '2024-12-04 23:07:32', '2024-12-10 22:39:55'),
(300, 'oouv8Qkf', 366, 14, 'Afifah Sholihah', NULL, '08170213108', NULL, 0, 0, '2024-12-04 23:07:32', '2024-12-10 22:39:55'),
(301, 'feEGD1TU', 367, 14, 'Afifah Sholihah', NULL, '08170213108', NULL, 0, 0, '2024-12-04 23:07:32', '2024-12-10 22:39:55'),
(302, 'k5YXcCJB', 368, 14, 'Afifah Sholihah', NULL, '08170213108', NULL, 0, 0, '2024-12-04 23:07:33', '2024-12-04 23:07:33'),
(303, 'Ep4RgI8f', 369, 14, 'Afifah Sholihah', NULL, '08170213108', NULL, 0, 0, '2024-12-04 23:07:33', '2024-12-10 22:39:55'),
(304, 'F56BnZJV', 370, 14, 'Afifah Sholihah', NULL, '08170213108', NULL, 0, 0, '2024-12-04 23:07:33', '2024-12-10 22:39:55'),
(305, '8XwvexTF', 371, 14, 'Salsabila', NULL, '081617512703', NULL, 0, 0, '2024-12-04 23:07:56', '2024-12-04 23:07:56'),
(306, 'KVmWalIM', 372, 14, 'Juliati Tri Handayani', NULL, '085218489933', NULL, 0, 0, '2024-12-05 00:15:17', '2024-12-10 22:39:55'),
(307, 'X6TxOhrG', 372, 14, 'Fatimah Nur Fauziah', NULL, '082385406907', NULL, 0, 0, '2024-12-05 00:15:18', '2024-12-10 22:39:55'),
(308, 'rubdih47', 373, 14, 'Juliati Tri Handayani', NULL, '085218489933', NULL, 0, 0, '2024-12-05 00:15:26', '2024-12-10 22:39:55'),
(309, '8hdYwFqL', 373, 14, 'Fatimah Nur Fauziah', NULL, '082385406907', NULL, 0, 0, '2024-12-05 00:15:26', '2024-12-10 22:39:55'),
(310, 'sNtRHyRK', 374, 14, 'Juliati Tri Handayani', NULL, '085218489933', NULL, 0, 0, '2024-12-05 00:15:45', '2024-12-10 22:39:55'),
(311, 'CRLizf69', 374, 14, 'Fatimah Nur Fauziah', NULL, '082385406907', NULL, 0, 0, '2024-12-05 00:15:45', '2024-12-10 22:39:55'),
(312, 'D46FDAS3', 375, 14, 'Juliati Tri Handayani', NULL, '085218489933', NULL, 0, 0, '2024-12-05 00:15:47', '2024-12-10 22:39:55'),
(313, 'dciMbDfF', 375, 14, 'Fatimah Nur Fauziah', NULL, '082385406907', NULL, 0, 0, '2024-12-05 00:15:47', '2024-12-10 22:39:55'),
(314, '8clg7Tgz', 376, 14, 'Juliati Tri Handayani', NULL, '085218489933', NULL, 0, 0, '2024-12-05 00:15:48', '2024-12-10 22:39:55'),
(315, 'oqeWC7VL', 376, 14, 'Fatimah Nur Fauziah', NULL, '082385406907', NULL, 0, 0, '2024-12-05 00:15:48', '2024-12-10 22:39:55'),
(316, 's0bYdXiK', 377, 14, 'Juliati Tri Handayani', NULL, '085218489933', NULL, 0, 0, '2024-12-05 00:15:49', '2024-12-10 22:39:55'),
(317, 'znN96PtA', 377, 14, 'Fatimah Nur Fauziah', NULL, '082385406907', NULL, 0, 0, '2024-12-05 00:15:49', '2024-12-10 22:39:55'),
(318, 'FqfujFzV', 378, 14, 'Juliati Tri Handayani', NULL, '085218489933', NULL, 0, 0, '2024-12-05 00:15:50', '2024-12-10 22:39:55'),
(319, 'lYkhnXeD', 378, 14, 'Fatimah Nur Fauziah', NULL, '082385406907', NULL, 0, 0, '2024-12-05 00:15:50', '2024-12-10 22:39:55'),
(320, 'cyaCMH8L', 379, 14, 'Juliati Tri Handayani', NULL, '085218489933', NULL, 0, 0, '2024-12-05 00:15:53', '2024-12-05 00:15:53'),
(321, '1IVggPK8', 379, 14, 'Fatimah Nur Fauziah', NULL, '082385406907', NULL, 0, 0, '2024-12-05 00:15:53', '2024-12-05 00:15:53'),
(322, 'kQdmHD4d', 380, 13, 'Tedi Iswanto', 'PT. Inspirasi Berkah Mandiri (Jasa Pengelolaan Digital Marketing dan Sosial Media Marketing)', '081285526272', NULL, 1, 0, '2024-12-05 00:20:25', '2024-12-05 00:20:25'),
(323, 'jhxjVI38', 381, 14, 'Roy', NULL, '+62 856-7904-720', NULL, 0, 0, '2024-12-05 01:16:37', '2024-12-05 01:16:37'),
(324, 'IwYLjvQ4', 382, 13, 'Unang Supriadi (Kang Unang)', 'PT Bintang Seragam Indonesia', '081310533099', NULL, 1, 0, '2024-12-05 03:12:19', '2024-12-05 03:12:19'),
(325, 'NC9fXc8Y', 383, 14, 'Akhmad Arwyn Imamur Rozi', NULL, '085236798989', NULL, 0, 0, '2024-12-05 04:13:07', '2024-12-10 22:39:55'),
(326, 'lY9Ikb21', 384, 14, 'Akhmad Arwyn Imamur Rozi', NULL, '085236798989', NULL, 0, 0, '2024-12-05 04:13:08', '2024-12-05 04:13:08'),
(327, 'XyduTiFV', 385, 14, 'Zulrachmad Lonthor', NULL, '081281777118', NULL, 0, 0, '2024-12-05 04:45:48', '2024-12-05 04:45:48'),
(328, 'edn5FZcL', 386, 14, 'Septiawan', NULL, '081280121424', NULL, 0, 0, '2024-12-05 06:03:44', '2024-12-10 22:39:55'),
(329, 'gXwVDeQF', 387, 14, 'Septiawan', NULL, '081280121424', NULL, 0, 0, '2024-12-05 06:03:45', '2024-12-10 22:39:55'),
(330, 'dii8lnHn', 388, 14, 'Septiawan', NULL, '081280121424', NULL, 0, 0, '2024-12-05 06:03:45', '2024-12-10 22:39:55'),
(331, '7uLDcRmR', 389, 14, 'Septiawan', NULL, '081280121424', NULL, 0, 0, '2024-12-05 06:03:46', '2024-12-10 22:39:55'),
(332, 'nKDzVw5q', 390, 14, 'Septiawan', NULL, '081280121424', NULL, 0, 0, '2024-12-05 06:03:51', '2024-12-05 06:03:51'),
(333, 'mFq3uyxO', 391, 14, 'Nurnazilah Hikmah', NULL, '085773631126', NULL, 0, 0, '2024-12-05 06:46:53', '2024-12-05 06:46:53'),
(334, 'wiWiH97A', 392, 14, 'Diyah', NULL, '085717788125', NULL, 0, 0, '2024-12-05 08:04:56', '2024-12-10 22:39:55'),
(335, 'iH6LzYaZ', 393, 14, 'Diyah', NULL, '085717788125', NULL, 0, 0, '2024-12-05 08:04:59', '2024-12-10 22:39:55'),
(336, 'iDjcQwAY', 394, 14, 'Diyah', NULL, '085717788125', NULL, 0, 0, '2024-12-05 08:05:03', '2024-12-05 08:05:03'),
(337, 'k0T5dr6c', 395, 14, 'Yatia yacuh achir', NULL, '08979252358', NULL, 0, 0, '2024-12-05 18:32:47', '2024-12-10 22:39:55'),
(338, 'BMNR7evx', 396, 14, 'Yatia yacuh achir', NULL, '08979252358', NULL, 0, 0, '2024-12-05 18:32:47', '2024-12-10 22:39:55'),
(339, 'lvOya1Ti', 397, 14, 'Yatia yacuh achir', NULL, '08979252358', NULL, 0, 0, '2024-12-05 18:33:01', '2024-12-05 18:33:01'),
(340, 'sxAlpUGh', 398, 14, 'Erna sutiyana', NULL, '08568886475', NULL, 0, 0, '2024-12-05 19:58:45', '2024-12-05 19:58:45'),
(341, 'EXnbuswH', 398, 14, 'Lalii hadiyati', NULL, '087832858701', NULL, 0, 0, '2024-12-05 19:58:45', '2024-12-05 19:58:45'),
(342, 'Ipc9e5Oh', 398, 14, 'Isnani', NULL, '082220466510', NULL, 0, 0, '2024-12-05 19:58:45', '2024-12-05 19:58:45'),
(343, '5hLmJ5pZ', 398, 14, 'Amaliasari', NULL, '085810442601', NULL, 0, 0, '2024-12-05 19:58:45', '2024-12-05 19:58:45'),
(344, 'CboLX1yQ', 398, 14, 'Siti rohana', NULL, '087777752254', NULL, 0, 0, '2024-12-05 19:58:45', '2024-12-05 19:58:45'),
(345, '4VpoaTw2', 399, 13, 'selaras edukasi', 'sae indotama', '082214562888', NULL, 1, 0, '2024-12-05 20:09:08', '2024-12-05 20:09:08'),
(346, 'vJo79aZ6', 400, 14, 'SATRIA MUTAQIN', NULL, '088213483069', NULL, 0, 0, '2024-12-05 20:17:34', '2024-12-05 20:17:34'),
(347, 'fowhjgQh', 401, 13, 'Yesineba', 'PT Hadeka - Hidro Daya Kinerja', '08112240921', NULL, 0, 0, '2024-12-05 20:21:13', '2024-12-05 20:21:13'),
(348, 'fRuzO2gL', 402, 14, 'Maya Dini', NULL, '085283583654', NULL, 0, 0, '2024-12-05 21:04:06', '2024-12-10 22:39:55'),
(349, 'KTseUjd2', 403, 14, 'Rika Haryati Agustini', NULL, '081318541011', NULL, 0, 0, '2024-12-05 21:44:15', '2024-12-05 21:44:15'),
(350, 'g5xaRlzr', 404, 14, 'Unayah', NULL, '085591912782', NULL, 0, 0, '2024-12-05 21:44:52', '2024-12-05 21:44:52'),
(351, 'dQlYMq7x', 405, 14, 'Maya Dini', NULL, '085283583654', NULL, 0, 0, '2024-12-05 22:05:07', '2024-12-05 22:05:07'),
(352, 'KM11Y41m', 406, 14, 'Joko Handoyo', NULL, '087885293247', NULL, 0, 0, '2024-12-05 22:25:23', '2024-12-05 22:25:23'),
(353, 'dovLcP9G', 406, 14, 'Devina', NULL, '08568725502', NULL, 0, 0, '2024-12-05 22:25:23', '2024-12-05 22:25:23'),
(354, 'GA5HEVIT', 406, 14, 'ruzain', NULL, '087885293247', NULL, 0, 0, '2024-12-05 22:25:23', '2024-12-05 22:25:23'),
(355, 'nYuaOrdA', 407, 14, 'Utami Siti Umayah', NULL, '089681676250', NULL, 0, 0, '2024-12-05 22:47:57', '2024-12-10 22:39:55'),
(356, 'sCscDwas', 407, 14, 'Neng Siti Fatimah', NULL, '089681676250', NULL, 0, 0, '2024-12-05 22:47:57', '2024-12-10 22:39:55'),
(357, '7C968pqv', 408, 14, 'Utami Siti Umayah', NULL, '089681676250', NULL, 0, 0, '2024-12-05 22:47:58', '2024-12-10 22:39:55'),
(358, 'Her8tsXl', 408, 14, 'Neng Siti Fatimah', NULL, '089681676250', NULL, 0, 0, '2024-12-05 22:47:58', '2024-12-10 22:39:55'),
(359, '1I2okSjj', 409, 14, 'Utami Siti Umayah', NULL, '089681676250', NULL, 0, 0, '2024-12-05 22:47:59', '2024-12-10 22:39:55'),
(360, 'KKlvjB8M', 409, 14, 'Neng Siti Fatimah', NULL, '089681676250', NULL, 0, 0, '2024-12-05 22:47:59', '2024-12-10 22:39:55'),
(361, 'e2Opwt3c', 410, 14, 'Utami Siti Umayah', NULL, '089681676250', NULL, 0, 0, '2024-12-05 22:48:05', '2024-12-10 22:39:55'),
(362, 'jHAq7msd', 410, 14, 'Neng Siti Fatimah', NULL, '089681676250', NULL, 0, 0, '2024-12-05 22:48:05', '2024-12-10 22:39:55'),
(363, 'HEwOLXxo', 411, 14, 'Utami Siti Umayah', NULL, '089681676250', NULL, 0, 0, '2024-12-05 22:48:06', '2024-12-05 22:48:06'),
(364, 'kXIzWfdN', 411, 14, 'Neng Siti Fatimah', NULL, '089681676250', NULL, 0, 0, '2024-12-05 22:48:06', '2024-12-05 22:48:06'),
(365, 'tOOwwCgw', 412, 14, 'Dina Karmila', NULL, '08128154018', NULL, 0, 0, '2024-12-06 02:23:59', '2024-12-06 02:23:59'),
(366, '7x5dlpPw', 412, 14, 'Musa Abdillah', NULL, '0817789464', NULL, 0, 0, '2024-12-06 02:23:59', '2024-12-06 02:23:59'),
(367, '7rOdFYYi', 412, 14, 'Yurnita', NULL, '085883160218', NULL, 0, 0, '2024-12-06 02:23:59', '2024-12-06 02:23:59'),
(368, 'eCvKAog2', 412, 14, 'Femilia', NULL, '081288719722', NULL, 0, 0, '2024-12-06 02:23:59', '2024-12-06 02:23:59'),
(369, '35QWDvgD', 412, 14, 'Nila trestianty', NULL, '08129710989', NULL, 0, 0, '2024-12-06 02:23:59', '2024-12-06 02:23:59'),
(370, 'cORJrnvf', 413, 13, 'Asep Budiawan', 'Robbani Motor', '8122226451', NULL, 1, 0, '2024-12-07 02:49:59', '2024-12-07 02:49:59'),
(371, '1ljptljQ', 414, 13, 'Akhmad Arwyn Imamur Rozi', 'PT Ryguh Mandiri Inovasi', '085236798989', NULL, 0, 0, '2024-12-07 03:36:23', '2024-12-07 03:36:23'),
(372, 'RLookDn2', 416, 10, 'Muhammad Ad-durroh Mubarok', 'PT Solusi Karya Terdepan (SIKRAN)', '08979195660', NULL, 0, 0, '2024-12-07 12:23:48', '2024-12-07 12:23:48'),
(373, 'ULOcbAt9', 417, 8, 'Muhammad Ad-durroh Mubarok', 'PT Solusi Karya Terdepan (SIKRAN)', '08979195660', NULL, 1, 0, '2024-12-07 12:25:00', '2024-12-07 12:25:00'),
(374, 'XtmKeZem', 418, 11, 'Muhammad Ad-durroh Mubarok', 'PT Solusi Karya Terdepan (SIKRAN)', '08979195660', NULL, 1, 0, '2024-12-07 12:25:57', '2024-12-07 12:25:57'),
(375, 'vs7w5rea', 419, 13, 'Ani Hanifah', 'We bpp', '08164645070', NULL, 0, 0, '2024-12-07 21:06:49', '2024-12-07 21:06:49'),
(376, 'YVpYKcSg', 419, 13, 'Any tri hendarini', 'We bpp', '08158722484', NULL, 1, 0, '2024-12-07 21:06:49', '2024-12-07 21:06:49'),
(377, '3rlstJm5', 419, 13, 'Hasbi', 'Genpro kab sukabumi', '085723674473', NULL, 1, 0, '2024-12-07 21:06:49', '2024-12-07 21:06:49'),
(378, 'kXmKLC1l', 420, 13, 'Muhammad Naufal', 'SINTASI', '08991337413', NULL, 1, 0, '2024-12-08 01:52:21', '2024-12-10 22:39:55'),
(379, 'AVZ2CR4X', 421, 13, 'Muhammad Naufal', 'SINTASI', '08991337413', NULL, 1, 0, '2024-12-08 01:52:23', '2024-12-08 01:52:23'),
(380, 'DqKZmyxD', 422, 13, 'Muhammad Naufal', 'SINTASI', '08991337413', NULL, 1, 0, '2024-12-08 01:52:30', '2024-12-08 01:52:30'),
(381, 'R6cNCFOz', 423, 13, 'Muhammad Naufal', 'SINTASI', '08991337413', NULL, 1, 0, '2024-12-08 01:52:34', '2024-12-08 01:52:34'),
(382, 'T52adAvL', 424, 13, 'Muhammad Naufal', 'SINTASI', '08991337413', NULL, 1, 0, '2024-12-08 01:52:36', '2024-12-08 01:52:36'),
(383, 'xIuZUljt', 425, 13, 'Muhammad Naufal', 'SINTASI', '08991337413', NULL, 1, 0, '2024-12-08 01:52:41', '2024-12-08 01:52:41'),
(384, 'DxGGZWVm', 426, 13, 'Muhammad Naufal', 'SINTASI', '08991337413', NULL, 1, 0, '2024-12-08 01:52:43', '2024-12-08 01:52:43');
INSERT INTO `ticket_transaction` (`id`, `invoice`, `transaction_id`, `ticket_id`, `name`, `business_name`, `phone`, `document`, `business_matching`, `attend`, `created_at`, `updated_at`) VALUES
(385, 'AO2dpzUi', 427, 13, 'Muhammad Naufal', 'SINTASI', '08991337413', NULL, 1, 0, '2024-12-08 01:52:47', '2024-12-08 01:52:47'),
(386, '5ZBJKxE7', 428, 13, 'Muhammad Naufal', 'SINTASI', '08991337413', NULL, 1, 0, '2024-12-08 01:52:52', '2024-12-08 01:52:52'),
(387, 'Sh5bp1xv', 429, 13, 'Muhammad Naufal', 'SINTASI', '08991337413', NULL, 1, 0, '2024-12-08 02:06:54', '2024-12-08 02:06:54'),
(388, 'YMxptm3c', 430, 13, 'Hermawan Tan', 'Testing', '081351442797', NULL, 1, 0, '2024-12-08 02:08:54', '2024-12-11 17:07:13'),
(389, 'v2WpmzfI', 431, 13, 'Hermawan Tan', 'Testing', '081351442797', NULL, 0, 0, '2024-12-08 02:08:57', '2024-12-08 02:08:57'),
(390, 'TRX-GILS3B6D', 432, 13, 'Wartono', 'Genpro chapter yogyakarta', '085799927274', NULL, 1, 0, '2024-12-08 03:02:44', '2024-12-08 03:02:44'),
(391, 'TRX-QDGY2WML', 433, 13, 'Ismiyati', 'Serumpun collection', '081229715187', NULL, 1, 0, '2024-12-08 07:39:45', '2024-12-08 07:39:45'),
(392, 'TRX-LEE58YG7', 433, 13, 'Supriyati', 'Serumpun collection', '081341712721', NULL, 1, 0, '2024-12-08 07:39:45', '2024-12-08 07:39:45'),
(393, 'TRX-IVNXRU4Q', 434, 14, 'Muhamad Ikhsan Ariestia', NULL, '081211687618', NULL, 0, 0, '2024-12-08 18:36:38', '2024-12-10 22:39:55'),
(394, 'TRX-1FKPZMNG', 435, 14, 'Muhamad Ikhsan Ariestia', NULL, '081211687618', NULL, 0, 0, '2024-12-08 18:36:52', '2024-12-10 22:39:55'),
(395, 'TRX-AJCLVKX3', 436, 14, 'Muhamad Ikhsan Ariestia', NULL, '081211687618', NULL, 0, 0, '2024-12-08 18:36:55', '2024-12-08 18:36:55'),
(396, 'TRX-ZYJQBM2Z', 437, 13, 'Takdir Doa', NULL, NULL, NULL, 0, 0, '2024-12-08 22:32:20', '2024-12-08 22:32:20'),
(397, 'TRX-OQGFLMP7', 438, 13, 'Tanty Era putri', NULL, NULL, NULL, 0, 0, '2024-12-08 22:33:17', '2024-12-08 22:33:17'),
(398, 'TRX-IRLAO4DT', 439, 13, 'Mursyid Naufal', NULL, NULL, NULL, 0, 1, '2024-12-08 22:35:02', '2024-12-10 22:00:06'),
(399, 'TRX-MW9HTORD', 440, 14, 'Muhammad Mursid Naufal', NULL, '08991337413', NULL, 0, 0, '2024-12-08 22:45:04', '2024-12-10 22:39:55'),
(400, 'TRX-CWWPQBTL', 441, 14, 'Muhammad Mursid Naufal', NULL, '08991337413', NULL, 0, 0, '2024-12-08 22:45:06', '2024-12-10 22:39:55'),
(401, 'TRX-7MOO7KTG', 442, 14, 'Evie safariyah', NULL, '085773781232', NULL, 0, 0, '2024-12-08 23:53:28', '2024-12-08 23:53:28'),
(402, 'TRX-CYJLVD5I', 442, 14, 'Heru', NULL, '081511570257', NULL, 0, 0, '2024-12-08 23:53:28', '2024-12-08 23:53:28'),
(403, 'TRX-OQRDIJRL', 443, 14, 'Muhammad Kuwat Prasetyo', NULL, '081293114040', NULL, 0, 0, '2024-12-09 00:37:06', '2024-12-10 22:39:55'),
(404, 'TRX-YW4LNNVQ', 443, 14, 'Sri Haryanti', NULL, '085883568808', NULL, 0, 0, '2024-12-09 00:37:06', '2024-12-10 22:39:55'),
(405, 'TRX-4BLZCMWF', 443, 14, 'M. Asyqar Rizqullah Prasetyo', NULL, '085894575886', NULL, 0, 0, '2024-12-09 00:37:06', '2024-12-10 22:39:55'),
(406, 'TRX-7AXVG59N', 443, 14, 'Setyo Margono', NULL, '085782115414', NULL, 0, 0, '2024-12-09 00:37:06', '2024-12-10 22:39:55'),
(407, 'TRX-A4Y7AZOA', 444, 14, 'Muhammad Kuwat Prasetyo', NULL, '081293114040', NULL, 0, 0, '2024-12-09 00:37:08', '2024-12-09 00:37:08'),
(408, 'TRX-NCEZAB1M', 444, 14, 'Sri Haryanti', NULL, '085883568808', NULL, 0, 0, '2024-12-09 00:37:08', '2024-12-09 00:37:08'),
(409, 'TRX-NFZZJACY', 444, 14, 'M. Asyqar Rizqullah Prasetyo', NULL, '085894575886', NULL, 0, 0, '2024-12-09 00:37:08', '2024-12-09 00:37:08'),
(410, 'TRX-V5AU8YAC', 444, 14, 'Setyo Margono', NULL, '085782115414', NULL, 0, 0, '2024-12-09 00:37:08', '2024-12-09 00:37:08'),
(411, 'TRX-ZWT3146K', 445, 14, 'Umu Kalsum', NULL, '087888601214', NULL, 0, 0, '2024-12-09 02:01:03', '2024-12-10 22:39:55'),
(412, 'TRX-2XDMVFII', 446, 14, 'Umu Kalsum', NULL, '087888601214', NULL, 0, 0, '2024-12-09 02:01:06', '2024-12-09 02:01:06'),
(413, 'TRX-VSPPOYRF', 447, 14, 'fatmawati', NULL, '081510119236', NULL, 0, 0, '2024-12-09 04:46:47', '2024-12-09 04:46:47'),
(414, 'TRX-OFUOLWNZ', 447, 14, 'anna maulina', NULL, '08561712449', NULL, 0, 0, '2024-12-09 04:46:47', '2024-12-09 04:46:47'),
(415, 'TRX-QQDWSBJU', 447, 14, 'aziz', NULL, '08558873611', NULL, 0, 0, '2024-12-09 04:46:47', '2024-12-09 04:46:47'),
(416, 'TRX-1EIGFFOC', 447, 14, 'usmiyati', NULL, '085939494646', NULL, 0, 0, '2024-12-09 04:46:47', '2024-12-09 04:46:47'),
(417, 'TRX-IZFHPGHZ', 447, 14, 'upik', NULL, '0895325506549', NULL, 0, 0, '2024-12-09 04:46:47', '2024-12-09 04:46:47'),
(418, 'TRX-XZ9QKLEG', 447, 14, 'endah', NULL, '083870805330', NULL, 0, 0, '2024-12-09 04:46:47', '2024-12-09 04:46:47'),
(419, 'TRX-K75GBGFI', 447, 14, 'muryati', NULL, '085711742061', NULL, 0, 0, '2024-12-09 04:46:47', '2024-12-09 04:46:47'),
(420, 'TRX-KTWKN1CD', 447, 14, 'mecca', NULL, '081292617530', NULL, 0, 0, '2024-12-09 04:46:47', '2024-12-09 04:46:47'),
(421, 'TRX-TJ38QMGT', 447, 14, 'syaipul', NULL, '081292617530', NULL, 0, 0, '2024-12-09 04:46:47', '2024-12-09 04:46:47'),
(422, 'TRX-J24MNZYX', 447, 14, 'virza', NULL, '081934198405', NULL, 0, 0, '2024-12-09 04:46:47', '2024-12-09 04:46:47'),
(423, 'TRX-UKJASFEF', 448, 13, 'Muhammad Aldhira Anbiyaa P', 'Rumah Ihram Adhwatex', '081234576852', NULL, 1, 0, '2024-12-09 07:07:21', '2024-12-09 07:07:21'),
(424, 'TRX-9UBMVSPO', 449, 14, 'Ari Ahmayeni', NULL, '08568004908', NULL, 0, 0, '2024-12-09 07:41:59', '2024-12-10 22:39:55'),
(425, 'TRX-57GKWUUG', 449, 14, 'Harri Septriyadi', NULL, '081287670931', NULL, 0, 0, '2024-12-09 07:41:59', '2024-12-10 22:39:55'),
(426, 'TRX-QC2SEYWN', 450, 14, 'Ari Ahmayeni', NULL, '08568004908', NULL, 0, 0, '2024-12-09 07:42:01', '2024-12-10 22:39:55'),
(427, 'TRX-HPBXMSY7', 450, 14, 'Harri Septriyadi', NULL, '081287670931', NULL, 0, 0, '2024-12-09 07:42:01', '2024-12-10 22:39:55'),
(428, 'TRX-QBFDEGEX', 451, 14, 'Ari Ahmayeni', NULL, '08568004908', NULL, 0, 0, '2024-12-09 07:42:07', '2024-12-09 07:42:07'),
(429, 'TRX-FRQX56GU', 451, 14, 'Harri Septriyadi', NULL, '081287670931', NULL, 0, 0, '2024-12-09 07:42:07', '2024-12-09 07:42:07'),
(430, 'TRX-TZ9NPBZ6', 452, 14, 'Nonot Suhartono', NULL, '08123406551', NULL, 0, 0, '2024-12-09 17:04:35', '2024-12-10 22:39:55'),
(431, 'TRX-XB6HBCIK', 452, 14, 'Heriana Martawati', NULL, '085259537400', NULL, 0, 0, '2024-12-09 17:04:35', '2024-12-10 22:39:55'),
(432, 'TRX-AAGGQ6UR', 453, 14, 'Nonot Suhartono', NULL, '08123406551', NULL, 0, 0, '2024-12-09 17:04:37', '2024-12-09 17:04:37'),
(433, 'TRX-V21XQGMX', 453, 14, 'Heriana Martawati', NULL, '085259537400', NULL, 0, 0, '2024-12-09 17:04:37', '2024-12-09 17:04:37'),
(434, 'TRX-GAE7VZFL', 454, 13, 'Zulkarnaen Jafar', 'Master EO', '085260985000', NULL, 1, 0, '2024-12-09 17:07:03', '2024-12-09 17:07:03'),
(435, 'TRX-G5Q7ESPK', 455, 13, 'Eka Rizkina', 'Griya Sheeka', '085260530537', NULL, 1, 0, '2024-12-09 17:45:48', '2024-12-09 17:45:48'),
(436, 'TRX-PYEEOTFX', 456, 14, 'Andi Fachmi', NULL, '082349909905', NULL, 0, 0, '2024-12-09 18:42:13', '2024-12-10 22:39:55'),
(437, 'TRX-KSPZIS2V', 457, 14, 'Andi Fachmi', NULL, '082349909905', NULL, 0, 0, '2024-12-09 18:42:15', '2024-12-09 18:42:15'),
(438, 'TRX-LHHN5L9V', 458, 13, 'Hanan Tsabitah', 'Natura Dental Center', '6282210033107', NULL, 1, 0, '2024-12-09 19:09:06', '2024-12-09 19:09:06'),
(439, 'TRX-HIAVKLY6', 458, 13, 'Aris Permana', 'Natura Dental Center', '087782263737', NULL, 1, 0, '2024-12-09 19:09:06', '2024-12-09 19:09:06'),
(440, 'TRX-JTSP1C5U', 458, 13, 'Nin Miryanti', 'Natura Dental Center', '087782263733', NULL, 1, 0, '2024-12-09 19:09:06', '2024-12-09 19:09:06'),
(441, 'TRX-HRWKMQMU', 458, 13, 'Muhammad Naufal Harits', 'Formula Capital', '085771882750', NULL, 1, 0, '2024-12-09 19:09:06', '2024-12-09 19:09:06'),
(442, 'TRX-PCH61AXQ', 459, 14, 'M Haden aulia husen', NULL, '087879999440', NULL, 0, 0, '2024-12-09 19:16:24', '2024-12-10 22:39:55'),
(443, 'TRX-9NETMD7G', 459, 14, 'Saad abdalah', NULL, '0812843440608', NULL, 0, 0, '2024-12-09 19:16:24', '2024-12-10 22:39:55'),
(444, 'TRX-EEQDTFNS', 460, 14, 'M Haden aulia husen', NULL, '087879999440', NULL, 0, 0, '2024-12-09 19:16:26', '2024-12-10 22:39:55'),
(445, 'TRX-VEL8PLUT', 460, 14, 'Saad abdalah', NULL, '0812843440608', NULL, 0, 0, '2024-12-09 19:16:26', '2024-12-10 22:39:55'),
(446, 'TRX-Z8DMUMCM', 461, 14, 'Ujang Kurniawan', NULL, '081399999450', NULL, 0, 0, '2024-12-09 19:21:33', '2024-12-09 19:21:33'),
(447, 'TRX-TYFOSRYH', 462, 13, 'Andi Budiman', 'Katering', '082161422445', NULL, 1, 0, '2024-12-09 21:41:29', '2024-12-09 21:41:29'),
(448, 'TRX-UGP6FTVZ', 462, 13, 'Rasmanudin H. Rahamin, SE', 'Pengusaha Pakaian', '081377066488', NULL, 1, 0, '2024-12-09 21:41:29', '2024-12-09 21:41:29'),
(449, 'TRX-GHNKQQOD', 464, 13, 'Moh Romli', 'Pt.kita lima bersaudara', '081250001030', NULL, 0, 0, '2024-12-10 01:10:34', '2024-12-10 01:10:34'),
(450, 'TRX-IARK3E1G', 465, 13, 'Moh Romli', 'Pt.kita lima bersaudara', '081250001030', NULL, 0, 0, '2024-12-10 01:16:23', '2024-12-10 01:16:23'),
(451, 'TRX-3HZUVOWE', 466, 13, 'Faris Fanani', 'PT Mandala Manajemen Indonesia', '62816661609', NULL, 1, 0, '2024-12-10 02:48:00', '2024-12-10 02:48:00'),
(452, 'TRX-TZB2Q5G3', 467, 13, 'Faris Fanani', 'PT Mandala Manajemen Indonesia', '62816661609', NULL, 1, 0, '2024-12-10 02:49:56', '2024-12-10 02:49:56'),
(453, 'TRX-K7JLHFYO', 468, 14, 'Fery Marianty', NULL, '+6289514951250', NULL, 0, 0, '2024-12-10 05:05:35', '2024-12-10 05:05:35'),
(454, 'TRX-TACC7IXB', 469, 14, 'Ahmad Syihan Ismail', NULL, '081318503772', NULL, 0, 0, '2024-12-10 06:36:59', '2024-12-10 06:36:59'),
(455, 'TRX-ZYHSGZIX', 469, 14, 'Rizky Fathoni', NULL, '+62 815-6778-4155', NULL, 0, 0, '2024-12-10 06:36:59', '2024-12-10 06:36:59'),
(456, 'TRX-RK3QPJ1G', 469, 14, 'Fahmi', NULL, '+62 823-4990-9905', NULL, 0, 0, '2024-12-10 06:36:59', '2024-12-10 06:36:59'),
(457, 'TRX-0ZDK8AJ6', 469, 14, 'Dudi', NULL, '+62 858-8867-6867', NULL, 0, 0, '2024-12-10 06:36:59', '2024-12-10 06:36:59'),
(458, 'TRX-MC2HIOIJ', 470, 13, 'Tri Pujiyadi', 'Genpro', '08119840657', NULL, 1, 0, '2024-12-10 06:42:40', '2024-12-10 06:42:40'),
(459, 'TRX-4JT0ANTB', 471, 13, 'AFIFAH KHANSA AMANI', 'Genpro DKI Utara', '082125069310', NULL, 1, 0, '2024-12-10 06:48:41', '2024-12-10 06:48:41'),
(460, 'TRX-VWROIP1T', 472, 13, 'AFIFAH KHANSA AMANI', 'Genpro DKI Utara', '082125069310', NULL, 1, 0, '2024-12-10 06:48:43', '2024-12-10 06:48:43'),
(461, 'TRX-XR5QQYPC', 473, 13, 'AFIFAH KHANSA AMANI', 'Genpro DKI Utara', '082125069310', NULL, 1, 0, '2024-12-10 06:48:48', '2024-12-10 06:48:48'),
(462, 'TRX-BUNTA9HE', 474, 13, 'Wahid Suharto', 'Jati perabot', '081314946401', NULL, 1, 0, '2024-12-10 07:07:55', '2024-12-10 07:07:55'),
(463, 'TRX-UTX2IDQE', 475, 14, 'Muhammad Kurniawan S Sos', NULL, '08561199491', NULL, 0, 0, '2024-12-10 17:15:21', '2024-12-10 17:15:21'),
(464, 'TRX-YRI4RBZF', 476, 13, 'Yudi Rojab Hidayat', 'MauMau Bakery', '081282695811', NULL, 1, 0, '2024-12-10 17:49:42', '2024-12-10 17:49:42'),
(465, 'TRX-F36AYJ6G', 476, 13, 'Yuyun Indayani', 'Al Fath Umroh', '082176077691', NULL, 1, 0, '2024-12-10 17:49:42', '2024-12-10 17:49:42'),
(466, 'TRX-U5W3LOXE', 477, 13, 'Yudi Rojab Hidayat', 'MauMau Bakery', '081282695811', NULL, 1, 0, '2024-12-10 17:49:47', '2024-12-10 17:49:47'),
(467, 'TRX-CNHQKZJ2', 477, 13, 'Yuyun Indayani', 'Al Fath Umroh', '082176077691', NULL, 1, 0, '2024-12-10 17:49:47', '2024-12-10 17:49:47'),
(468, 'TRX-TBGE6QDQ', 478, 13, 'Cut Kemala Handayani', 'Genpro Chapter Kota Bekasi (WE)', '087888467889', NULL, 1, 0, '2024-12-10 18:43:23', '2024-12-10 18:43:23'),
(469, 'TRX-SPXZIPWX', 479, 13, 'Ihsanudin', 'Genpro', '0', NULL, 1, 0, '2024-12-10 20:41:24', '2024-12-10 22:39:55'),
(470, 'TRX-QVU6ZZH0', 480, 13, 'Ihsanudin', 'Genpro', '0', NULL, 1, 0, '2024-12-10 20:41:26', '2024-12-10 20:41:26'),
(471, 'TRX-ODVRD0L7', 481, 13, 'Arif Budiyono', 'Rumah Seragam', '081321535325', NULL, 1, 0, '2024-12-10 20:42:27', '2024-12-10 20:42:27'),
(472, 'TRX-F2JRSDHV', 482, 13, 'Andi Yudistira', 'genpro aceh', '6281370447100', NULL, 1, 0, '2024-12-10 21:02:08', '2024-12-10 22:39:55'),
(473, 'TRX-WYUP1ZXT', 483, 13, 'Hamdan', 'Genpro Bangka Belitung', '0', NULL, 1, 0, '2024-12-10 21:03:55', '2024-12-10 21:03:55'),
(474, 'TRX-7FGSOH13', 484, 13, 'Nugroho', 'Genpro Bangka Belitung', '0', NULL, 1, 0, '2024-12-10 21:05:30', '2024-12-10 21:05:30'),
(475, 'TRX-DGZK3YGY', 485, 13, 'TARMIJI', 'Genpro Banten', '0', NULL, 1, 0, '2024-12-10 21:07:38', '2024-12-10 21:07:38'),
(476, 'TRX-9HCIMEJP', 486, 13, 'NUR KHOLIR', 'Genpro Banten', '0', NULL, 1, 0, '2024-12-10 21:09:17', '2024-12-10 21:09:17'),
(477, 'TRX-CG7IHDID', 487, 13, 'Arzain Zamhari', 'Genpro Bengkulu', '0', NULL, 1, 0, '2024-12-10 21:10:30', '2024-12-10 21:10:30'),
(478, 'TRX-OKWCPLQD', 488, 13, 'Mohammad Ikhsan', 'Genpro Bengkulu', '0', NULL, 1, 0, '2024-12-10 21:11:40', '2024-12-10 21:11:40'),
(479, 'TRX-ZCNUFYY9', 489, 13, 'Dwi apriyanto', 'Genpro DIY KEDU', '0', NULL, 1, 0, '2024-12-10 21:13:00', '2024-12-10 21:13:00'),
(480, 'TRX-GX32SMGZ', 490, 13, 'Ibnu Widigdo', 'Genpro DIY KEDU', '0', NULL, 1, 0, '2024-12-10 21:14:37', '2024-12-10 21:14:37'),
(481, 'TRX-GAL25IL3', 491, 13, 'MUHAMMAD NUR SUSILO', 'Genpro DIY KEDU', '0', NULL, 1, 0, '2024-12-10 21:16:44', '2024-12-10 21:16:44'),
(482, 'TRX-DXMZABUP', 492, 13, 'MUHAMMAD NUR SUSILO', 'Genpro DIY KEDU', '0', NULL, 1, 0, '2024-12-10 21:16:46', '2024-12-10 22:39:55'),
(483, 'TRX-JWDS9QSL', 493, 13, 'Takdir Doa', 'genpro pusat', '0', NULL, 1, 0, '2024-12-10 21:18:32', '2024-12-10 22:39:55'),
(484, 'TRX-JGVE4ZE9', 494, 13, 'Takdir Doa', 'genpro pusat', '0', NULL, 1, 0, '2024-12-10 21:18:34', '2024-12-10 22:39:55'),
(485, 'TRX-M2GNZHUQ', 495, 13, 'Takdir Doa', 'genpro pusat', '0', NULL, 1, 0, '2024-12-10 21:18:36', '2024-12-10 22:39:55'),
(486, 'TRX-2JSROBDP', 496, 13, 'Takdir Doa', 'genpro pusat', '0', NULL, 1, 0, '2024-12-10 21:18:37', '2024-12-10 22:39:55'),
(487, 'TRX-P5FJPMFJ', 497, 13, 'Takdir Doa', 'genpro pusat', '0', NULL, 1, 0, '2024-12-10 21:18:37', '2024-12-10 22:39:55'),
(488, 'TRX-0UQ0CIXF', 498, 13, 'Takdir Doa', 'genpro pusat', '0', NULL, 1, 0, '2024-12-10 21:18:38', '2024-12-10 22:39:55'),
(489, 'TRX-BAOH0SJ6', 499, 13, 'Takdir Doa', 'genpro pusat', '0', NULL, 1, 0, '2024-12-10 21:18:38', '2024-12-10 22:39:55'),
(490, 'TRX-3AL9V1JI', 500, 13, 'Takdir Doa', 'genpro pusat', '0', NULL, 1, 0, '2024-12-10 21:18:38', '2024-12-10 22:39:55'),
(491, 'TRX-JDGYCULT', 501, 13, 'Takdir Doa', 'genpro pusat', '0', NULL, 1, 0, '2024-12-10 21:18:39', '2024-12-10 22:39:55'),
(492, 'TRX-YEGAR4RD', 502, 13, 'Takdir Doa', 'genpro pusat', '0', NULL, 1, 0, '2024-12-10 21:18:39', '2024-12-10 22:39:55'),
(493, 'TRX-ZDKYJSGA', 503, 13, 'Takdir Doa', 'genpro pusat', '0', NULL, 1, 0, '2024-12-10 21:18:43', '2024-12-10 22:39:55'),
(494, 'TRX-RPI6UJGS', 504, 13, 'Takdir Doa', 'genpro pusat', '0', NULL, 1, 0, '2024-12-10 21:18:44', '2024-12-10 21:18:44'),
(495, 'TRX-Q0XLAA36', 505, 13, 'Takdir Doa', 'genpro pusat', '0', NULL, 1, 0, '2024-12-10 21:18:44', '2024-12-10 22:39:55'),
(496, 'TRX-SOZTE05I', 506, 13, 'Takdir Doa', 'genpro pusat', '0', NULL, 1, 0, '2024-12-10 21:18:45', '2024-12-10 21:18:45'),
(497, 'TRX-KJOPCKC6', 507, 13, 'Takdir Doa', 'genpro pusat', '0', NULL, 1, 0, '2024-12-10 21:18:45', '2024-12-10 21:18:45'),
(498, 'TRX-QHSVK43U', 508, 13, 'tanty', 'genpro jambi', '0', NULL, 1, 0, '2024-12-10 21:20:57', '2024-12-10 21:20:57'),
(499, 'TRX-ZJTBFXKD', 509, 13, 'FARIS', 'GENPRO JATENG PANTURA BARAT', '0', NULL, 1, 0, '2024-12-10 21:22:43', '2024-12-10 21:22:43'),
(500, 'TRX-NRJTPKHK', 510, 13, 'ARY SUSANTO', 'GENPRO JATENG PANTURA BARAT', '0', NULL, 1, 0, '2024-12-10 21:24:16', '2024-12-10 22:39:55'),
(501, 'TRX-RED5IKMD', 511, 13, 'ARY SUSANTO', 'GENPRO JATENG PANTURA BARAT', '0', NULL, 1, 0, '2024-12-10 21:24:17', '2024-12-10 21:24:17'),
(502, 'TRX-I3MS1JXQ', 512, 13, 'Slamet Ari Waluyo', 'GENPRO JATENG PANTURA BARAT', '0', NULL, 1, 0, '2024-12-10 21:25:38', '2024-12-10 22:39:55'),
(503, 'TRX-V9SK2QEQ', 513, 13, 'Slamet Ari Waluyo', 'GENPRO JATENG PANTURA BARAT', '0', NULL, 1, 0, '2024-12-10 21:25:39', '2024-12-10 22:39:55'),
(504, 'TRX-FDHBF6IF', 514, 13, 'Slamet Ari Waluyo', 'GENPRO JATENG PANTURA BARAT', '0', NULL, 1, 0, '2024-12-10 21:25:41', '2024-12-10 21:25:41'),
(505, 'TRX-ECJWZPYO', 515, 13, 'JOKO SUSANTO', 'GENPRO KALIMANTAN SELATAN', '0', NULL, 1, 0, '2024-12-10 21:27:43', '2024-12-10 21:27:43'),
(506, 'TRX-GQZKXKMI', 516, 13, 'Jhony', 'GENPRO KALTIM', '0', NULL, 1, 0, '2024-12-10 21:30:15', '2024-12-10 21:30:15'),
(507, 'TRX-DLQKXPJK', 517, 13, 'Yusnita', 'GENPRO KALTIM', '0', NULL, 1, 0, '2024-12-10 21:32:03', '2024-12-10 22:39:55'),
(508, 'TRX-O7GRXAG2', 518, 13, 'Yusnita', 'GENPRO KALTIM', '0', NULL, 1, 0, '2024-12-10 21:32:07', '2024-12-10 21:32:07'),
(509, 'TRX-R4RBGWRF', 519, 13, 'Nana', 'GENPRO KEPULAUAN RIAU', '0', NULL, 1, 0, '2024-12-10 21:33:19', '2024-12-10 21:33:19'),
(510, 'TRX-A2AF81KP', 520, 13, 'Said', 'GENPRO KEPULAUAN RIAU', '0', NULL, 1, 0, '2024-12-10 21:34:57', '2024-12-10 21:34:57'),
(511, 'TRX-V5AYWC88', 521, 13, 'Sri Rumiati', 'GENPRO KEPULAUAN RIAU', '0', NULL, 1, 0, '2024-12-10 21:35:50', '2024-12-10 21:35:50'),
(512, 'TRX-WQM3BEWT', 522, 13, 'Irawati', 'GENPRO KEPULAUAN RIAU', '0', NULL, 1, 0, '2024-12-10 21:37:10', '2024-12-10 21:37:10'),
(513, 'TRX-F4MTYU0N', 523, 13, 'IVA JOHAN PRASETIYO', 'GENPRO MATARAMAN', '0', NULL, 1, 0, '2024-12-10 21:38:32', '2024-12-10 21:38:32'),
(514, 'TRX-2JWQ5ILR', 524, 13, 'Arinafida Fahrozi', 'GENPRO MATARAMAN', '0', NULL, 1, 0, '2024-12-10 21:39:47', '2024-12-10 22:39:55'),
(515, 'TRX-AJWIXV4M', 525, 13, 'Arinafida Fahrozi', 'GENPRO MATARAMAN', '0', NULL, 1, 0, '2024-12-10 21:39:49', '2024-12-10 21:39:49'),
(516, 'TRX-FZGSI43K', 526, 13, 'ABDUL ROSYID', 'GENPRO PAJAJARAN', '0', NULL, 1, 0, '2024-12-10 21:41:30', '2024-12-10 21:41:30'),
(517, 'TRX-GICG4MEA', 527, 13, 'ULFI riza', 'GENPRO PASUNDAN', '0', NULL, 1, 0, '2024-12-10 21:42:44', '2024-12-10 22:39:55'),
(518, 'TRX-MOWSMFZJ', 528, 14, 'Ridwan arifin', NULL, '085691403166', NULL, 0, 0, '2024-12-10 21:43:45', '2024-12-10 21:43:45'),
(519, 'TRX-ABXFSIZI', 529, 13, 'Aris Zudianto', 'GENPRO Pekan baru', '0', NULL, 1, 0, '2024-12-10 21:43:54', '2024-12-10 21:43:54'),
(520, 'TRX-NHV5LB27', 530, 13, 'Dina', 'GENPRO Pekan baru', '0', NULL, 1, 0, '2024-12-10 21:44:41', '2024-12-10 21:44:41'),
(521, 'TRX-WZJYC3ZD', 531, 13, 'Mujiburahman', 'GENPRO Pekan baru', '0', NULL, 1, 0, '2024-12-10 21:45:22', '2024-12-10 21:45:22'),
(522, 'TRX-ECDJFP7N', 532, 13, 'Sri Sumartini', 'CV Agung Rezeqi', '081317126045', NULL, 1, 0, '2024-12-10 21:46:15', '2024-12-10 22:39:55'),
(523, 'TRX-UNGMH2OH', 533, 13, 'IRFAN HILMI', 'GENPRO PRIANGAN', '0', NULL, 1, 0, '2024-12-10 21:46:15', '2024-12-10 21:46:15'),
(524, 'TRX-QH67EBIY', 534, 13, 'Sri Sumartini', 'CV Agung Rezeqi', '081317126045', NULL, 1, 0, '2024-12-10 21:46:16', '2024-12-10 22:39:55'),
(525, 'TRX-HYURKENH', 535, 13, 'Sri Sumartini', 'CV Agung Rezeqi', '081317126045', NULL, 1, 0, '2024-12-10 21:46:17', '2024-12-10 22:39:55'),
(526, 'TRX-V4ZI0AXP', 536, 13, 'Sri Sumartini', 'CV Agung Rezeqi', '081317126045', NULL, 1, 0, '2024-12-10 21:46:18', '2024-12-10 22:39:55'),
(527, 'TRX-CFIYMHAM', 537, 13, 'Sri Sumartini', 'CV Agung Rezeqi', '081317126045', NULL, 1, 0, '2024-12-10 21:46:19', '2024-12-10 22:39:55'),
(528, 'TRX-YEBKYFYV', 538, 13, 'Sri Sumartini', 'CV Agung Rezeqi', '081317126045', NULL, 1, 0, '2024-12-10 21:46:20', '2024-12-10 22:39:55'),
(529, 'TRX-L4U5VCVO', 539, 13, 'Sri Sumartini', 'CV Agung Rezeqi', '081317126045', NULL, 1, 0, '2024-12-10 21:46:21', '2024-12-10 22:39:55'),
(530, 'TRX-0MV4QYQF', 540, 13, 'Sri Sumartini', 'CV Agung Rezeqi', '081317126045', NULL, 1, 0, '2024-12-10 21:46:22', '2024-12-10 22:39:55'),
(531, 'TRX-LOA5JV7N', 541, 13, 'Sri Sumartini', 'CV Agung Rezeqi', '081317126045', NULL, 1, 0, '2024-12-10 21:46:22', '2024-12-10 22:39:55'),
(532, 'TRX-QIU95ERR', 542, 13, 'Sri Sumartini', 'CV Agung Rezeqi', '081317126045', NULL, 1, 0, '2024-12-10 21:46:22', '2024-12-10 22:39:55'),
(533, 'TRX-RE6CFVBI', 543, 13, 'Sri Sumartini', 'CV Agung Rezeqi', '081317126045', NULL, 1, 0, '2024-12-10 21:46:26', '2024-12-10 22:39:55'),
(534, 'TRX-WFRUYMRX', 544, 13, 'Sri Sumartini', 'CV Agung Rezeqi', '081317126045', NULL, 1, 0, '2024-12-10 21:46:27', '2024-12-10 22:39:55'),
(535, 'TRX-NIEI01NC', 545, 13, 'Sri Sumartini', 'CV Agung Rezeqi', '081317126045', NULL, 1, 0, '2024-12-10 21:46:27', '2024-12-10 22:39:55'),
(536, 'TRX-ILGMRARH', 546, 13, 'Sri Sumartini', 'CV Agung Rezeqi', '081317126045', NULL, 1, 0, '2024-12-10 21:46:27', '2024-12-10 22:39:55'),
(537, 'TRX-PT2LPNEG', 547, 13, 'Sri Sumartini', 'CV Agung Rezeqi', '081317126045', NULL, 1, 0, '2024-12-10 21:46:27', '2024-12-10 22:39:55'),
(538, 'TRX-6WPSSQCG', 548, 13, 'Sri Sumartini', 'CV Agung Rezeqi', '081317126045', NULL, 1, 0, '2024-12-10 21:46:28', '2024-12-10 22:39:55'),
(539, 'TRX-SNSZPH4P', 549, 13, 'Sri Sumartini', 'CV Agung Rezeqi', '081317126045', NULL, 1, 0, '2024-12-10 21:46:29', '2024-12-10 22:39:55'),
(540, 'TRX-VNZZMJDB', 550, 13, 'Sri Sumartini', 'CV Agung Rezeqi', '081317126045', NULL, 1, 0, '2024-12-10 21:46:29', '2024-12-10 22:39:55'),
(541, 'TRX-GMSS1J6Z', 551, 13, 'Sri Sumartini', 'CV Agung Rezeqi', '081317126045', NULL, 1, 0, '2024-12-10 21:46:29', '2024-12-10 22:39:55'),
(542, 'TRX-AUJTZIOJ', 552, 13, 'Sri Sumartini', 'CV Agung Rezeqi', '081317126045', NULL, 1, 0, '2024-12-10 21:46:30', '2024-12-10 22:39:55'),
(543, 'TRX-UUMP4BDK', 553, 13, 'Sri Sumartini', 'CV Agung Rezeqi', '081317126045', NULL, 1, 0, '2024-12-10 21:46:30', '2024-12-10 22:39:55'),
(544, 'TRX-2KN0K7LG', 554, 13, 'Sri Sumartini', 'CV Agung Rezeqi', '081317126045', NULL, 1, 0, '2024-12-10 21:46:30', '2024-12-10 22:39:55'),
(545, 'TRX-BGUHEKCM', 555, 13, 'Sri Sumartini', 'CV Agung Rezeqi', '081317126045', NULL, 1, 0, '2024-12-10 21:46:31', '2024-12-10 22:39:55'),
(546, 'TRX-B8XGIAPL', 556, 13, 'Sri Sumartini', 'CV Agung Rezeqi', '081317126045', NULL, 1, 0, '2024-12-10 21:46:31', '2024-12-10 22:39:55'),
(547, 'TRX-LTCHMRNM', 557, 13, 'Sri Sumartini', 'CV Agung Rezeqi', '081317126045', NULL, 1, 0, '2024-12-10 21:46:31', '2024-12-10 22:39:55'),
(548, 'TRX-QD2IWMXI', 558, 13, 'Sri Sumartini', 'CV Agung Rezeqi', '081317126045', NULL, 1, 0, '2024-12-10 21:46:32', '2024-12-10 22:39:55'),
(549, 'TRX-9TJNTZU4', 559, 13, 'Sri Sumartini', 'CV Agung Rezeqi', '081317126045', NULL, 1, 0, '2024-12-10 21:46:32', '2024-12-10 22:39:55'),
(550, 'TRX-AN7U0VTX', 560, 13, 'Sri Sumartini', 'CV Agung Rezeqi', '081317126045', NULL, 1, 0, '2024-12-10 21:46:32', '2024-12-10 22:39:55'),
(551, 'TRX-KZKDPYI3', 561, 13, 'Sri Sumartini', 'CV Agung Rezeqi', '081317126045', NULL, 1, 0, '2024-12-10 21:46:32', '2024-12-10 22:39:55'),
(552, 'TRX-OA71TAXE', 562, 13, 'Sri Sumartini', 'CV Agung Rezeqi', '081317126045', NULL, 1, 0, '2024-12-10 21:46:33', '2024-12-10 22:39:55'),
(553, 'TRX-OJCMQZKN', 563, 13, 'Sri Sumartini', 'CV Agung Rezeqi', '081317126045', NULL, 1, 0, '2024-12-10 21:46:33', '2024-12-10 21:46:33'),
(554, 'TRX-ZAJ0TVGM', 564, 13, 'Sri Sumartini', 'CV Agung Rezeqi', '081317126045', NULL, 1, 0, '2024-12-10 21:46:33', '2024-12-10 22:39:55'),
(555, 'TRX-2ADUTN4E', 565, 13, 'Sri Sumartini', 'CV Agung Rezeqi', '081317126045', NULL, 1, 0, '2024-12-10 21:46:33', '2024-12-10 22:39:55'),
(556, 'TRX-PWVR2CAY', 566, 13, 'Sri Sumartini', 'CV Agung Rezeqi', '081317126045', NULL, 1, 0, '2024-12-10 21:46:33', '2024-12-10 22:39:55'),
(557, 'TRX-SOPGPIWO', 567, 13, 'Sri Sumartini', 'CV Agung Rezeqi', '081317126045', NULL, 1, 0, '2024-12-10 21:46:33', '2024-12-10 22:39:55'),
(558, 'TRX-XJ1KZRHS', 568, 13, 'Sri Sumartini', 'CV Agung Rezeqi', '081317126045', NULL, 1, 0, '2024-12-10 21:46:33', '2024-12-10 22:39:55'),
(559, 'TRX-4GKNVFTU', 569, 13, 'Sri Sumartini', 'CV Agung Rezeqi', '081317126045', NULL, 1, 0, '2024-12-10 21:46:33', '2024-12-10 21:46:33'),
(560, 'TRX-EQC0VPM1', 570, 13, 'Sri Sumartini', 'CV Agung Rezeqi', '081317126045', NULL, 1, 0, '2024-12-10 21:46:33', '2024-12-10 22:39:55'),
(561, 'TRX-QXBPAJRD', 571, 13, 'Sri Sumartini', 'CV Agung Rezeqi', '081317126045', NULL, 1, 0, '2024-12-10 21:46:36', '2024-12-10 21:46:36'),
(562, 'TRX-NV2T8HMI', 572, 13, 'Ohan Abdul Kodar', 'GENPRO PRIANGAN', '0', NULL, 1, 0, '2024-12-10 21:47:08', '2024-12-10 21:47:08'),
(563, 'TRX-1IAIBXOP', 573, 13, 'Ohan Abdul Kodar', 'GENPRO PRIANGAN', '0', NULL, 1, 0, '2024-12-10 21:47:09', '2024-12-10 21:47:09'),
(564, 'TRX-KUGTGP5F', 574, 13, 'Ohan Abdul Kodar', 'GENPRO PRIANGAN', '0', NULL, 1, 0, '2024-12-10 21:47:11', '2024-12-10 21:47:11'),
(565, 'TRX-YFIH8D1K', 575, 13, 'Dena SAPARI', 'GENPRO PRIANGAN', '0', NULL, 1, 0, '2024-12-10 21:48:13', '2024-12-10 21:48:13'),
(566, 'TRX-6CU77MF5', 576, 13, 'IRFAN ABDURAHMAN FARIED', 'GENPRO PRIANGAN', '0', NULL, 1, 0, '2024-12-10 21:49:00', '2024-12-10 21:49:00'),
(567, 'TRX-A67L25WM', 577, 13, 'Irma S Handayani', 'GENPRO PRIANGAN', '0', NULL, 1, 0, '2024-12-10 21:49:56', '2024-12-10 21:49:56'),
(568, 'TRX-CYQMU1TL', 578, 13, 'Abdullah muzzaki', 'GENPRO PRIANGAN', '0', NULL, 1, 0, '2024-12-10 21:50:41', '2024-12-10 21:50:41'),
(569, 'TRX-LQYAJUVD', 579, 13, 'NIA KURNIA', 'GENPRO PRIANGAN', '0', NULL, 1, 0, '2024-12-10 21:51:41', '2024-12-10 21:51:41'),
(570, 'TRX-D6FT6OAO', 580, 13, 'NIA KURNIA', 'GENPRO PRIANGAN', '0', NULL, 1, 0, '2024-12-10 21:51:43', '2024-12-10 22:39:55'),
(571, 'TRX-CAPGAZNI', 581, 13, 'ANDI M BADRUDDIN', 'GENPRO PRIANGAN', '0', NULL, 1, 0, '2024-12-10 21:52:30', '2024-12-10 21:52:30'),
(572, 'TRX-KIBTY44R', 582, 13, 'MOH ASBAB HASBI', 'GENPRO PUSAT', '0', NULL, 1, 0, '2024-12-10 21:53:35', '2024-12-10 21:53:35'),
(573, 'TRX-UNEXTBYU', 583, 13, 'Rosmelani', 'GENPRO PUSAT', '0', NULL, 1, 0, '2024-12-10 21:54:14', '2024-12-10 21:54:14'),
(574, 'TRX-VNRQ6RZX', 584, 13, 'ARDIANA', 'GENPRO SULSEL', '0', NULL, 1, 0, '2024-12-10 21:55:10', '2024-12-10 21:55:10'),
(575, 'TRX-ZZLGL3Q1', 585, 13, 'Suci mardiko', 'GENPRO TAPAL KUDA', '0', NULL, 1, 0, '2024-12-10 22:12:36', '2024-12-10 22:12:36'),
(576, 'TRX-DYVDLT9R', 586, 13, 'drh Puguh Wiji P', 'GENPRO TAPAL KUDA', '0', NULL, 1, 0, '2024-12-10 22:17:28', '2024-12-10 22:17:28'),
(577, 'TRX-IGDY7L4E', 587, 14, 'Hanifah Hasna Fauziyyah', NULL, '081333512270', NULL, 0, 0, '2024-12-10 22:19:58', '2024-12-10 22:39:55'),
(578, 'TRX-RPLA9Y29', 588, 14, 'Hanifah Hasna Fauziyyah', NULL, '081333512270', NULL, 0, 0, '2024-12-10 22:20:01', '2024-12-10 22:20:01'),
(579, 'TRX-DRAO5FIP', 589, 13, 'Ririn', 'GENPRO WE RIAU', '0', NULL, 1, 0, '2024-12-10 22:23:48', '2024-12-10 22:23:48'),
(580, 'TRX-RKDKJUUN', 590, 13, 'Yurita', 'GENPRO WE RIAU', '0', NULL, 1, 0, '2024-12-10 22:24:36', '2024-12-10 22:39:55'),
(581, 'TRX-I5YTMCFF', 591, 13, 'Yurita', 'GENPRO WE RIAU', '0', NULL, 1, 0, '2024-12-10 22:24:36', '2024-12-10 22:39:55'),
(582, 'TRX-EUWCHA9R', 592, 13, 'Yurita', 'GENPRO WE RIAU', '0', NULL, 1, 0, '2024-12-10 22:24:38', '2024-12-10 22:24:38'),
(583, 'TRX-3O9H6NUY', 593, 13, 'Yurita', 'GENPRO WE RIAU', '0', NULL, 1, 0, '2024-12-10 22:24:38', '2024-12-10 22:39:55'),
(584, 'TRX-XK3HP8XN', 594, 13, 'Yuliana', 'GENPRO WE RIAU', '0', NULL, 1, 0, '2024-12-10 22:25:39', '2024-12-10 22:25:39'),
(585, 'TRX-WODWTLAK', 595, 13, 'Shofia a', 'GENPRO WE RIAU', '0', NULL, 1, 0, '2024-12-10 22:26:24', '2024-12-10 22:26:24'),
(586, 'TRX-LNVSVTRA', 596, 13, 'Azella', 'GENPRO WE RIAU', '0', NULL, 1, 0, '2024-12-10 22:27:00', '2024-12-10 22:27:00'),
(587, 'TRX-P8VFL1DO', 597, 13, 'Cony S', 'GENPRO WE RIAU', '0', NULL, 1, 0, '2024-12-10 22:27:41', '2024-12-10 22:27:41'),
(588, 'TRX-GOGY5MSB', 598, 13, 'Suci A', 'GENPRO WE RIAU', '0', NULL, 1, 0, '2024-12-10 22:28:26', '2024-12-10 22:28:26'),
(589, 'TRX-3OAQLAW9', 599, 13, 'NIA R', 'GENPRO', '0', NULL, 1, 0, '2024-12-10 22:29:16', '2024-12-10 22:29:16'),
(590, 'TRX-2IZD1ASJ', 600, 13, 'JA\'FAR', 'GENPRO SUMATERA BARAT', '0', NULL, 1, 0, '2024-12-10 22:30:20', '2024-12-10 22:30:20'),
(591, 'TRX-LVHVGD0E', 601, 13, 'SUPARJO', 'GENPRO BENGKULU', '0', NULL, 1, 0, '2024-12-10 22:31:16', '2024-12-10 22:31:16'),
(592, 'TRX-BDGAORPZ', 602, 13, 'Burhanuddin Hamid D', NULL, NULL, NULL, 0, 0, '2024-12-10 22:31:47', '2024-12-10 22:31:47'),
(593, 'TRX-PDKROSE1', 603, 13, 'Ummu Masmuah', 'GENPRO PUSAT', '0', NULL, 1, 0, '2024-12-10 22:32:11', '2024-12-10 22:39:55'),
(594, 'TRX-U8DYTF03', 604, 13, 'SHOLAhudin Fuadi', 'GENPRO PAJAJARAN', '0', NULL, 1, 0, '2024-12-10 22:33:05', '2024-12-10 22:39:55'),
(595, 'TRX-UZQVQ95X', 605, 13, 'HAULA FAUZIANA', 'GENPRO PAJAJARAN', '0', NULL, 1, 0, '2024-12-10 22:34:05', '2024-12-10 22:34:05'),
(596, 'TRX-ESJTCCBZ', 606, 13, 'IWAN SUSANTO', 'Genpro Banten', '0', NULL, 1, 0, '2024-12-10 22:34:53', '2024-12-10 22:34:53'),
(597, 'TRX-GOGVIQZ1', 607, 13, 'NUR IMAN AGUNG PERKASA', 'GENPRO JATENG PANTURA', '0', NULL, 1, 0, '2024-12-10 22:35:50', '2024-12-10 22:35:50'),
(598, 'TRX-76ZOOW20', 608, 14, 'Rachmat Hidayat', NULL, '08121011450', NULL, 0, 0, '2024-12-10 23:13:00', '2024-12-10 23:13:00'),
(599, 'TRX-2LDKAOHZ', 608, 14, 'Lian', NULL, '08121011450', NULL, 0, 0, '2024-12-10 23:13:00', '2024-12-10 23:13:00'),
(600, 'TRX-M0HOS3ZK', 609, 14, 'Rachmat Hidayat', NULL, '08121011450', NULL, 0, 0, '2024-12-10 23:13:01', '2024-12-10 23:13:01'),
(601, 'TRX-PVS8IJAY', 609, 14, 'Lian', NULL, '08121011450', NULL, 0, 0, '2024-12-10 23:13:02', '2024-12-10 23:13:02'),
(602, 'TRX-RVUT7HYP', 610, 13, 'Damaris Cakrawana', 'Jaya Print', '08129255077', NULL, 1, 0, '2024-12-11 02:10:35', '2024-12-11 02:10:35'),
(603, 'TRX-4GP5K9YN', 611, 14, 'Lulu Wironnufus', NULL, '081517836417', NULL, 0, 0, '2024-12-11 03:34:00', '2024-12-11 03:34:00'),
(604, 'TRX-9XDRY75B', 612, 14, 'Hilma Wahdatul Kamilah', 'Gasin', '081398628003', NULL, 0, 0, '2024-12-11 03:49:43', '2024-12-11 03:49:43'),
(605, 'TRX-JUCCGXPO', 613, 13, 'Ayu Larasati', 'Rumah Ihram', '081223148711', NULL, 1, 0, '2024-12-11 05:03:25', '2024-12-11 05:03:25'),
(606, 'TRX-ET5Y89DJ', 614, 14, 'Mega Sarfika', NULL, '082299993360', NULL, 0, 0, '2024-12-11 05:03:51', '2024-12-11 05:03:51'),
(607, 'TRX-EOVBG8DW', 614, 14, 'Kulup Arridho Kashidasworo', NULL, '081280002020', NULL, 0, 0, '2024-12-11 05:03:51', '2024-12-11 05:03:51'),
(608, 'TRX-KT3EYQPK', 615, 14, 'Mega Sarfika', NULL, '082299993360', NULL, 0, 0, '2024-12-11 05:03:52', '2024-12-11 05:03:52'),
(609, 'TRX-JVKHPEBD', 615, 14, 'Kulup Arridho Kashidasworo', NULL, '081280002020', NULL, 0, 0, '2024-12-11 05:03:52', '2024-12-11 05:03:52'),
(610, 'TRX-VK7YGAIS', 616, 14, 'Mega Sarfika', NULL, '082299993360', NULL, 0, 0, '2024-12-11 05:03:54', '2024-12-11 05:03:54'),
(611, 'TRX-DAWPOFET', 616, 14, 'Kulup Arridho Kashidasworo', NULL, '081280002020', NULL, 0, 0, '2024-12-11 05:03:54', '2024-12-11 05:03:54'),
(612, 'TRX-LJFTIMLH', 617, 14, 'Mega Sarfika', NULL, '082299993360', NULL, 0, 0, '2024-12-11 05:03:54', '2024-12-11 05:03:54'),
(613, 'TRX-D0ESHAPB', 617, 14, 'Kulup Arridho Kashidasworo', NULL, '081280002020', NULL, 0, 0, '2024-12-11 05:03:54', '2024-12-11 05:03:54'),
(614, 'TRX-XFFXHVZ8', 618, 14, 'Ima Ropah', NULL, '085776220655', NULL, 0, 0, '2024-12-11 05:06:53', '2024-12-11 05:06:53'),
(615, 'TRX-EJN3IPLR', 619, 13, 'Endah Dwi Juliarni', 'Avp genpro dki jakarta', '081317176670', NULL, 1, 0, '2024-12-11 05:12:33', '2024-12-11 05:12:33'),
(616, 'TRX-GOW9VAWL', 620, 13, 'Endah Dwi Juliarni', 'Avp genpro dki jakarta', '081317176670', NULL, 1, 0, '2024-12-11 05:12:35', '2024-12-11 05:12:35'),
(617, 'TRX-OR5N33LH', 621, 13, 'Endah Dwi Juliarni', 'Avp genpro dki jakarta', '081317176670', NULL, 1, 0, '2024-12-11 05:12:36', '2024-12-11 05:12:36'),
(618, 'TRX-PF9XCQVJ', 622, 13, 'Endah Dwi Juliarni', 'Avp genpro dki jakarta', '081317176670', NULL, 1, 0, '2024-12-11 05:12:36', '2024-12-11 05:12:36'),
(619, 'TRX-DHDNHHGG', 623, 14, 'suprichatin', NULL, '081310626195', NULL, 0, 0, '2024-12-11 14:15:51', '2024-12-11 14:15:51'),
(620, 'TRX-OZY3ZQ8M', 624, 14, 'suprichatin', NULL, '081310626195', NULL, 0, 0, '2024-12-11 14:15:52', '2024-12-11 14:15:52'),
(621, 'TRX-2HCTKQ18', 625, 14, 'Dudi Satrya', NULL, '085888676867', NULL, 0, 0, '2024-12-11 15:47:11', '2024-12-11 15:47:11'),
(622, 'TRX-DRRBIXJT', 626, 14, 'Dudi Satrya', NULL, '085888676867', NULL, 0, 0, '2024-12-11 15:47:14', '2024-12-11 15:47:14'),
(623, 'TRX-EJ4KVQD4', 627, 13, 'Ummu Haula', NULL, NULL, NULL, 0, 0, '2024-12-11 16:26:43', '2024-12-11 16:26:43'),
(624, 'TRX-BL715MWE', 627, 13, 'Sholahudin Fuadi', NULL, NULL, NULL, 0, 0, '2024-12-11 16:26:43', '2024-12-11 16:26:43'),
(625, 'TRX-K2Q3OCJL', 628, 13, 'Muhammad Zahid ', NULL, NULL, NULL, 0, 0, '2024-12-11 16:31:13', '2024-12-11 16:31:13'),
(626, 'TRX-VM6A48FN', 629, 13, 'Abdul Halid', NULL, NULL, NULL, 0, 0, '2024-12-11 16:32:34', '2024-12-11 16:32:34'),
(627, 'TRX-LAO7NTG7', 630, 13, 'Wondo', NULL, NULL, NULL, 0, 0, '2024-12-11 16:34:16', '2024-12-11 16:34:16'),
(628, 'TRX-TJV5YHKY', 631, 13, 'Ulfi Riza', NULL, NULL, NULL, 0, 0, '2024-12-11 16:39:26', '2024-12-11 16:39:26'),
(629, 'TRX-EUS6CTDP', 632, 13, 'OKTA BUDIYANSAH', NULL, NULL, NULL, 0, 0, '2024-12-11 16:41:45', '2024-12-11 16:41:45'),
(630, 'TRX-27JMYOEN', 633, 13, 'Wahyudi', NULL, NULL, NULL, 0, 0, '2024-12-11 16:43:30', '2024-12-11 16:43:30'),
(631, 'TRX-HROWQ4GX', 634, 13, 'Salman A', NULL, NULL, NULL, 0, 0, '2024-12-11 16:44:35', '2024-12-11 16:44:35'),
(632, 'TRX-HTCW12Q2', 635, 13, 'Noferiyatno', NULL, NULL, NULL, 0, 0, '2024-12-11 16:45:48', '2024-12-11 16:45:48'),
(633, 'TRX-QYXWCWNT', 636, 13, 'Noferiyatno', NULL, NULL, NULL, 0, 0, '2024-12-11 16:46:20', '2024-12-11 16:46:20'),
(634, 'TRX-ENBTFRLN', 637, 13, 'Kiswahyuni', NULL, NULL, NULL, 0, 0, '2024-12-11 16:47:23', '2024-12-11 16:47:23'),
(635, 'TRX-CY5VWGJD', 638, 13, 'Sunardi Agan', NULL, NULL, NULL, 0, 0, '2024-12-11 16:48:34', '2024-12-11 16:48:34'),
(636, 'TRX-HZK4GSRY', 639, 13, 'HENDRO PRANOTO', NULL, NULL, NULL, 0, 0, '2024-12-11 16:50:41', '2024-12-11 16:50:41'),
(637, 'TRX-2VGUDJVR', 640, 13, 'GUNARDI SETYAWAN', NULL, NULL, NULL, 0, 0, '2024-12-11 16:52:13', '2024-12-11 16:52:13'),
(638, 'TRX-GOVOONCJ', 641, 13, 'Sujono', NULL, NULL, NULL, 0, 0, '2024-12-11 16:54:02', '2024-12-11 16:54:02'),
(639, 'TRX-GFYN0L8A', 642, 13, 'Arif S', NULL, NULL, NULL, 0, 0, '2024-12-11 17:00:17', '2024-12-11 17:00:17'),
(640, 'TRX-LLRHTNLE', 643, 13, 'INONNI ANNISA ', NULL, NULL, NULL, 0, 0, '2024-12-11 17:01:02', '2024-12-11 17:01:02'),
(641, 'TRX-GLCIRRBA', 644, 13, 'Nadi Susanto', NULL, NULL, NULL, 0, 0, '2024-12-11 17:03:32', '2024-12-11 17:03:32'),
(642, 'TRX-JNYLONSS', 645, 13, 'Dani Setiawan', NULL, NULL, NULL, 0, 0, '2024-12-11 17:04:37', '2024-12-11 17:04:37'),
(643, 'TRX-XFLJGN6M', 646, 13, 'Nurliana Santi', NULL, NULL, NULL, 0, 0, '2024-12-11 17:05:41', '2024-12-11 17:05:41'),
(644, 'TRX-5Y8DD7WS', 647, 13, 'Ika Maya Muftiyany, S.Si', 'Jakarta', '081282427030', NULL, 0, 0, '2024-12-11 17:05:51', '2024-12-11 17:05:51'),
(645, 'TRX-GDBCFZ6P', 648, 13, 'Zakiyah', NULL, NULL, NULL, 0, 0, '2024-12-11 17:06:49', '2024-12-11 17:06:49'),
(646, 'TRX-ORD6NVPE', 649, 14, 'Muniroh noora', NULL, '081284587620', NULL, 0, 0, '2024-12-11 17:17:04', '2024-12-11 17:17:04'),
(647, 'TRX-MU24E3SD', 649, 14, 'Muna', NULL, '081318391024', NULL, 0, 0, '2024-12-11 17:17:04', '2024-12-11 17:17:04'),
(648, 'TRX-HA3PIIVK', 649, 14, 'Andi hernawati', NULL, '08128195784', NULL, 0, 0, '2024-12-11 17:17:04', '2024-12-11 17:17:04'),
(649, 'TRX-7SDISENF', 650, 14, 'Salman Al-Farisi', NULL, '085335504400', NULL, 0, 0, '2024-12-11 17:33:28', '2024-12-11 17:33:28'),
(650, 'TRX-WXBXACVO', 651, 14, 'Awwab hafidz', NULL, '082122016706', NULL, 0, 0, '2024-12-11 18:34:26', '2024-12-11 18:34:26'),
(651, 'TRX-SHVRXFOE', 652, 13, 'Any Tri Hendarini', NULL, NULL, NULL, 0, 0, '2024-12-11 19:01:36', '2024-12-11 19:01:36'),
(652, 'TRX-GUZROEKH', 653, 13, 'Deli Purnawan', 'Nurul Imam Islamic School', '081315242427', NULL, 1, 0, '2024-12-11 20:42:24', '2024-12-11 20:42:24'),
(653, 'TRX-CCDFVHC3', 654, 13, 'Budiman Setiawan', 'PT mitra batavia semesta', '087885458787', NULL, 1, 0, '2024-12-11 21:32:44', '2024-12-11 21:32:44'),
(654, 'TRX-WF1CRKD9', 655, 14, 'Yuli Tri Rahayu', NULL, '081578181311', NULL, 0, 0, '2024-12-11 23:04:37', '2024-12-11 23:04:37'),
(655, 'TRX-OEKHGKNG', 655, 14, 'Candraditya', NULL, '082147959007', NULL, 0, 0, '2024-12-11 23:04:37', '2024-12-11 23:04:37'),
(656, 'TRX-TJCLVYK8', 656, 14, 'Yuli Tri Rahayu', NULL, '081578181311', NULL, 0, 0, '2024-12-11 23:04:38', '2024-12-11 23:04:38'),
(657, 'TRX-VVJR6HOD', 656, 14, 'Candraditya', NULL, '082147959007', NULL, 0, 0, '2024-12-11 23:04:38', '2024-12-11 23:04:38'),
(658, 'TRX-G6KHL5IZ', 657, 14, 'Yuli Tri Rahayu', NULL, '081578181311', NULL, 0, 0, '2024-12-11 23:04:41', '2024-12-11 23:04:41'),
(659, 'TRX-GZPU6SPW', 657, 14, 'Candraditya', NULL, '082147959007', NULL, 0, 0, '2024-12-11 23:04:41', '2024-12-11 23:04:41'),
(660, 'TRX-66DMQHD3', 658, 13, 'Galih Pandekar', 'Bimbel Lavender', '08129520582', NULL, 0, 0, '2024-12-12 02:21:13', '2024-12-12 02:21:13'),
(661, 'TRX-LVGPEIY1', 659, 14, 'Fahri Permana Putra (Beuuugerrrr)', 'TOPUPRRQ', '085881160887', NULL, 0, 0, '2024-12-12 02:35:14', '2024-12-12 02:35:14'),
(662, 'TRX-T4O6W9IK', 660, 14, 'Fahri Permana Putra (Beuuugerrrr)', 'TOPUPRRQ', '085881160887', NULL, 0, 0, '2024-12-12 02:35:17', '2024-12-12 02:35:17'),
(663, 'TRX-7CAEIXZS', 661, 14, 'Ratu Salsabila', NULL, '085335504400', NULL, 0, 0, '2024-12-12 03:38:45', '2024-12-12 03:38:45'),
(664, 'TRX-1WKBUPO4', 661, 14, 'Ayesha Hilwa Mujahidah', NULL, '085335504400', NULL, 0, 0, '2024-12-12 03:38:45', '2024-12-12 03:38:45'),
(665, 'TRX-XLJVBGFJ', 661, 14, 'Fatih Qudsy Mujahid', NULL, '085335504400', NULL, 0, 0, '2024-12-12 03:38:45', '2024-12-12 03:38:45'),
(666, 'TRX-HQXFKO6A', 662, 14, 'Ratu Salsabila', NULL, '085335504400', NULL, 0, 0, '2024-12-12 03:38:48', '2024-12-12 03:38:48'),
(667, 'TRX-UI0TPZRK', 662, 14, 'Ayesha Hilwa Mujahidah', NULL, '085335504400', NULL, 0, 0, '2024-12-12 03:38:48', '2024-12-12 03:38:48'),
(668, 'TRX-JL89XFN6', 662, 14, 'Fatih Qudsy Mujahid', NULL, '085335504400', NULL, 0, 0, '2024-12-12 03:38:48', '2024-12-12 03:38:48'),
(669, 'TRX-0CUAZZNR', 663, 14, 'Ratu Salsabila', NULL, '085335504400', NULL, 0, 0, '2024-12-12 03:38:50', '2024-12-12 03:38:50'),
(670, 'TRX-1XFMIBKG', 663, 14, 'Ayesha Hilwa Mujahidah', NULL, '085335504400', NULL, 0, 0, '2024-12-12 03:38:50', '2024-12-12 03:38:50'),
(671, 'TRX-OTFJLZPP', 663, 14, 'Fatih Qudsy Mujahid', NULL, '085335504400', NULL, 0, 0, '2024-12-12 03:38:50', '2024-12-12 03:38:50'),
(672, 'TRX-J9JM5EQF', 664, 14, 'Ratu Salsabila', NULL, '085335504400', NULL, 0, 0, '2024-12-12 03:38:52', '2024-12-12 03:38:52'),
(673, 'TRX-DSBKXGZI', 664, 14, 'Ayesha Hilwa Mujahidah', NULL, '085335504400', NULL, 0, 0, '2024-12-12 03:38:52', '2024-12-12 03:38:52'),
(674, 'TRX-HPCGRWS8', 664, 14, 'Fatih Qudsy Mujahid', NULL, '085335504400', NULL, 0, 0, '2024-12-12 03:38:52', '2024-12-12 03:38:52'),
(675, 'TRX-X6CODJ0Y', 665, 14, 'Ratu Salsabila', NULL, '085335504400', NULL, 0, 0, '2024-12-12 03:38:52', '2024-12-12 03:38:52'),
(676, 'TRX-9MHXAMKC', 665, 14, 'Ayesha Hilwa Mujahidah', NULL, '085335504400', NULL, 0, 0, '2024-12-12 03:38:52', '2024-12-12 03:38:52'),
(677, 'TRX-PITTNMLS', 665, 14, 'Fatih Qudsy Mujahid', NULL, '085335504400', NULL, 0, 0, '2024-12-12 03:38:52', '2024-12-12 03:38:52'),
(678, 'TRX-RIZVPI8Y', 666, 14, 'Ratu Salsabila', NULL, '085335504400', NULL, 0, 0, '2024-12-12 03:38:52', '2024-12-12 03:38:52'),
(679, 'TRX-R2QUS7NL', 666, 14, 'Ayesha Hilwa Mujahidah', NULL, '085335504400', NULL, 0, 0, '2024-12-12 03:38:52', '2024-12-12 03:38:52'),
(680, 'TRX-QWWIJF2J', 666, 14, 'Fatih Qudsy Mujahid', NULL, '085335504400', NULL, 0, 0, '2024-12-12 03:38:52', '2024-12-12 03:38:52'),
(681, 'TRX-OAJJWQ3K', 667, 14, 'Ratu Salsabila', NULL, '085335504400', NULL, 0, 0, '2024-12-12 03:38:52', '2024-12-12 03:38:52'),
(682, 'TRX-65FYCTZO', 667, 14, 'Ayesha Hilwa Mujahidah', NULL, '085335504400', NULL, 0, 0, '2024-12-12 03:38:52', '2024-12-12 03:38:52'),
(683, 'TRX-DKDMESLY', 667, 14, 'Fatih Qudsy Mujahid', NULL, '085335504400', NULL, 0, 0, '2024-12-12 03:38:52', '2024-12-12 03:38:52'),
(684, 'TRX-FSB3MAPJ', 668, 14, 'Femilia', NULL, '081288719722', NULL, 0, 0, '2024-12-12 05:23:04', '2024-12-12 05:23:04'),
(685, 'TRX-TLQZRHXD', 669, 14, 'Femilia', NULL, '081288719722', NULL, 0, 0, '2024-12-12 05:23:05', '2024-12-12 05:23:05'),
(686, 'TRX-JEPTZD44', 670, 14, 'Femilia', NULL, '081288719722', NULL, 0, 0, '2024-12-12 05:23:06', '2024-12-12 05:23:06'),
(687, 'TRX-BHQXNDYW', 671, 14, 'Femilia', NULL, '081288719722', NULL, 0, 0, '2024-12-12 05:23:06', '2024-12-12 05:23:06'),
(688, 'TRX-IK1DMCEE', 672, 14, 'Rosyidah Kurniati', NULL, '085692734313', NULL, 0, 0, '2024-12-12 05:25:09', '2024-12-12 05:25:09'),
(689, 'TRX-FIMYLVYB', 673, 14, 'Rosyidah Kurniati', NULL, '085692734313', NULL, 0, 0, '2024-12-12 05:25:10', '2024-12-12 05:25:10'),
(690, 'TRX-LLAVUURS', 674, 14, 'Rosyidah Kurniati', NULL, '085692734313', NULL, 0, 0, '2024-12-12 05:25:12', '2024-12-12 05:25:12'),
(691, 'TRX-SAHS9ACA', 675, 14, 'Rosyidah Kurniati', NULL, '085692734313', NULL, 0, 0, '2024-12-12 05:25:13', '2024-12-12 05:25:13'),
(692, 'TRX-OKV5THQV', 676, 14, 'Rosyidah Kurniati', NULL, '085692734313', NULL, 0, 0, '2024-12-12 05:25:14', '2024-12-12 05:25:14'),
(693, 'TRX-AJ3JXAYM', 677, 14, 'Rosyidah Kurniati', NULL, '085692734313', NULL, 0, 0, '2024-12-12 05:25:16', '2024-12-12 05:25:16'),
(694, 'TRX-YZIC1OWD', 678, 14, 'Rosyidah Kurniati', NULL, '085692734313', NULL, 0, 0, '2024-12-12 05:25:20', '2024-12-12 05:25:20'),
(695, 'TRX-LHJAEFJG', 679, 14, 'Rosyidah Kurniati', NULL, '085692734313', NULL, 0, 0, '2024-12-12 05:25:22', '2024-12-12 05:25:22'),
(696, 'TRX-SHW62NDU', 680, 14, 'Rosyidah Kurniati', NULL, '085692734313', NULL, 0, 0, '2024-12-12 05:25:23', '2024-12-12 05:25:23'),
(697, 'TRX-JJ592FHD', 681, 14, 'NILA TREESTIANTY', NULL, '08129710989', NULL, 0, 0, '2024-12-12 07:34:39', '2024-12-12 07:34:39'),
(698, 'TRX-PMBMLQZC', 682, 14, 'Achmad Muhlis', NULL, '085319512566', NULL, 0, 0, '2024-12-12 07:51:33', '2024-12-12 07:51:33'),
(699, 'TRX-WGBEYYSC', 682, 14, 'Hanifah Hasna Fauziyah', NULL, '+6289679702140', NULL, 0, 0, '2024-12-12 07:51:33', '2024-12-12 07:51:33'),
(700, 'TRX-2NSLHOHM', 683, 14, 'Achmad Muhlis', NULL, '085319512566', NULL, 0, 0, '2024-12-12 07:51:37', '2024-12-12 07:51:37'),
(701, 'TRX-I0LT8R2O', 683, 14, 'Hanifah Hasna Fauziyah', NULL, '+6289679702140', NULL, 0, 0, '2024-12-12 07:51:37', '2024-12-12 07:51:37'),
(702, 'TRX-YFSWKUPY', 684, 14, 'Achmad Muhlis', NULL, '085319512566', NULL, 0, 0, '2024-12-12 07:51:38', '2024-12-12 07:51:38'),
(703, 'TRX-NXRHCEVZ', 684, 14, 'Hanifah Hasna Fauziyah', NULL, '+6289679702140', NULL, 0, 0, '2024-12-12 07:51:38', '2024-12-12 07:51:38'),
(704, 'TRX-5RVWUK34', 685, 14, 'Achmad Muhlis', NULL, '085319512566', NULL, 0, 0, '2024-12-12 07:51:40', '2024-12-12 07:51:40'),
(705, 'TRX-X1ZVOVDT', 685, 14, 'Hanifah Hasna Fauziyah', NULL, '+6289679702140', NULL, 0, 0, '2024-12-12 07:51:40', '2024-12-12 07:51:40'),
(706, 'TRX-NRLJK2WH', 686, 14, 'Prayono', NULL, '085814838217', NULL, 0, 0, '2024-12-12 08:01:17', '2024-12-12 08:01:17'),
(707, 'TRX-1HTDGUV2', 687, 14, 'Rudy Gunawan', NULL, '081384004867', NULL, 0, 0, '2024-12-12 08:43:51', '2024-12-12 08:43:51'),
(708, 'TRX-QN4BWFUU', 688, 14, 'Dwi Suyono', NULL, '+62 852-1051-4242', NULL, 0, 0, '2024-12-12 09:16:56', '2024-12-12 09:16:56'),
(709, 'TRX-1SJNRKUT', 688, 14, 'Agus Wawan', NULL, '+62 813-1645-3369', NULL, 0, 0, '2024-12-12 09:16:56', '2024-12-12 09:16:56'),
(710, 'TRX-MWHHIKFX', 688, 14, 'Abdul Basit Rangkuti', NULL, '+62 813-1084-1727', NULL, 0, 0, '2024-12-12 09:16:56', '2024-12-12 09:16:56'),
(711, 'TRX-NORXRLEE', 688, 14, 'Gunawan', NULL, '+62 813-8355-8984', NULL, 0, 0, '2024-12-12 09:16:56', '2024-12-12 09:16:56'),
(712, 'TRX-DVL22FFQ', 689, 14, 'Feranida', NULL, '081293273473', NULL, 0, 0, '2024-12-12 10:58:23', '2024-12-12 10:58:23'),
(713, 'TRX-K5N38N3D', 690, 14, 'Feranida', NULL, '081293273473', NULL, 0, 0, '2024-12-12 10:58:25', '2024-12-12 10:58:25'),
(714, 'TRX-IIHJXYAN', 691, 14, 'Feranida', NULL, '081293273473', NULL, 0, 0, '2024-12-12 10:58:27', '2024-12-12 10:58:27'),
(715, 'TRX-OKJNVAAH', 692, 14, 'Sutrisno', NULL, '08174845835', NULL, 0, 0, '2024-12-12 15:03:32', '2024-12-12 15:03:32'),
(716, 'TRX-UKYA8GJU', 692, 14, 'Izzuddin A', NULL, '0 852-1051-3407', NULL, 0, 0, '2024-12-12 15:03:32', '2024-12-12 15:03:32'),
(717, 'TRX-IOS83WPX', 693, 14, 'Sutrisno', NULL, '08174845835', NULL, 0, 0, '2024-12-12 15:03:36', '2024-12-12 15:03:36'),
(718, 'TRX-7ZOZTOFD', 693, 14, 'Izzuddin A', NULL, '0 852-1051-3407', NULL, 0, 0, '2024-12-12 15:03:36', '2024-12-12 15:03:36'),
(719, 'TRX-TKGEHR0E', 694, 14, 'Rosmini', NULL, '087804080147', NULL, 0, 0, '2024-12-12 15:07:26', '2024-12-12 15:07:26'),
(720, 'TRX-TAVG6A30', 695, 14, 'Yuli TR', NULL, '081578181311', NULL, 0, 0, '2024-12-12 15:13:18', '2024-12-12 15:13:18'),
(721, 'TRX-LSFIXSZT', 695, 14, 'Candraditya', NULL, '082147959007', NULL, 0, 0, '2024-12-12 15:13:18', '2024-12-12 15:13:18'),
(722, 'TRX-ADJSXOVL', 696, 14, 'Yuli TR', NULL, '081578181311', NULL, 0, 0, '2024-12-12 15:13:21', '2024-12-12 15:13:21'),
(723, 'TRX-ROHTXLFI', 696, 14, 'Candraditya', NULL, '082147959007', NULL, 0, 0, '2024-12-12 15:13:21', '2024-12-12 15:13:21'),
(724, 'TRX-JGCHYPQC', 697, 14, 'Atarashi Alrizky', NULL, '08881800777', NULL, 0, 0, '2024-12-12 16:43:12', '2024-12-12 16:43:12'),
(725, 'TRX-YRBUXGHN', 697, 14, 'Cinta Tanimoto', NULL, '0811922772', NULL, 0, 0, '2024-12-12 16:43:12', '2024-12-12 16:43:12'),
(726, 'TRX-ZQUOIVFX', 698, 14, 'Sulistiawati', NULL, '082112295101', NULL, 0, 0, '2024-12-12 17:10:13', '2024-12-12 17:10:13'),
(727, 'TRX-LGQOSJYY', 698, 14, 'Thoriq Al Ihsan', NULL, '081219624180', NULL, 0, 0, '2024-12-12 17:10:13', '2024-12-12 17:10:13'),
(728, 'TRX-OB3R9IRY', 699, 14, 'Sugeng Rachyudi', NULL, '087887863368', NULL, 0, 0, '2024-12-12 17:48:43', '2024-12-12 17:48:43'),
(729, 'TRX-4LLJYEM0', 699, 14, 'Latifah', NULL, '085776489523', NULL, 0, 0, '2024-12-12 17:48:43', '2024-12-12 17:48:43'),
(730, 'TRX-GVMGKMBK', 700, 14, 'Edisman Adiguna', NULL, '0811922512', NULL, 0, 0, '2024-12-12 17:53:30', '2024-12-12 17:53:30'),
(731, 'TRX-AMTKVPML', 700, 14, 'Melati Nadiarani', NULL, '0811922512', NULL, 0, 0, '2024-12-12 17:53:30', '2024-12-12 17:53:30'),
(732, 'TRX-U35RIWIT', 701, 14, 'Edisman Adiguna', NULL, '0811922512', NULL, 0, 0, '2024-12-12 17:53:31', '2024-12-12 17:53:31'),
(733, 'TRX-7JZBF5Y9', 701, 14, 'Melati Nadiarani', NULL, '0811922512', NULL, 0, 0, '2024-12-12 17:53:31', '2024-12-12 17:53:31'),
(734, 'TRX-IMZJFLWD', 702, 14, 'Muhammad Ghifari', NULL, '087887863368', NULL, 0, 0, '2024-12-12 18:02:48', '2024-12-12 18:02:48'),
(735, 'TRX-B8KOWMZV', 702, 14, 'Aisyah Silmi Afiqah', NULL, '085776489523', NULL, 0, 0, '2024-12-12 18:02:48', '2024-12-12 18:02:48'),
(736, 'TRX-QSMML4HN', 703, 14, 'Tammy Hariny', NULL, '081310238797', NULL, 0, 0, '2024-12-12 19:31:40', '2024-12-12 19:31:40'),
(737, 'TRX-VE72YHSV', 704, 14, 'Tammy Hariny', NULL, '081310238797', NULL, 0, 0, '2024-12-12 19:31:41', '2024-12-12 19:31:41'),
(738, 'TRX-ZM9VOMM3', 705, 14, 'Tammy Hariny', NULL, '081310238797', NULL, 0, 0, '2024-12-12 19:31:42', '2024-12-12 19:31:42'),
(739, 'TRX-LQPIP71M', 706, 14, 'Tammy Hariny', NULL, '081310238797', NULL, 0, 0, '2024-12-12 19:31:42', '2024-12-12 19:31:42'),
(740, 'TRX-JOKGVKAT', 707, 14, 'Tammy Hariny', NULL, '081310238797', NULL, 0, 0, '2024-12-12 19:31:43', '2024-12-12 19:31:43'),
(741, 'TRX-C19JCLP5', 708, 14, 'Endah', NULL, '081290850806', NULL, 0, 0, '2024-12-12 20:07:58', '2024-12-12 20:07:58'),
(742, 'TRX-MLSY7P2P', 709, 14, 'Endah', NULL, '081290850806', NULL, 0, 0, '2024-12-12 20:08:01', '2024-12-12 20:08:01'),
(743, 'TRX-QJRLQ35C', 710, 14, 'Endah', NULL, '081290850806', NULL, 0, 0, '2024-12-12 20:08:03', '2024-12-12 20:08:03'),
(744, 'TRX-GEK4A5A6', 711, 14, 'Hj Badriah', NULL, '+62 856-9567-5937', NULL, 0, 0, '2024-12-12 22:06:37', '2024-12-12 22:06:37'),
(745, 'TRX-A2XILIAJ', 711, 14, 'DRA.Hj Badriah', NULL, '085695675937', NULL, 0, 0, '2024-12-12 22:06:37', '2024-12-12 22:06:37'),
(746, 'TRX-LHXFDMXX', 711, 14, 'Dian', NULL, '0895-4053-49080', NULL, 0, 0, '2024-12-12 22:06:37', '2024-12-12 22:06:37'),
(747, 'TRX-WIF6ZRVE', 711, 14, 'Intan', NULL, '0888-8495-873', NULL, 0, 0, '2024-12-12 22:06:37', '2024-12-12 22:06:37'),
(748, 'TRX-XGH5VGP4', 711, 14, 'Alfa Ni\'mah', NULL, '081317329653', NULL, 0, 0, '2024-12-12 22:06:37', '2024-12-12 22:06:37'),
(749, 'TRX-YYVHZYDF', 711, 14, 'Alfariz Faisal Nasri', NULL, '0858-1760-5229', NULL, 0, 0, '2024-12-12 22:06:37', '2024-12-12 22:06:37'),
(750, 'TRX-WTDZK7LR', 712, 14, 'Hj Badriah', NULL, '+62 856-9567-5937', NULL, 0, 0, '2024-12-12 22:06:39', '2024-12-12 22:06:39'),
(751, 'TRX-LZU55PND', 712, 14, 'DRA.Hj Badriah', NULL, '085695675937', NULL, 0, 0, '2024-12-12 22:06:39', '2024-12-12 22:06:39'),
(752, 'TRX-TXBFSQOX', 712, 14, 'Dian', NULL, '0895-4053-49080', NULL, 0, 0, '2024-12-12 22:06:39', '2024-12-12 22:06:39'),
(753, 'TRX-H310WEVJ', 712, 14, 'Intan', NULL, '0888-8495-873', NULL, 0, 0, '2024-12-12 22:06:39', '2024-12-12 22:06:39'),
(754, 'TRX-JT1T0XQK', 712, 14, 'Alfa Ni\'mah', NULL, '081317329653', NULL, 0, 0, '2024-12-12 22:06:39', '2024-12-12 22:06:39'),
(755, 'TRX-FVDGOMES', 712, 14, 'Alfariz Faisal Nasri', NULL, '0858-1760-5229', NULL, 0, 0, '2024-12-12 22:06:39', '2024-12-12 22:06:39'),
(756, 'TRX-XOJO477L', 713, 14, 'Hj Badriah', NULL, '+62 856-9567-5937', NULL, 0, 0, '2024-12-12 22:06:40', '2024-12-12 22:06:40'),
(757, 'TRX-ZSCX31OR', 713, 14, 'DRA.Hj Badriah', NULL, '085695675937', NULL, 0, 0, '2024-12-12 22:06:40', '2024-12-12 22:06:40'),
(758, 'TRX-DMMXUHXV', 713, 14, 'Dian', NULL, '0895-4053-49080', NULL, 0, 0, '2024-12-12 22:06:40', '2024-12-12 22:06:40'),
(759, 'TRX-UYUX8WZF', 713, 14, 'Intan', NULL, '0888-8495-873', NULL, 0, 0, '2024-12-12 22:06:40', '2024-12-12 22:06:40'),
(760, 'TRX-VAWAOXJX', 713, 14, 'Alfa Ni\'mah', NULL, '081317329653', NULL, 0, 0, '2024-12-12 22:06:40', '2024-12-12 22:06:40'),
(761, 'TRX-JZQPEC45', 713, 14, 'Alfariz Faisal Nasri', NULL, '0858-1760-5229', NULL, 0, 0, '2024-12-12 22:06:40', '2024-12-12 22:06:40'),
(762, 'TRX-8SRALQL6', 714, 14, 'Siti muflihah', NULL, '+62 899-0043-482', NULL, 0, 0, '2024-12-12 23:49:50', '2024-12-12 23:49:50'),
(763, 'TRX-B82VOMCA', 714, 14, 'Rana alifa zaidanata', NULL, '085692734313', NULL, 0, 0, '2024-12-12 23:49:50', '2024-12-12 23:49:50'),
(764, 'TRX-1TJRCK03', 714, 14, 'Rasyid amzi zaidaannata', NULL, '085692734313', NULL, 0, 0, '2024-12-12 23:49:50', '2024-12-12 23:49:50');

-- --------------------------------------------------------

--
-- Table structure for table `transaction_guests`
--

CREATE TABLE `transaction_guests` (
  `id` bigint(20) UNSIGNED NOT NULL,
  `transaction_id` bigint(20) UNSIGNED NOT NULL,
  `name` varchar(255) NOT NULL,
  `email` varchar(255) NOT NULL,
  `birth_date` date DEFAULT NULL,
  `nik` varchar(255) DEFAULT NULL,
  `gender` enum('Male','Female') DEFAULT NULL,
  `created_at` timestamp NULL DEFAULT NULL,
  `updated_at` timestamp NULL DEFAULT NULL
) ENGINE=InnoDB DEFAULT CHARSET=utf8mb4 COLLATE=utf8mb4_unicode_ci;

--
-- Dumping data for table `transaction_guests`
--

INSERT INTO `transaction_guests` (`id`, `transaction_id`, `name`, `email`, `birth_date`, `nik`, `gender`, `created_at`, `updated_at`) VALUES
(1, 255, 'Wawan', 'hermawantan12@gmail.com', NULL, NULL, NULL, '2024-11-29 19:35:40', '2024-11-29 19:36:30'),
(2, 256, 'sensiani mustafa', 'sensianimustafa@gmail.com', NULL, NULL, NULL, '2024-12-01 05:29:02', '2024-12-10 22:43:58'),
(3, 257, 'Mursid Naufal', 'mursyidnaufal@gmail.com', NULL, NULL, NULL, '2024-12-02 02:01:34', '2024-12-10 22:39:55'),
(4, 258, 'Wawan', 'hermawantan12@gmail.com', NULL, NULL, NULL, '2024-12-02 03:55:45', '2024-12-10 22:39:55'),
(5, 259, 'Hilma Wahdatul Kamilah', 'hilmkmlh@gmail.com', NULL, NULL, NULL, '2024-12-03 04:04:06', '2024-12-10 22:39:55'),
(6, 260, 'Hilma Wahdatul Kamilah', 'hilmkmlh@gmail.com', NULL, NULL, NULL, '2024-12-03 04:04:09', '2024-12-10 22:39:55'),
(7, 261, 'Hilma Wahdatul Kamilah', 'hilmkmlh@gmail.com', NULL, NULL, NULL, '2024-12-03 04:04:10', '2024-12-03 04:04:10'),
(8, 262, 'Suhaidi Edy', 'edhyak@gmail.com', NULL, NULL, NULL, '2024-12-03 17:24:59', '2024-12-04 21:54:19'),
(9, 263, 'Jupriadi', 'angkasaj@gmail.com', NULL, NULL, NULL, '2024-12-03 18:52:49', '2024-12-04 00:57:46'),
(10, 264, 'Firda', 'firda23nada@gmail.com', NULL, NULL, NULL, '2024-12-03 23:10:55', '2024-12-03 23:10:55'),
(11, 265, 'Syaiful Zaman Tawakal', 'stawacall@gmail.com', NULL, NULL, NULL, '2024-12-04 00:03:58', '2024-12-04 21:51:48'),
(12, 266, 'Husni Muslim', 'hmuslim@gmail.com', NULL, NULL, NULL, '2024-12-04 01:58:34', '2024-12-04 21:52:19'),
(13, 267, 'Wawan', 'hermawantan12@gmail.com', NULL, NULL, NULL, '2024-12-04 06:52:06', '2024-12-10 22:39:55'),
(14, 268, 'Hermawan Tan', 'hermawantan12@gmail.com', NULL, NULL, NULL, '2024-12-04 07:22:22', '2024-12-10 22:39:55'),
(15, 269, 'Hermawan Tan', 'hermawantan12@gmail.com', NULL, NULL, NULL, '2024-12-04 07:27:06', '2024-12-10 22:39:55'),
(16, 270, 'Hermawan Tan', 'hermawantan12@gmail.com', NULL, NULL, NULL, '2024-12-04 07:28:14', '2024-12-10 22:39:55'),
(17, 271, 'Hermawan Tan', 'hermawantan12@gmail.com', NULL, NULL, NULL, '2024-12-04 07:29:30', '2024-12-10 22:39:55'),
(18, 272, 'Hermawan Tan', 'hermawantan12@gmail.com', NULL, NULL, NULL, '2024-12-04 07:34:31', '2024-12-10 22:39:55'),
(19, 273, 'Murdiansyah', 'murdiastri79@gmail.com', NULL, NULL, NULL, '2024-12-04 08:44:58', '2024-12-10 22:39:55'),
(20, 274, 'Murdiansyah', 'murdiastri79@gmail.com', NULL, NULL, NULL, '2024-12-04 08:45:03', '2024-12-10 22:39:55'),
(21, 275, 'Murdiansyah', 'murdiastri79@gmail.com', NULL, NULL, NULL, '2024-12-04 08:45:04', '2024-12-10 22:39:55'),
(22, 276, 'Murdiansyah', 'murdiastri79@gmail.com', NULL, NULL, NULL, '2024-12-04 08:45:05', '2024-12-10 22:39:55'),
(23, 277, 'Murdiansyah', 'murdiastri79@gmail.com', NULL, NULL, NULL, '2024-12-04 08:45:05', '2024-12-10 22:39:55'),
(24, 278, 'Murdiansyah', 'murdiastri79@gmail.com', NULL, NULL, NULL, '2024-12-04 08:45:08', '2024-12-10 22:39:55'),
(25, 279, 'Murdiansyah', 'murdiastri79@gmail.com', NULL, NULL, NULL, '2024-12-04 08:45:10', '2024-12-10 22:39:55'),
(26, 280, 'Murdiansyah', 'murdiastri79@gmail.com', NULL, NULL, NULL, '2024-12-04 08:45:11', '2024-12-10 22:39:55'),
(27, 281, 'Murdiansyah', 'murdiastri79@gmail.com', NULL, NULL, NULL, '2024-12-04 08:45:11', '2024-12-10 22:39:55'),
(28, 282, 'Murdiansyah', 'murdiastri79@gmail.com', NULL, NULL, NULL, '2024-12-04 08:45:12', '2024-12-10 22:39:55'),
(29, 283, 'Murdiansyah', 'murdiastri79@gmail.com', NULL, NULL, NULL, '2024-12-04 08:45:12', '2024-12-10 22:39:55'),
(30, 284, 'Murdiansyah', 'murdiastri79@gmail.com', NULL, NULL, NULL, '2024-12-04 08:45:12', '2024-12-10 22:39:55'),
(31, 285, 'Murdiansyah', 'murdiastri79@gmail.com', NULL, NULL, NULL, '2024-12-04 08:45:12', '2024-12-10 22:39:55'),
(32, 286, 'Murdiansyah', 'murdiastri79@gmail.com', NULL, NULL, NULL, '2024-12-04 08:45:13', '2024-12-10 22:39:55'),
(33, 287, 'Murdiansyah', 'murdiastri79@gmail.com', NULL, NULL, NULL, '2024-12-04 08:45:13', '2024-12-10 22:39:55'),
(34, 288, 'Murdiansyah', 'murdiastri79@gmail.com', NULL, NULL, NULL, '2024-12-04 08:45:14', '2024-12-04 08:45:14'),
(35, 289, 'Murdiansyah', 'murdiastri79@gmail.com', NULL, NULL, NULL, '2024-12-04 08:45:14', '2024-12-10 22:39:55'),
(36, 290, 'Murdiansyah', 'murdiastri79@gmail.com', NULL, NULL, NULL, '2024-12-04 08:45:14', '2024-12-10 22:39:55'),
(37, 291, 'Muhammad Rodhi', 'mhdrodhi@gmail.com', NULL, NULL, NULL, '2024-12-04 08:53:50', '2024-12-10 22:39:55'),
(38, 292, 'Muhammad Rodhi', 'mhdrodhi@gmail.com', NULL, NULL, NULL, '2024-12-04 08:53:52', '2024-12-10 22:39:55'),
(39, 293, 'Muhammad Rodhi', 'mhdrodhi@gmail.com', NULL, NULL, NULL, '2024-12-04 08:53:52', '2024-12-10 22:39:55'),
(40, 294, 'Muhammad Rodhi', 'mhdrodhi@gmail.com', NULL, NULL, NULL, '2024-12-04 08:53:53', '2024-12-10 22:39:55'),
(41, 295, 'Muhammad Rodhi', 'mhdrodhi@gmail.com', NULL, NULL, NULL, '2024-12-04 08:53:53', '2024-12-10 22:39:55'),
(42, 296, 'Muhammad Rodhi', 'mhdrodhi@gmail.com', NULL, NULL, NULL, '2024-12-04 08:53:53', '2024-12-10 22:39:55'),
(43, 297, 'Muhammad Rodhi', 'mhdrodhi@gmail.com', NULL, NULL, NULL, '2024-12-04 08:53:53', '2024-12-10 22:39:55'),
(44, 298, 'Muhammad Rodhi', 'mhdrodhi@gmail.com', NULL, NULL, NULL, '2024-12-04 08:53:53', '2024-12-10 22:39:55'),
(45, 299, 'Muhammad Rodhi', 'mhdrodhi@gmail.com', NULL, NULL, NULL, '2024-12-04 08:53:58', '2024-12-04 08:53:58'),
(46, 300, 'Astri Priyani', 'priyaniastri18@gmail.com', NULL, NULL, NULL, '2024-12-04 14:23:54', '2024-12-10 22:39:55'),
(47, 301, 'Astri Priyani', 'priyaniastri18@gmail.com', NULL, NULL, NULL, '2024-12-04 14:23:56', '2024-12-10 22:39:55'),
(48, 302, 'Astri Priyani', 'priyaniastri18@gmail.com', NULL, NULL, NULL, '2024-12-04 14:23:58', '2024-12-10 22:39:55'),
(49, 303, 'Astri Priyani', 'priyaniastri18@gmail.com', NULL, NULL, NULL, '2024-12-04 14:23:59', '2024-12-10 22:39:55'),
(50, 304, 'Astri Priyani', 'priyaniastri18@gmail.com', NULL, NULL, NULL, '2024-12-04 14:23:59', '2024-12-10 22:39:55'),
(51, 305, 'Astri Priyani', 'priyaniastri18@gmail.com', NULL, NULL, NULL, '2024-12-04 14:24:00', '2024-12-04 14:24:00'),
(52, 306, 'Astri Priyani', 'priyaniastri18@gmail.com', NULL, NULL, NULL, '2024-12-04 14:24:00', '2024-12-10 22:39:55'),
(53, 307, 'Emi Susanti', 'distatenara@gmail.com', NULL, NULL, NULL, '2024-12-04 16:39:06', '2024-12-04 21:53:30'),
(54, 308, 'Halimatus Sa\'diyah', 'halimah.shibyan@gmail.com', NULL, NULL, NULL, '2024-12-04 18:42:20', '2024-12-04 18:42:20'),
(55, 309, 'Sriyanto', 'yahnaf@gmail.com', NULL, NULL, NULL, '2024-12-04 19:17:38', '2024-12-04 19:17:38'),
(56, 310, 'Muthiah', 'ad7271079@gmail.com', NULL, NULL, NULL, '2024-12-04 19:18:59', '2024-12-10 22:39:55'),
(57, 311, 'Muthiah', 'ad7271079@gmail.com', NULL, NULL, NULL, '2024-12-04 19:19:05', '2024-12-10 22:39:55'),
(58, 312, 'Muthiah', 'ad7271079@gmail.com', NULL, NULL, NULL, '2024-12-04 19:19:07', '2024-12-10 22:39:55'),
(59, 313, 'Muthiah', 'ad7271079@gmail.com', NULL, NULL, NULL, '2024-12-04 19:19:08', '2024-12-10 22:39:55'),
(60, 314, 'Muthiah', 'ad7271079@gmail.com', NULL, NULL, NULL, '2024-12-04 19:19:08', '2024-12-10 22:39:55'),
(61, 315, 'Muthiah', 'ad7271079@gmail.com', NULL, NULL, NULL, '2024-12-04 19:19:08', '2024-12-10 22:39:55'),
(62, 316, 'Muthiah', 'ad7271079@gmail.com', NULL, NULL, NULL, '2024-12-04 19:19:13', '2024-12-10 22:39:55'),
(63, 317, 'Muthiah', 'ad7271079@gmail.com', NULL, NULL, NULL, '2024-12-04 19:19:15', '2024-12-10 22:39:55'),
(64, 318, 'Muthiah', 'ad7271079@gmail.com', NULL, NULL, NULL, '2024-12-04 19:19:17', '2024-12-10 22:39:55'),
(65, 319, 'Muthiah', 'ad7271079@gmail.com', NULL, NULL, NULL, '2024-12-04 19:20:11', '2024-12-10 22:39:55'),
(66, 320, 'Muthiah', 'ad7271079@gmail.com', NULL, NULL, NULL, '2024-12-04 19:20:12', '2024-12-10 22:39:55'),
(67, 321, 'Muthiah', 'ad7271079@gmail.com', NULL, NULL, NULL, '2024-12-04 19:20:12', '2024-12-10 22:39:55'),
(68, 322, 'Muthiah', 'ad7271079@gmail.com', NULL, NULL, NULL, '2024-12-04 19:20:12', '2024-12-10 22:39:55'),
(69, 323, 'Muthiah', 'ad7271079@gmail.com', NULL, NULL, NULL, '2024-12-04 19:20:12', '2024-12-10 22:39:55'),
(70, 324, 'Muthiah', 'ad7271079@gmail.com', NULL, NULL, NULL, '2024-12-04 19:20:13', '2024-12-10 22:39:55'),
(71, 325, 'Muthiah', 'ad7271079@gmail.com', NULL, NULL, NULL, '2024-12-04 19:20:13', '2024-12-10 22:39:55'),
(72, 326, 'Muthiah', 'ad7271079@gmail.com', NULL, NULL, NULL, '2024-12-04 19:20:14', '2024-12-10 22:39:55'),
(73, 327, 'Muthiah', 'ad7271079@gmail.com', NULL, NULL, NULL, '2024-12-04 19:20:14', '2024-12-10 22:39:55'),
(74, 328, 'Muthiah', 'ad7271079@gmail.com', NULL, NULL, NULL, '2024-12-04 19:20:14', '2024-12-10 22:39:55'),
(75, 329, 'Muthiah', 'ad7271079@gmail.com', NULL, NULL, NULL, '2024-12-04 19:20:14', '2024-12-10 22:39:55'),
(76, 330, 'Muthiah', 'ad7271079@gmail.com', NULL, NULL, NULL, '2024-12-04 19:20:17', '2024-12-10 22:39:55'),
(77, 331, 'Muthiah', 'ad7271079@gmail.com', NULL, NULL, NULL, '2024-12-04 19:20:17', '2024-12-10 22:39:55'),
(78, 332, 'Muthiah', 'ad7271079@gmail.com', NULL, NULL, NULL, '2024-12-04 19:20:17', '2024-12-10 22:39:55'),
(79, 333, 'Muthiah', 'ad7271079@gmail.com', NULL, NULL, NULL, '2024-12-04 19:20:18', '2024-12-10 22:39:55'),
(80, 334, 'Muthiah', 'ad7271079@gmail.com', NULL, NULL, NULL, '2024-12-04 19:20:18', '2024-12-10 22:39:55'),
(81, 335, 'Muthiah', 'ad7271079@gmail.com', NULL, NULL, NULL, '2024-12-04 19:20:19', '2024-12-10 22:39:55'),
(82, 336, 'Muthiah', 'ad7271079@gmail.com', NULL, NULL, NULL, '2024-12-04 19:20:19', '2024-12-10 22:39:55'),
(83, 337, 'Muthiah', 'ad7271079@gmail.com', NULL, NULL, NULL, '2024-12-04 19:20:19', '2024-12-10 22:39:55'),
(84, 338, 'Muthiah', 'ad7271079@gmail.com', NULL, NULL, NULL, '2024-12-04 19:21:07', '2024-12-04 19:21:07'),
(85, 339, 'Wawan', 'hermawantan12@gmail.com', NULL, NULL, NULL, '2024-12-04 20:12:21', '2024-12-10 22:39:55'),
(86, 340, 'Hermawan Tan', 'hermawantan12@gmail.com', NULL, NULL, NULL, '2024-12-04 20:12:56', '2024-12-10 22:39:55'),
(87, 341, 'Ismail', 'Ismail.nikmah@gmail.com', NULL, NULL, NULL, '2024-12-04 20:19:31', '2024-12-10 22:39:55'),
(88, 342, 'Ismail', 'Ismail.nikmah@gmail.com', NULL, NULL, NULL, '2024-12-04 20:19:33', '2024-12-10 22:39:55'),
(89, 343, 'Ismail', 'Ismail.nikmah@gmail.com', NULL, NULL, NULL, '2024-12-04 20:19:35', '2024-12-04 20:19:35'),
(90, 344, 'Gilang Silmaulidia L', 'silmaulidiagilang.l@gmail.com', NULL, NULL, NULL, '2024-12-04 22:06:32', '2024-12-04 22:06:32'),
(91, 345, 'Yulia Rahma', 'yulia.juwara@gmail.com', NULL, NULL, NULL, '2024-12-04 22:10:59', '2024-12-10 22:39:55'),
(92, 346, 'Yulia Rahma', 'yulia.juwara@gmail.com', NULL, NULL, NULL, '2024-12-04 22:11:02', '2024-12-10 22:39:55'),
(93, 347, 'Yulia Rahma', 'yulia.juwara@gmail.com', NULL, NULL, NULL, '2024-12-04 22:11:04', '2024-12-10 22:39:55'),
(94, 348, 'Yulia Rahma', 'yulia.juwara@gmail.com', NULL, NULL, NULL, '2024-12-04 22:11:05', '2024-12-10 22:39:55'),
(95, 349, 'Yulia Rahma', 'yulia.juwara@gmail.com', NULL, NULL, NULL, '2024-12-04 22:11:05', '2024-12-10 22:39:55'),
(96, 350, 'Yulia Rahma', 'yulia.juwara@gmail.com', NULL, NULL, NULL, '2024-12-04 22:11:06', '2024-12-10 22:39:55'),
(97, 351, 'Yulia Rahma', 'yulia.juwara@gmail.com', NULL, NULL, NULL, '2024-12-04 22:11:07', '2024-12-04 22:11:07'),
(98, 352, 'Yulia Rahma', 'yulia.juwara@gmail.com', NULL, NULL, NULL, '2024-12-04 22:11:07', '2024-12-10 22:39:55'),
(99, 353, 'Yani', 'yani93670@gmail.com', NULL, NULL, NULL, '2024-12-04 22:14:40', '2024-12-04 22:14:40'),
(100, 354, 'H. Girman, ST., MM', 'girman_imany@yahoo.co.id', NULL, NULL, NULL, '2024-12-04 22:25:10', '2024-12-05 23:12:38'),
(101, 355, 'Yulius Patimuri', 'yulius.2507.yp@gmail.com', NULL, NULL, NULL, '2024-12-04 22:37:45', '2024-12-10 22:39:55'),
(102, 356, 'Yulius Patimuri', 'yulius.2507.yp@gmail.com', NULL, NULL, NULL, '2024-12-04 22:37:46', '2024-12-10 22:39:55'),
(103, 357, 'Yulius Patimuri', 'yulius.2507.yp@gmail.com', NULL, NULL, NULL, '2024-12-04 22:37:48', '2024-12-04 22:37:48'),
(104, 358, 'Muh Ngatsori Widyanto', 'widyantomn@gmail.com', NULL, NULL, NULL, '2024-12-04 22:40:33', '2024-12-10 22:39:55'),
(105, 359, 'Nurhayati', 'najlaputricantik@gmail.com', NULL, NULL, NULL, '2024-12-04 22:52:58', '2024-12-04 22:52:58'),
(106, 360, 'Afifah Sholihah', 'afifahsholihah08@gmail.com', NULL, NULL, NULL, '2024-12-04 23:07:17', '2024-12-10 22:39:55'),
(107, 361, 'Afifah Sholihah', 'afifahsholihah08@gmail.com', NULL, NULL, NULL, '2024-12-04 23:07:20', '2024-12-10 22:39:55'),
(108, 362, 'Afifah Sholihah', 'afifahsholihah08@gmail.com', NULL, NULL, NULL, '2024-12-04 23:07:22', '2024-12-10 22:39:55'),
(109, 363, 'Afifah Sholihah', 'afifahsholihah08@gmail.com', NULL, NULL, NULL, '2024-12-04 23:07:23', '2024-12-10 22:39:55'),
(110, 364, 'Afifah Sholihah', 'afifahsholihah08@gmail.com', NULL, NULL, NULL, '2024-12-04 23:07:29', '2024-12-10 22:39:55'),
(111, 365, 'Afifah Sholihah', 'afifahsholihah08@gmail.com', NULL, NULL, NULL, '2024-12-04 23:07:32', '2024-12-10 22:39:55'),
(112, 366, 'Afifah Sholihah', 'afifahsholihah08@gmail.com', NULL, NULL, NULL, '2024-12-04 23:07:32', '2024-12-10 22:39:55'),
(113, 367, 'Afifah Sholihah', 'afifahsholihah08@gmail.com', NULL, NULL, NULL, '2024-12-04 23:07:32', '2024-12-10 22:39:55'),
(114, 368, 'Afifah Sholihah', 'afifahsholihah08@gmail.com', NULL, NULL, NULL, '2024-12-04 23:07:33', '2024-12-04 23:07:33'),
(115, 369, 'Afifah Sholihah', 'afifahsholihah08@gmail.com', NULL, NULL, NULL, '2024-12-04 23:07:33', '2024-12-10 22:39:55'),
(116, 370, 'Afifah Sholihah', 'afifahsholihah08@gmail.com', NULL, NULL, NULL, '2024-12-04 23:07:33', '2024-12-10 22:39:55'),
(117, 371, 'Salsabila', 'emailkerjaan70@gmail.com', NULL, NULL, NULL, '2024-12-04 23:07:56', '2024-12-04 23:07:56'),
(118, 372, 'Juliati Tri Handatani', 'juliatitrihandayani@gmail.com', NULL, NULL, NULL, '2024-12-05 00:15:17', '2024-12-10 22:39:55'),
(119, 373, 'Juliati Tri Handatani', 'juliatitrihandayani@gmail.com', NULL, NULL, NULL, '2024-12-05 00:15:26', '2024-12-10 22:39:55'),
(120, 374, 'Juliati Tri Handayani', 'juliatitrihandayani@gmail.com', NULL, NULL, NULL, '2024-12-05 00:15:45', '2024-12-10 22:39:55'),
(121, 375, 'Juliati Tri Handayani', 'juliatitrihandayani@gmail.com', NULL, NULL, NULL, '2024-12-05 00:15:47', '2024-12-10 22:39:55'),
(122, 376, 'Juliati Tri Handayani', 'juliatitrihandayani@gmail.com', NULL, NULL, NULL, '2024-12-05 00:15:48', '2024-12-10 22:39:55'),
(123, 377, 'Juliati Tri Handayani', 'juliatitrihandayani@gmail.com', NULL, NULL, NULL, '2024-12-05 00:15:49', '2024-12-10 22:39:55'),
(124, 378, 'Juliati Tri Handayani', 'juliatitrihandayani@gmail.com', NULL, NULL, NULL, '2024-12-05 00:15:50', '2024-12-10 22:39:55'),
(125, 379, 'Juliati Tri Handayani', 'juliatitrihandayani@gmail.com', NULL, NULL, NULL, '2024-12-05 00:15:53', '2024-12-05 00:15:53'),
(126, 380, 'Emi Susanti', 'distatenara@gmail.com', NULL, NULL, NULL, '2024-12-05 00:20:25', '2024-12-05 23:13:19'),
(127, 381, 'Muh Ngatsori Widyanto', 'widyantomn@gmail.com', NULL, NULL, NULL, '2024-12-05 01:16:37', '2024-12-05 01:16:37'),
(128, 382, 'Unang Supriadi (Kang Unang)', 'uns.smk1@gmail.com', NULL, NULL, NULL, '2024-12-05 03:12:19', '2024-12-05 23:14:03'),
(129, 383, 'Akhmad Arwyn Imamur Rozi', 'akhmad.arwyn@gmail.com', NULL, NULL, NULL, '2024-12-05 04:13:06', '2024-12-10 22:39:55'),
(130, 384, 'Akhmad Arwyn Imamur Rozi', 'akhmad.arwyn@gmail.com', NULL, NULL, NULL, '2024-12-05 04:13:08', '2024-12-05 04:13:08'),
(131, 385, 'Zulrachmad Lonthor', 'dzul1018@gmail.com', NULL, NULL, NULL, '2024-12-05 04:45:48', '2024-12-05 04:45:48'),
(132, 386, 'Septiawan', 'septiawan3000@gmail.com', NULL, NULL, NULL, '2024-12-05 06:03:44', '2024-12-10 22:39:55'),
(133, 387, 'Septiawan', 'septiawan3000@gmail.com', NULL, NULL, NULL, '2024-12-05 06:03:45', '2024-12-10 22:39:55'),
(134, 388, 'Septiawan', 'septiawan3000@gmail.com', NULL, NULL, NULL, '2024-12-05 06:03:45', '2024-12-10 22:39:55'),
(135, 389, 'Septiawan', 'septiawan3000@gmail.com', NULL, NULL, NULL, '2024-12-05 06:03:46', '2024-12-10 22:39:55'),
(136, 390, 'Septiawan', 'septiawan3000@gmail.com', NULL, NULL, NULL, '2024-12-05 06:03:51', '2024-12-05 06:03:51'),
(137, 391, 'Nurnazilah Hikmah', 'inespuspitaa@gmail.com', NULL, NULL, NULL, '2024-12-05 06:46:53', '2024-12-05 06:46:53'),
(138, 392, 'Diyah', 'semangatdiyah@gmail.com', NULL, NULL, NULL, '2024-12-05 08:04:56', '2024-12-10 22:39:55'),
(139, 393, 'Diyah', 'semangatdiyah@gmail.com', NULL, NULL, NULL, '2024-12-05 08:04:59', '2024-12-10 22:39:55'),
(140, 394, 'Diyah', 'semangatdiyah@gmail.com', NULL, NULL, NULL, '2024-12-05 08:05:02', '2024-12-05 08:05:02'),
(141, 395, 'Yatia', 'yatiayacubachir@gmail.com', NULL, NULL, NULL, '2024-12-05 18:32:47', '2024-12-10 22:39:55'),
(142, 396, 'Yatia', 'yatiayacubachir@gmail.com', NULL, NULL, NULL, '2024-12-05 18:32:46', '2024-12-10 22:39:55'),
(143, 397, 'Yatia', 'yatiayacubachir@gmail.com', NULL, NULL, NULL, '2024-12-05 18:33:01', '2024-12-05 18:33:01'),
(144, 398, 'Erna sutiyana', 'mentariana23.07@gmail.com', NULL, NULL, NULL, '2024-12-05 19:58:45', '2024-12-05 19:58:45'),
(145, 399, 'selaras edukasi', 'eduselaras@gmail.com', NULL, NULL, NULL, '2024-12-05 20:09:08', '2024-12-09 23:48:26'),
(146, 400, 'SATRIA MUTAQIN', 'satria.mtq@gmail.com', NULL, NULL, NULL, '2024-12-05 20:17:34', '2024-12-05 20:17:34'),
(147, 401, 'Yesineba', 'yesinebaramli@gmail.com', NULL, NULL, NULL, '2024-12-05 20:21:13', '2024-12-05 23:22:36'),
(148, 402, 'Maya Dini', 'mayadini92@gmail.com', NULL, NULL, NULL, '2024-12-05 21:04:06', '2024-12-10 22:39:55'),
(149, 403, 'Rika Haryati Agustini', 'rikahartati1801@gmail.com', NULL, NULL, NULL, '2024-12-05 21:44:15', '2024-12-05 21:44:15'),
(150, 404, 'Unayah', 'unayah20880@gmail.com', NULL, NULL, NULL, '2024-12-05 21:44:52', '2024-12-05 21:44:52'),
(151, 405, 'Maya Dini, S.Pd.I', 'mayadini92@gmail.com', NULL, NULL, NULL, '2024-12-05 22:05:07', '2024-12-05 22:05:07'),
(152, 406, 'Joko Handoyo', 'joko81handoyo@gmail.com', NULL, NULL, NULL, '2024-12-05 22:25:23', '2024-12-05 22:25:23'),
(153, 407, 'Utami Siti Umayah', 'utamisitiumayah14@gmail.com', NULL, NULL, NULL, '2024-12-05 22:47:57', '2024-12-10 22:39:55'),
(154, 408, 'Utami Siti Umayah', 'utamisitiumayah14@gmail.com', NULL, NULL, NULL, '2024-12-05 22:47:58', '2024-12-10 22:39:55'),
(155, 409, 'Utami Siti Umayah', 'utamisitiumayah14@gmail.com', NULL, NULL, NULL, '2024-12-05 22:47:59', '2024-12-10 22:39:55'),
(156, 410, 'Utami Siti Umayah', 'utamisitiumayah14@gmail.com', NULL, NULL, NULL, '2024-12-05 22:48:05', '2024-12-10 22:39:55'),
(157, 411, 'Utami Siti Umayah', 'utamisitiumayah14@gmail.com', NULL, NULL, NULL, '2024-12-05 22:48:06', '2024-12-05 22:48:06'),
(158, 412, 'Dina Karmila', 'dina.karmila19@gmail.com', NULL, NULL, NULL, '2024-12-06 02:23:59', '2024-12-06 02:23:59'),
(159, 413, 'Asep Budiawan', 'tasikkasep@gmail.com', NULL, NULL, NULL, '2024-12-07 02:49:59', '2024-12-10 22:43:58'),
(160, 414, 'Akhmad Arwyn Imamur Rozi', 'akhmad.arwyn@gmail.com', NULL, NULL, NULL, '2024-12-07 03:36:23', '2024-12-08 20:46:13'),
(161, 416, 'Muhammad Ad-durroh Mubarok', 'durroh.bohir@gmail.com', NULL, NULL, NULL, '2024-12-07 12:23:48', '2024-12-07 12:23:48'),
(162, 419, 'Shinta Ratna Dewi', 'shinta154@gmail.com', NULL, NULL, NULL, '2024-12-07 21:06:49', '2024-12-08 20:47:07'),
(163, 420, 'Muhammad Naufal', 'mursyidnaufal@gmail.com', NULL, NULL, NULL, '2024-12-08 01:52:21', '2024-12-10 22:39:55'),
(164, 421, 'Muhammad Naufal', 'mursyidnaufal@gmail.com', NULL, NULL, NULL, '2024-12-08 01:52:23', '2024-12-08 20:51:40'),
(165, 422, 'Muhammad Naufal', 'mursyidnaufal@gmail.com', NULL, NULL, NULL, '2024-12-08 01:52:30', '2024-12-08 21:01:32'),
(166, 423, 'Muhammad Naufal', 'mursyidnaufal@gmail.com', NULL, NULL, NULL, '2024-12-08 01:52:34', '2024-12-08 20:51:29'),
(167, 424, 'Muhammad Naufal', 'mursyidnaufal@gmail.com', NULL, NULL, NULL, '2024-12-08 01:52:36', '2024-12-08 20:51:16'),
(168, 425, 'Muhammad Naufal', 'mursyidnaufal@gmail.com', NULL, NULL, NULL, '2024-12-08 01:52:41', '2024-12-08 20:50:56'),
(169, 426, 'Muhammad Naufal', 'mursyidnaufal@gmail.com', NULL, NULL, NULL, '2024-12-08 01:52:43', '2024-12-08 20:50:41'),
(170, 427, 'Muhammad Naufal', 'mursyidnaufal@gmail.com', NULL, NULL, NULL, '2024-12-08 01:52:47', '2024-12-08 20:48:56'),
(171, 428, 'Muhammad Naufal', 'mursyidnaufal@gmail.com', NULL, NULL, NULL, '2024-12-08 01:52:52', '2024-12-08 20:48:45'),
(172, 429, 'Muhammad Naufal', 'mursyidnaufal@gmail.com', NULL, NULL, NULL, '2024-12-08 02:06:54', '2024-12-08 20:48:05'),
(173, 430, 'Hermawan Tan', 'hermawantan12@gmail.com', NULL, NULL, NULL, '2024-12-08 02:08:54', '2024-12-10 22:43:58'),
(174, 431, 'Hermawan Tan', 'hermawantan12@gmail.com', NULL, NULL, NULL, '2024-12-08 02:08:57', '2024-12-08 20:47:49'),
(175, 432, 'Wartono', 'wartonopd@gmail.com', NULL, NULL, NULL, '2024-12-08 03:02:44', '2024-12-10 00:20:33'),
(176, 433, 'Ismiyati', 'ismiyati21021972@gmail.com', NULL, NULL, NULL, '2024-12-08 07:39:45', '2024-12-10 00:20:33'),
(177, 434, 'Muhamad Ikhsan Ariestia', 'daiqomuslimwear@gmail.com', NULL, NULL, NULL, '2024-12-08 18:36:38', '2024-12-10 22:39:55'),
(178, 435, 'Muhamad Ikhsan Ariestia', 'daiqomuslimwear@gmail.com', NULL, NULL, NULL, '2024-12-08 18:36:52', '2024-12-10 22:39:55'),
(179, 436, 'Muhamad Ikhsan Ariestia', 'daiqomuslimwear@gmail.com', NULL, NULL, NULL, '2024-12-08 18:36:55', '2024-12-08 18:36:55'),
(180, 440, 'Muhammad Mursid Naufal', 'mursyidnaufal@gmail.com', NULL, NULL, NULL, '2024-12-08 22:45:04', '2024-12-10 22:39:55'),
(181, 441, 'Muhammad Mursid Naufal', 'mursyidnaufal@gmail.com', NULL, NULL, NULL, '2024-12-08 22:45:06', '2024-12-10 22:39:55'),
(182, 442, 'Himawan Susanto', 'himawans2b5e@gmail.com', NULL, NULL, NULL, '2024-12-08 23:53:28', '2024-12-08 23:53:28'),
(183, 443, 'Muhammad Kuwat Prasetyo', 'asyqar.prasetyo007@gmail.com', NULL, NULL, NULL, '2024-12-09 00:37:06', '2024-12-10 22:39:55'),
(184, 444, 'Muhammad Kuwat Prasetyo', 'asyqar.prasetyo007@gmail.com', NULL, NULL, NULL, '2024-12-09 00:37:08', '2024-12-09 00:37:08'),
(185, 445, 'Umu Kalsum', 'umukalsum671@gmail.com', NULL, NULL, NULL, '2024-12-09 02:01:03', '2024-12-10 22:39:55'),
(186, 446, 'Umu Kalsum', 'umukalsum671@gmail.com', NULL, NULL, NULL, '2024-12-09 02:01:06', '2024-12-09 02:01:06'),
(187, 447, 'fatmawati', 'fatmawati0107@gmail.com', NULL, NULL, NULL, '2024-12-09 04:46:47', '2024-12-09 04:46:47'),
(188, 448, 'Muhammad Aldhira Anbiyaa P', 'aldhira88@gmail.com', NULL, NULL, NULL, '2024-12-09 07:07:21', '2024-12-11 22:28:41'),
(189, 449, 'Ari Ahmayeni', 'ari.ahmayeni@gmail.com', NULL, NULL, NULL, '2024-12-09 07:41:59', '2024-12-10 22:39:55'),
(190, 450, 'Ari Ahmayeni', 'ari.ahmayeni@gmail.com', NULL, NULL, NULL, '2024-12-09 07:42:01', '2024-12-10 22:39:55'),
(191, 451, 'Ari Ahmayeni', 'ari.ahmayeni@gmail.com', NULL, NULL, NULL, '2024-12-09 07:42:07', '2024-12-09 07:42:07'),
(192, 452, 'Nonot Suhartono', 'nonotsuhartono@gmail.com', NULL, NULL, NULL, '2024-12-09 17:04:35', '2024-12-10 22:39:55'),
(193, 453, 'Nonot Suhartono', 'nonotsuhartono@gmail.com', NULL, NULL, NULL, '2024-12-09 17:04:37', '2024-12-09 17:04:37'),
(194, 454, 'Zulkarnaen Jafar', 'zulkarnaenjafar2@gmail.com', NULL, NULL, NULL, '2024-12-09 17:07:03', '2024-12-10 00:20:33'),
(195, 455, 'Eka Rizkina', 'eka.rizkina@gmail.com', NULL, NULL, NULL, '2024-12-09 17:45:48', '2024-12-10 00:20:33'),
(196, 456, 'Andi Fachmi', 'andhiefachmi@gmail.com', NULL, NULL, NULL, '2024-12-09 18:42:13', '2024-12-10 22:39:55'),
(197, 457, 'Andi Fachmi', 'andhiefachmi@gmail.com', NULL, NULL, NULL, '2024-12-09 18:42:15', '2024-12-09 18:42:15'),
(198, 458, 'Hanan Tsabitah', 'imhanantsabitah@gmail.com', NULL, NULL, NULL, '2024-12-09 19:09:06', '2024-12-10 00:20:33'),
(199, 459, 'Ujang Kurniawan', 'ujangk73@gmail.com', NULL, NULL, NULL, '2024-12-09 19:16:24', '2024-12-10 22:39:55'),
(200, 460, 'Ujang Kurniawan', 'ujangk73@gmail.com', NULL, NULL, NULL, '2024-12-09 19:16:26', '2024-12-10 22:39:55'),
(201, 461, 'Ujang Kurniawan', 'ujangk73@gmail.com', NULL, NULL, NULL, '2024-12-09 19:21:33', '2024-12-09 19:21:33'),
(202, 462, 'Andi Budiman', 'bkd.simeulue@gmail.com', NULL, NULL, NULL, '2024-12-09 21:41:29', '2024-12-10 00:20:33'),
(203, 464, 'Moh Romli', 'romlyrafi@gmail.com', NULL, NULL, NULL, '2024-12-10 01:10:34', '2024-12-10 02:20:47'),
(204, 465, 'Moh Romli', 'romlyrafi@gmail.com', NULL, NULL, NULL, '2024-12-10 01:16:23', '2024-12-10 02:20:15'),
(205, 466, 'Faris Fanani', 'farisfanani.id@gmail.com', NULL, NULL, NULL, '2024-12-10 02:48:00', '2024-12-10 05:51:24'),
(206, 467, 'Faris Fanani', 'farisfanani.id@gmail.com', NULL, NULL, NULL, '2024-12-10 02:49:56', '2024-12-10 05:51:01'),
(207, 468, 'Fery Marianty', 'ferymaryanty@gmail.com', NULL, NULL, NULL, '2024-12-10 05:05:35', '2024-12-10 05:05:35'),
(208, 469, 'Ahmad Syihan Ismail', 'ahmad.s1712@gmail.com', NULL, NULL, NULL, '2024-12-10 06:36:59', '2024-12-10 06:36:59'),
(209, 470, 'Tri Pujiyadi', '3pujiyadi@gmail.com', NULL, NULL, NULL, '2024-12-10 06:42:40', '2024-12-10 06:43:37'),
(210, 471, 'AFIFAH KHANSA AMANI', 'fifthsime.ys@gmail.com', NULL, NULL, NULL, '2024-12-10 06:48:41', '2024-12-10 22:46:17'),
(211, 472, 'AFIFAH KHANSA AMANI', 'fifthsime.ys@gmail.com', NULL, NULL, NULL, '2024-12-10 06:48:43', '2024-12-10 06:50:55'),
(212, 473, 'AFIFAH KHANSA AMANI', 'fifthsime.ys@gmail.com', NULL, NULL, NULL, '2024-12-10 06:48:48', '2024-12-10 06:51:14'),
(213, 474, 'Wahid Suharto', 'wahidsuharto804@gmail.com', NULL, NULL, NULL, '2024-12-10 07:07:55', '2024-12-10 20:59:37'),
(214, 475, 'Muhammad Kurniawan S Sos', 'muhammadkurniawan1979@gmail.com', NULL, NULL, NULL, '2024-12-10 17:15:21', '2024-12-10 17:15:21'),
(215, 476, 'Yudi Rojab', 'jendralyahya@gmail.com', NULL, NULL, NULL, '2024-12-10 17:49:42', '2024-12-10 22:45:33'),
(216, 477, 'Yudi Rojab', 'jendralyahya@gmail.com', NULL, NULL, NULL, '2024-12-10 17:49:47', '2024-12-10 20:19:18'),
(217, 478, 'Cut Kemala Handayani', 'cutyani@gmail.com', NULL, NULL, NULL, '2024-12-10 18:43:23', '2024-12-10 20:18:57'),
(218, 479, 'Ihsanudin', 'torencoffe@gmail.com', NULL, NULL, NULL, '2024-12-10 20:41:24', '2024-12-10 22:39:55'),
(219, 480, 'Ihsanudin', 'torencoffe@gmail.com', NULL, NULL, NULL, '2024-12-10 20:41:26', '2024-12-10 22:43:58'),
(220, 481, 'arif budiyono', 'abudiyono@gmail.com', NULL, NULL, NULL, '2024-12-10 20:42:27', '2024-12-10 22:43:58'),
(221, 482, 'Andi Yudistira', 'mursyidnaufal@gmail.com', NULL, NULL, NULL, '2024-12-10 21:02:08', '2024-12-10 22:39:55'),
(222, 483, 'Hamdan', 'HAMDAN.PUTRA@GMAIL.COM', NULL, NULL, NULL, '2024-12-10 21:03:55', '2024-12-10 22:43:58'),
(223, 484, 'Nugroho', 'nugie.mitsubishi@gmail.com', NULL, NULL, NULL, '2024-12-10 21:05:30', '2024-12-10 22:43:58'),
(224, 485, 'TARMIJI', 'tarmijitarmiji0309@gmail.com', NULL, NULL, NULL, '2024-12-10 21:07:38', '2024-12-10 22:43:58'),
(225, 486, 'NUR KHOLIR', 'NURKHOLIQ.SHOLEH@GMAIL.COM', NULL, NULL, NULL, '2024-12-10 21:09:17', '2024-12-10 22:43:58'),
(226, 487, 'Arzain Zamhari', 'arzainzamhari@yahoo.co.id', NULL, NULL, NULL, '2024-12-10 21:10:30', '2024-12-10 22:43:58'),
(227, 488, 'Mohammad Ikhsan', 'Ikhsanmantapks@gmail.com', NULL, NULL, NULL, '2024-12-10 21:11:40', '2024-12-10 22:43:58'),
(228, 489, 'Dwi apriyanto', 'dwiapriyanto.spirit@gmail.com', NULL, NULL, NULL, '2024-12-10 21:13:00', '2024-12-10 22:43:58'),
(229, 490, 'Ibnu Widigdo', 'Ibnuapotekwidigdo@gmail.com', NULL, NULL, NULL, '2024-12-10 21:14:37', '2024-12-10 22:43:58'),
(230, 491, 'MUHAMMAD NUR SUSILO', 'mursyidnaufal@gmail.com', NULL, NULL, NULL, '2024-12-10 21:16:44', '2024-12-10 22:15:05'),
(231, 492, 'MUHAMMAD NUR SUSILO', 'mursyidnaufal@gmail.com', NULL, NULL, NULL, '2024-12-10 21:16:46', '2024-12-10 22:39:55'),
(232, 493, 'Takdir Doa', 'TAKDIRDOA@GMAIL.COM', NULL, NULL, NULL, '2024-12-10 21:18:32', '2024-12-10 22:39:55'),
(233, 494, 'Takdir Doa', 'TAKDIRDOA@GMAIL.COM', NULL, NULL, NULL, '2024-12-10 21:18:34', '2024-12-10 22:39:55'),
(234, 495, 'Takdir Doa', 'TAKDIRDOA@GMAIL.COM', NULL, NULL, NULL, '2024-12-10 21:18:36', '2024-12-10 22:39:55'),
(235, 496, 'Takdir Doa', 'TAKDIRDOA@GMAIL.COM', NULL, NULL, NULL, '2024-12-10 21:18:37', '2024-12-10 22:39:55'),
(236, 497, 'Takdir Doa', 'TAKDIRDOA@GMAIL.COM', NULL, NULL, NULL, '2024-12-10 21:18:37', '2024-12-10 22:39:55'),
(237, 498, 'Takdir Doa', 'TAKDIRDOA@GMAIL.COM', NULL, NULL, NULL, '2024-12-10 21:18:38', '2024-12-10 22:39:55'),
(238, 499, 'Takdir Doa', 'TAKDIRDOA@GMAIL.COM', NULL, NULL, NULL, '2024-12-10 21:18:38', '2024-12-10 22:39:55'),
(239, 500, 'Takdir Doa', 'TAKDIRDOA@GMAIL.COM', NULL, NULL, NULL, '2024-12-10 21:18:38', '2024-12-10 22:39:55'),
(240, 501, 'Takdir Doa', 'TAKDIRDOA@GMAIL.COM', NULL, NULL, NULL, '2024-12-10 21:18:39', '2024-12-10 22:39:55'),
(241, 502, 'Takdir Doa', 'TAKDIRDOA@GMAIL.COM', NULL, NULL, NULL, '2024-12-10 21:18:39', '2024-12-10 22:39:55'),
(242, 503, 'Takdir Doa', 'TAKDIRDOA@GMAIL.COM', NULL, NULL, NULL, '2024-12-10 21:18:43', '2024-12-10 22:39:55'),
(243, 504, 'Takdir Doa', 'TAKDIRDOA@GMAIL.COM', NULL, NULL, NULL, '2024-12-10 21:18:44', '2024-12-10 21:32:15'),
(244, 505, 'Takdir Doa', 'TAKDIRDOA@GMAIL.COM', NULL, NULL, NULL, '2024-12-10 21:18:44', '2024-12-10 22:39:55'),
(245, 506, 'Takdir Doa', 'TAKDIRDOA@GMAIL.COM', NULL, NULL, NULL, '2024-12-10 21:18:45', '2024-12-10 21:31:53'),
(246, 507, 'Takdir Doa', 'TAKDIRDOA@GMAIL.COM', NULL, NULL, NULL, '2024-12-10 21:18:45', '2024-12-10 22:43:58'),
(247, 508, 'tanty', 'gcedi2019@gmail.com', NULL, NULL, NULL, '2024-12-10 21:20:57', '2024-12-10 22:43:58'),
(248, 509, 'FARIS', 'farisalmasari26@gmail.com', NULL, NULL, NULL, '2024-12-10 21:22:43', '2024-12-10 22:43:58'),
(249, 510, 'ARY SUSANTO', 'ary.susanto12@gmail.com', NULL, NULL, NULL, '2024-12-10 21:24:16', '2024-12-10 22:39:55'),
(250, 511, 'ARY SUSANTO', 'ary.susanto12@gmail.com', NULL, NULL, NULL, '2024-12-10 21:24:17', '2024-12-10 22:43:58'),
(251, 512, 'Slamet Ari Waluyo', 'Waluyo.ari169@gmail.com', NULL, NULL, NULL, '2024-12-10 21:25:38', '2024-12-10 22:39:55'),
(252, 513, 'Slamet Ari Waluyo', 'Waluyo.ari169@gmail.com', NULL, NULL, NULL, '2024-12-10 21:25:39', '2024-12-10 22:39:55'),
(253, 514, 'Slamet Ari Waluyo', 'Waluyo.ari169@gmail.com', NULL, NULL, NULL, '2024-12-10 21:25:41', '2024-12-10 22:43:58'),
(254, 515, 'JOKO SUSANTO', 'JEJAKA207@GMAIL.COM', NULL, NULL, NULL, '2024-12-10 21:27:43', '2024-12-10 22:43:58'),
(255, 516, 'Jhony', 'jhonyarianto757@gmail.com', NULL, NULL, NULL, '2024-12-10 21:30:15', '2024-12-10 22:43:58'),
(256, 517, 'Yusnita', 'yusrokcelana@gmail.com', NULL, NULL, NULL, '2024-12-10 21:32:03', '2024-12-10 22:39:55'),
(257, 518, 'Yusnita', 'yusrokcelana@gmail.com', NULL, NULL, NULL, '2024-12-10 21:32:07', '2024-12-10 22:43:58'),
(258, 519, 'Nana', 'nanajihady@gmail.com', NULL, NULL, NULL, '2024-12-10 21:33:19', '2024-12-10 22:43:58'),
(259, 520, 'Said', 'saidabdurrahman82@gmail.com', NULL, NULL, NULL, '2024-12-10 21:34:57', '2024-12-10 22:43:58'),
(260, 521, 'Sri Rumiati', 'mbakcip73@gmail.com', NULL, NULL, NULL, '2024-12-10 21:35:50', '2024-12-10 22:43:58'),
(261, 522, 'Irawati', 'IRASADAR@GMAIL.COM', NULL, NULL, NULL, '2024-12-10 21:37:10', '2024-12-11 01:18:31'),
(262, 523, 'IVA JOHAN PRASETIYO', 'ivajojo4@gmail.com', NULL, NULL, NULL, '2024-12-10 21:38:32', '2024-12-10 22:43:58'),
(263, 524, 'Arinafida Fahrozi', 'arinafida.fahrozi@gmail.com', NULL, NULL, NULL, '2024-12-10 21:39:47', '2024-12-10 22:39:55'),
(264, 525, 'Arinafida Fahrozi', 'arinafida.fahrozi@gmail.com', NULL, NULL, NULL, '2024-12-10 21:39:49', '2024-12-10 22:43:58'),
(265, 526, 'ABDUL ROSYID', 'ABDUL.GOLDEN@GMAIL.COM', NULL, NULL, NULL, '2024-12-10 21:41:30', '2024-12-10 22:43:58'),
(266, 527, 'ULFI riza', 'mursyidnaufal@gmail.com', NULL, NULL, NULL, '2024-12-10 21:42:44', '2024-12-10 22:39:55'),
(267, 528, 'Ridwan Arifin', 'arifin.wab@gmail.com', NULL, NULL, NULL, '2024-12-10 21:43:45', '2024-12-10 21:43:45'),
(268, 529, 'Aris Zudianto', 'abiarqam83@gmail.com', NULL, NULL, NULL, '2024-12-10 21:43:54', '2024-12-10 22:43:58'),
(269, 530, 'Dina', 'dina.dinanti@gmail.com', NULL, NULL, NULL, '2024-12-10 21:44:41', '2024-12-10 22:43:58'),
(270, 531, 'Mujiburahman', 'mujibdzakir@gmail.com', NULL, NULL, NULL, '2024-12-10 21:45:22', '2024-12-10 22:43:58'),
(271, 532, 'Sri Sumartini', 'srisumartini.00@gmail.com', NULL, NULL, NULL, '2024-12-10 21:46:15', '2024-12-10 22:39:55'),
(272, 533, 'IRFAN HILMI', 'AYAHFAZA@GMAIL.COM', NULL, NULL, NULL, '2024-12-10 21:46:15', '2024-12-10 22:43:58'),
(273, 534, 'Sri Sumartini', 'srisumartini.00@gmail.com', NULL, NULL, NULL, '2024-12-10 21:46:16', '2024-12-10 22:39:55'),
(274, 535, 'Sri Sumartini', 'srisumartini.00@gmail.com', NULL, NULL, NULL, '2024-12-10 21:46:17', '2024-12-10 22:39:55'),
(275, 536, 'Sri Sumartini', 'srisumartini.00@gmail.com', NULL, NULL, NULL, '2024-12-10 21:46:18', '2024-12-10 22:39:55'),
(276, 537, 'Sri Sumartini', 'srisumartini.00@gmail.com', NULL, NULL, NULL, '2024-12-10 21:46:19', '2024-12-10 22:39:55'),
(277, 538, 'Sri Sumartini', 'srisumartini.00@gmail.com', NULL, NULL, NULL, '2024-12-10 21:46:20', '2024-12-10 22:39:55'),
(278, 539, 'Sri Sumartini', 'srisumartini.00@gmail.com', NULL, NULL, NULL, '2024-12-10 21:46:21', '2024-12-10 22:39:55'),
(279, 540, 'Sri Sumartini', 'srisumartini.00@gmail.com', NULL, NULL, NULL, '2024-12-10 21:46:22', '2024-12-10 22:39:55'),
(280, 541, 'Sri Sumartini', 'srisumartini.00@gmail.com', NULL, NULL, NULL, '2024-12-10 21:46:22', '2024-12-10 22:39:55'),
(281, 542, 'Sri Sumartini', 'srisumartini.00@gmail.com', NULL, NULL, NULL, '2024-12-10 21:46:22', '2024-12-10 22:39:55'),
(282, 543, 'Sri Sumartini', 'srisumartini.00@gmail.com', NULL, NULL, NULL, '2024-12-10 21:46:26', '2024-12-10 22:39:55'),
(283, 544, 'Sri Sumartini', 'srisumartini.00@gmail.com', NULL, NULL, NULL, '2024-12-10 21:46:27', '2024-12-10 22:39:55'),
(284, 545, 'Sri Sumartini', 'srisumartini.00@gmail.com', NULL, NULL, NULL, '2024-12-10 21:46:27', '2024-12-10 22:39:55'),
(285, 546, 'Sri Sumartini', 'srisumartini.00@gmail.com', NULL, NULL, NULL, '2024-12-10 21:46:27', '2024-12-10 22:39:55'),
(286, 547, 'Sri Sumartini', 'srisumartini.00@gmail.com', NULL, NULL, NULL, '2024-12-10 21:46:27', '2024-12-10 22:39:55'),
(287, 548, 'Sri Sumartini', 'srisumartini.00@gmail.com', NULL, NULL, NULL, '2024-12-10 21:46:28', '2024-12-10 22:39:55'),
(288, 549, 'Sri Sumartini', 'srisumartini.00@gmail.com', NULL, NULL, NULL, '2024-12-10 21:46:29', '2024-12-10 22:39:55'),
(289, 550, 'Sri Sumartini', 'srisumartini.00@gmail.com', NULL, NULL, NULL, '2024-12-10 21:46:29', '2024-12-10 22:39:55'),
(290, 551, 'Sri Sumartini', 'srisumartini.00@gmail.com', NULL, NULL, NULL, '2024-12-10 21:46:29', '2024-12-10 22:39:55'),
(291, 552, 'Sri Sumartini', 'srisumartini.00@gmail.com', NULL, NULL, NULL, '2024-12-10 21:46:30', '2024-12-10 22:39:55'),
(292, 553, 'Sri Sumartini', 'srisumartini.00@gmail.com', NULL, NULL, NULL, '2024-12-10 21:46:30', '2024-12-10 22:39:55'),
(293, 554, 'Sri Sumartini', 'srisumartini.00@gmail.com', NULL, NULL, NULL, '2024-12-10 21:46:30', '2024-12-10 22:39:55'),
(294, 555, 'Sri Sumartini', 'srisumartini.00@gmail.com', NULL, NULL, NULL, '2024-12-10 21:46:30', '2024-12-10 22:39:55'),
(295, 556, 'Sri Sumartini', 'srisumartini.00@gmail.com', NULL, NULL, NULL, '2024-12-10 21:46:31', '2024-12-10 22:39:55'),
(296, 557, 'Sri Sumartini', 'srisumartini.00@gmail.com', NULL, NULL, NULL, '2024-12-10 21:46:31', '2024-12-10 22:39:55'),
(297, 558, 'Sri Sumartini', 'srisumartini.00@gmail.com', NULL, NULL, NULL, '2024-12-10 21:46:32', '2024-12-10 22:39:55'),
(298, 559, 'Sri Sumartini', 'srisumartini.00@gmail.com', NULL, NULL, NULL, '2024-12-10 21:46:32', '2024-12-10 22:39:55'),
(299, 560, 'Sri Sumartini', 'srisumartini.00@gmail.com', NULL, NULL, NULL, '2024-12-10 21:46:32', '2024-12-10 22:39:55'),
(300, 561, 'Sri Sumartini', 'srisumartini.00@gmail.com', NULL, NULL, NULL, '2024-12-10 21:46:32', '2024-12-10 22:39:55'),
(301, 562, 'Sri Sumartini', 'srisumartini.00@gmail.com', NULL, NULL, NULL, '2024-12-10 21:46:33', '2024-12-10 22:39:55'),
(302, 563, 'Sri Sumartini', 'srisumartini.00@gmail.com', NULL, NULL, NULL, '2024-12-10 21:46:33', '2024-12-10 22:04:57'),
(303, 564, 'Sri Sumartini', 'srisumartini.00@gmail.com', NULL, NULL, NULL, '2024-12-10 21:46:33', '2024-12-10 22:39:55'),
(304, 565, 'Sri Sumartini', 'srisumartini.00@gmail.com', NULL, NULL, NULL, '2024-12-10 21:46:33', '2024-12-10 22:39:55'),
(305, 566, 'Sri Sumartini', 'srisumartini.00@gmail.com', NULL, NULL, NULL, '2024-12-10 21:46:33', '2024-12-10 22:39:55'),
(306, 567, 'Sri Sumartini', 'srisumartini.00@gmail.com', NULL, NULL, NULL, '2024-12-10 21:46:33', '2024-12-10 22:39:55'),
(307, 568, 'Sri Sumartini', 'srisumartini.00@gmail.com', NULL, NULL, NULL, '2024-12-10 21:46:33', '2024-12-10 22:39:55'),
(308, 569, 'Sri Sumartini', 'srisumartini.00@gmail.com', NULL, NULL, NULL, '2024-12-10 21:46:33', '2024-12-10 22:16:56'),
(309, 570, 'Sri Sumartini', 'srisumartini.00@gmail.com', NULL, NULL, NULL, '2024-12-10 21:46:33', '2024-12-10 22:39:55'),
(310, 571, 'Sri Sumartini', 'srisumartini.00@gmail.com', NULL, NULL, NULL, '2024-12-10 21:46:36', '2024-12-10 22:43:58'),
(311, 572, 'Ohan Abdul Kodar', 'khalifakmj39@gmail.com', NULL, NULL, NULL, '2024-12-10 21:47:08', '2024-12-10 22:03:54'),
(312, 573, 'Ohan Abdul Kodar', 'khalifakmj39@gmail.com', NULL, NULL, NULL, '2024-12-10 21:47:09', '2024-12-10 22:04:16'),
(313, 574, 'Ohan Abdul Kodar', 'khalifakmj39@gmail.com', NULL, NULL, NULL, '2024-12-10 21:47:11', '2024-12-10 22:43:58'),
(314, 575, 'Dena SAPARI', 'SAPARIDENA81@GMAIL.COM', NULL, NULL, NULL, '2024-12-10 21:48:13', '2024-12-10 22:43:58'),
(315, 576, 'IRFAN ABDURAHMAN FARIED', 'irfan.a.faried@gmail.com', NULL, NULL, NULL, '2024-12-10 21:49:00', '2024-12-10 22:43:58'),
(316, 577, 'Irma S Handayani', 'IRMASHANDAJANI@GMAIL.COM', NULL, NULL, NULL, '2024-12-10 21:49:56', '2024-12-10 22:43:58'),
(317, 578, 'Abdullah muzzaki', 'muzakkielfanny@gmail.com', NULL, NULL, NULL, '2024-12-10 21:50:41', '2024-12-10 22:43:58'),
(318, 579, 'NIA KURNIA', 'KANGKUR29@GMAIL.COM', NULL, NULL, NULL, '2024-12-10 21:51:41', '2024-12-10 22:04:39'),
(319, 580, 'NIA KURNIA', 'KANGKUR29@GMAIL.COM', NULL, NULL, NULL, '2024-12-10 21:51:43', '2024-12-10 22:39:55'),
(320, 581, 'ANDI M BADRUDDIN', 'ANDI_MB@GMAIL.COM', NULL, NULL, NULL, '2024-12-10 21:52:30', '2024-12-10 22:43:58'),
(321, 582, 'MOH ASBAB HASBI', 'ASBAB.HASBI19@GMAIL.COM', NULL, NULL, NULL, '2024-12-10 21:53:35', '2024-12-10 22:43:58'),
(322, 583, 'Rosmelani', '3rosmelani@gmail.com', NULL, NULL, NULL, '2024-12-10 21:54:14', '2024-12-10 22:43:58'),
(323, 584, 'ARDIANA', 'ARDIANAARIFUDDIN3@GMAIL.COM', NULL, NULL, NULL, '2024-12-10 21:55:10', '2024-12-10 22:43:58'),
(324, 585, 'Suci mardiko', 'sucimardiko1975@gmail.com', NULL, NULL, NULL, '2024-12-10 22:12:36', '2024-12-10 22:43:58'),
(325, 586, 'drh Puguh Wiji P', 'mursyidnaufal@gmail.com', NULL, NULL, NULL, '2024-12-10 22:17:28', '2024-12-10 22:43:58'),
(326, 587, 'Hanifah Hasna Fauziyyah', 'haniifahhasna96@gmail.com', NULL, NULL, NULL, '2024-12-10 22:19:58', '2024-12-10 22:39:55'),
(327, 588, 'Hanifah Hasna Fauziyyah', 'haniifahhasna96@gmail.com', NULL, NULL, NULL, '2024-12-10 22:20:01', '2024-12-10 22:20:01'),
(328, 589, 'Ririn', 'SHINTA154@GMAIL.COM', NULL, NULL, NULL, '2024-12-10 22:23:48', '2024-12-10 22:43:58'),
(329, 590, 'Yurita', 'yuritanazar62@gmail.com', NULL, NULL, NULL, '2024-12-10 22:24:35', '2024-12-10 22:39:55'),
(330, 591, 'Yurita', 'yuritanazar62@gmail.com', NULL, NULL, NULL, '2024-12-10 22:24:36', '2024-12-10 22:39:55'),
(331, 592, 'Yurita', 'yuritanazar62@gmail.com', NULL, NULL, NULL, '2024-12-10 22:24:38', '2024-12-10 22:43:58'),
(332, 593, 'Yurita', 'yuritanazar62@gmail.com', NULL, NULL, NULL, '2024-12-10 22:24:38', '2024-12-10 22:39:55'),
(333, 594, 'Yuliana', 'yuliana.trisutrisna@gmail.com', NULL, NULL, NULL, '2024-12-10 22:25:39', '2024-12-10 22:43:58'),
(334, 595, 'Shofia a', 'syofiasyofia85@gmail.com', NULL, NULL, NULL, '2024-12-10 22:26:24', '2024-12-10 22:43:58'),
(335, 596, 'Azella', 'azellarahati@gmail.com', NULL, NULL, NULL, '2024-12-10 22:27:00', '2024-12-10 22:43:58'),
(336, 597, 'Cony S', 'conysylvera.cs@gmail.com', NULL, NULL, NULL, '2024-12-10 22:27:41', '2024-12-10 22:43:58'),
(337, 598, 'Suci A', 'uci1805@gmail.com', NULL, NULL, NULL, '2024-12-10 22:28:26', '2024-12-10 22:43:58'),
(338, 599, 'NIA R', 'KANGKUR29@GMAIL.COM', NULL, NULL, NULL, '2024-12-10 22:29:16', '2024-12-10 22:43:58'),
(339, 600, 'JA\'FAR', 'JQMUJAHID@GMAIL.COM', NULL, NULL, NULL, '2024-12-10 22:30:20', '2024-12-10 22:43:58'),
(340, 601, 'SUPARJO', 'LEDPEDIABENGKULU@GMAIL.COM', NULL, NULL, NULL, '2024-12-10 22:31:16', '2024-12-10 22:43:58'),
(341, 602, 'Burhanuddin Hamid D', 'burhan1107@gmail.com', NULL, NULL, NULL, '2024-12-10 22:31:46', '2024-12-10 22:31:46'),
(342, 603, 'Ummu Masmuah', 'UMMUHAULA@GMAIL.COM', NULL, NULL, NULL, '2024-12-10 22:32:11', '2024-12-10 22:39:55'),
(343, 604, 'SHOLAhudin Fuadi', 'UMMUHAULA@GMAIL.COM', NULL, NULL, NULL, '2024-12-10 22:33:05', '2024-12-10 22:39:55'),
(344, 605, 'HAULA FAUZIANA', 'UMMUHAULA@GMAIL.COM', NULL, NULL, NULL, '2024-12-10 22:34:05', '2024-12-10 22:43:58'),
(345, 606, 'IWAN SUSANTO', 'IWAN.YAFIRRABANTEN@GMAIL.COM', NULL, NULL, NULL, '2024-12-10 22:34:53', '2024-12-10 22:43:58'),
(346, 607, 'NUR IMAN AGUNG PERKASA', 'NIAGUNGP23@GMAIL.COM', NULL, NULL, NULL, '2024-12-10 22:35:50', '2024-12-10 22:43:58'),
(347, 608, 'Rachmat Hidayat', 'rachmat.nec@gmail.com', NULL, NULL, NULL, '2024-12-10 23:13:00', '2024-12-10 23:13:00'),
(348, 609, 'Rachmat Hidayat', 'rachmat.nec@gmail.com', NULL, NULL, NULL, '2024-12-10 23:13:01', '2024-12-10 23:13:01'),
(349, 610, 'Damaris Cakrawana', 'damaris.cakrawana@gmail.com', NULL, NULL, NULL, '2024-12-11 02:10:35', '2024-12-11 16:15:29'),
(350, 611, 'Lulu Wironnufus', 'luluwironnufus@gmail.com', NULL, NULL, NULL, '2024-12-11 03:34:00', '2024-12-11 03:34:00'),
(351, 612, 'Hilma Wahdatul Kamilah', 'hilmkmlh@gmail.com', NULL, NULL, NULL, '2024-12-11 03:49:43', '2024-12-11 03:49:43'),
(352, 613, 'Ayu Larasati', 'ayu.larasati2107@gmail.com', NULL, NULL, NULL, '2024-12-11 05:03:25', '2024-12-11 16:13:34'),
(353, 614, 'Mega Sarfika', 'sarfikamega@gmail.com', NULL, NULL, NULL, '2024-12-11 05:03:51', '2024-12-11 05:03:51'),
(354, 615, 'Mega Sarfika', 'sarfikamega@gmail.com', NULL, NULL, NULL, '2024-12-11 05:03:52', '2024-12-11 05:03:52'),
(355, 616, 'Mega Sarfika', 'sarfikamega@gmail.com', NULL, NULL, NULL, '2024-12-11 05:03:54', '2024-12-11 05:03:54'),
(356, 617, 'Mega Sarfika', 'sarfikamega@gmail.com', NULL, NULL, NULL, '2024-12-11 05:03:54', '2024-12-11 05:03:54'),
(357, 618, 'Ima Ropah', 'mvalue.99@gmail.com', NULL, NULL, NULL, '2024-12-11 05:06:53', '2024-12-11 05:06:53'),
(358, 619, 'Endah dwi juliarni', 'endahdj411@gmail.com', NULL, NULL, NULL, '2024-12-11 05:12:33', '2024-12-11 16:13:40'),
(359, 620, 'Endah dwi juliarni', 'endahdj411@gmail.com', NULL, NULL, NULL, '2024-12-11 05:12:35', '2024-12-11 16:15:14'),
(360, 621, 'Endah dwi juliarni', 'endahdj411@gmail.com', NULL, NULL, NULL, '2024-12-11 05:12:36', '2024-12-11 16:13:59'),
(361, 622, 'Endah dwi juliarni', 'endahdj411@gmail.com', NULL, NULL, NULL, '2024-12-11 05:12:36', '2024-12-11 16:14:31'),
(362, 623, 'suprichatin', 'suprichatin675@gmail.com', NULL, NULL, NULL, '2024-12-11 14:15:51', '2024-12-11 14:15:51'),
(363, 624, 'suprichatin', 'suprichatin675@gmail.com', NULL, NULL, NULL, '2024-12-11 14:15:52', '2024-12-11 14:15:52'),
(364, 625, 'Dudi Satrya', 'dudi.satrya@gmail.com', NULL, NULL, NULL, '2024-12-11 15:47:11', '2024-12-11 15:47:11'),
(365, 626, 'Dudi Satrya', 'dudi.satrya@gmail.com', NULL, NULL, NULL, '2024-12-11 15:47:14', '2024-12-11 15:47:14'),
(366, 627, 'UMMU MASMUAH', 'ummuhaula@gmail.com', NULL, NULL, NULL, '2024-12-11 16:26:41', '2024-12-11 16:26:41'),
(367, 628, 'Muhammad Zahid ', 'zahidbongor@gmail.com', NULL, NULL, NULL, '2024-12-11 16:31:12', '2024-12-11 16:31:12'),
(368, 629, 'Abdul Halid', 'bangjuve81@gmail.com', NULL, NULL, NULL, '2024-12-11 16:32:32', '2024-12-11 16:37:01'),
(369, 630, 'Wondo', 'woondoo@yahoo.com', NULL, NULL, NULL, '2024-12-11 16:34:15', '2024-12-11 16:34:15'),
(370, 631, 'ULFI riza', 'zulfitri.y@gmail.com', NULL, NULL, NULL, '2024-12-11 16:39:24', '2024-12-11 16:39:24'),
(371, 632, 'OKTA BUDIYANSAH', 'oktabudiyansah97@gmail.com', NULL, NULL, NULL, '2024-12-11 16:41:43', '2024-12-11 16:41:43'),
(372, 633, 'WAHYUDI', 'wahyudifarhan1@gmail.com', NULL, NULL, NULL, '2024-12-11 16:43:26', '2024-12-11 21:57:06'),
(373, 634, 'Salman A', 'slmncmpnccnt@gmail.com', NULL, NULL, NULL, '2024-12-11 16:44:34', '2024-12-11 16:44:34'),
(374, 635, 'Noferiyatno', 'nonorian17@gmail.com', NULL, NULL, NULL, '2024-12-11 16:45:41', '2024-12-11 16:45:41'),
(375, 636, 'Noferiyatno', 'nonorian17@gmail.com', NULL, NULL, NULL, '2024-12-11 16:46:19', '2024-12-11 16:46:19'),
(376, 637, 'Kiswahyuni ', 'kiswahyuni889@gmail.com', NULL, NULL, NULL, '2024-12-11 16:47:22', '2024-12-11 16:47:22'),
(377, 638, 'Sunardi Agan', 'soensahabat.dr@gmail.com', NULL, NULL, NULL, '2024-12-11 16:48:33', '2024-12-11 16:48:33'),
(378, 639, 'HENDRO PRANOTO', 'hp.ran@gmail.com', NULL, NULL, NULL, '2024-12-11 16:50:39', '2024-12-11 16:50:39'),
(379, 640, 'GUNARDI SETYAWAN', 'gunardisetyaaan@yahoo.com', NULL, NULL, NULL, '2024-12-11 16:52:12', '2024-12-11 16:52:12'),
(380, 641, 'Sujono', 'JONOAYYUBI@GMAIL.COM', NULL, NULL, NULL, '2024-12-11 16:54:00', '2024-12-11 16:54:00'),
(381, 642, ' ARIF S', 'ARIF.SUDIBYO15@GMAIL.COM', NULL, NULL, NULL, '2024-12-11 17:00:16', '2024-12-11 17:00:16'),
(382, 643, 'INONNI ANNISA ', 'ANNISA.IVONNIH@GMAIL.COM', NULL, NULL, NULL, '2024-12-11 17:01:00', '2024-12-11 17:01:00'),
(383, 644, 'NADI SUSANTO', 'nadi.etoser07@gmail.com', NULL, NULL, NULL, '2024-12-11 17:03:31', '2024-12-11 17:03:31'),
(384, 645, 'Dani Setiawan', 'pengacaradani@gmail.com', NULL, NULL, NULL, '2024-12-11 17:04:35', '2024-12-11 17:04:35'),
(385, 646, 'Nurliana Santi', 'nurlianasanti9@gmail.com', NULL, NULL, NULL, '2024-12-11 17:05:40', '2024-12-11 17:05:40'),
(386, 647, 'Ika Maya Muftiyany, S.Si', 'ikamoofty@gmail.com', NULL, NULL, NULL, '2024-12-11 17:05:51', '2024-12-11 17:05:51'),
(387, 648, 'Zakiyah', 'zakiahsyamsudin74@gmail.com', NULL, NULL, NULL, '2024-12-11 17:06:48', '2024-12-11 17:06:48'),
(388, 649, 'Munie', 'Hallohijup@gmail.com', NULL, NULL, NULL, '2024-12-11 17:17:04', '2024-12-11 17:17:04'),
(389, 650, 'Salman Al-Farisi', 'salman.alaqsha@gmail.com', NULL, NULL, NULL, '2024-12-11 17:33:28', '2024-12-11 17:33:28'),
(390, 651, 'Awwab Hafidz', 'awwab@rumahrapi.co.id', NULL, NULL, NULL, '2024-12-11 18:34:26', '2024-12-11 18:34:26'),
(391, 652, 'Any Tri Hendarini', 'anytrihendarini7@gmail.com', NULL, NULL, NULL, '2024-12-11 19:01:34', '2024-12-11 19:01:34'),
(392, 653, 'Deli Purnawan', 'deli.purnawan80@gmail.com', NULL, NULL, NULL, '2024-12-11 20:42:24', '2024-12-12 20:30:33'),
(393, 654, 'Budiman Setiawan', 'budimans100@gmail.com', NULL, NULL, NULL, '2024-12-11 21:32:44', '2024-12-12 20:30:21'),
(394, 655, 'Yuli', 'yuli.tr@gmail.com', NULL, NULL, NULL, '2024-12-11 23:04:37', '2024-12-11 23:04:37'),
(395, 656, 'Yuli', 'yuli.tr@gmail.com', NULL, NULL, NULL, '2024-12-11 23:04:38', '2024-12-11 23:04:38'),
(396, 657, 'Yuli', 'yuli.tr@gmail.com', NULL, NULL, NULL, '2024-12-11 23:04:41', '2024-12-11 23:04:41'),
(397, 658, 'Galih Pandekar', 'pandekar2@gmail.com', NULL, NULL, NULL, '2024-12-12 02:21:13', '2024-12-12 20:30:05'),
(398, 659, 'Fahri Permana Putra (Beuuugerrrr)', 'fahripermanaputra06@gmail.com', NULL, NULL, NULL, '2024-12-12 02:35:14', '2024-12-12 02:35:14'),
(399, 660, 'Fahri Permana Putra (Beuuugerrrr)', 'fahripermanaputra06@gmail.com', NULL, NULL, NULL, '2024-12-12 02:35:17', '2024-12-12 02:35:17'),
(400, 661, 'Salman Al-Farisi', 'salman.alaqsha@gmail.com', NULL, NULL, NULL, '2024-12-12 03:38:45', '2024-12-12 03:38:45'),
(401, 662, 'Salman Al-Farisi', 'salman.alaqsha@gmail.com', NULL, NULL, NULL, '2024-12-12 03:38:48', '2024-12-12 03:38:48'),
(402, 663, 'Salman Al-Farisi', 'salman.alaqsha@gmail.com', NULL, NULL, NULL, '2024-12-12 03:38:50', '2024-12-12 03:38:50'),
(403, 664, 'Salman Al-Farisi', 'salman.alaqsha@gmail.com', NULL, NULL, NULL, '2024-12-12 03:38:52', '2024-12-12 03:38:52'),
(404, 665, 'Salman Al-Farisi', 'salman.alaqsha@gmail.com', NULL, NULL, NULL, '2024-12-12 03:38:52', '2024-12-12 03:38:52'),
(405, 666, 'Salman Al-Farisi', 'salman.alaqsha@gmail.com', NULL, NULL, NULL, '2024-12-12 03:38:52', '2024-12-12 03:38:52'),
(406, 667, 'Salman Al-Farisi', 'salman.alaqsha@gmail.com', NULL, NULL, NULL, '2024-12-12 03:38:52', '2024-12-12 03:38:52'),
(407, 668, 'Femilia', 'rarasaptifemilia@gmail.com', NULL, NULL, NULL, '2024-12-12 05:23:04', '2024-12-12 05:23:04'),
(408, 669, 'Femilia', 'rarasaptifemilia@gmail.com', NULL, NULL, NULL, '2024-12-12 05:23:04', '2024-12-12 05:23:04'),
(409, 670, 'Femilia', 'rarasaptifemilia@gmail.com', NULL, NULL, NULL, '2024-12-12 05:23:06', '2024-12-12 05:23:06'),
(410, 671, 'Femilia', 'rarasaptifemilia@gmail.com', NULL, NULL, NULL, '2024-12-12 05:23:06', '2024-12-12 05:23:06'),
(411, 672, 'Rosyidah kurniati', 'ocyrosyidah@gmail.com', NULL, NULL, NULL, '2024-12-12 05:25:09', '2024-12-12 05:25:09'),
(412, 673, 'Rosyidah kurniati', 'ocyrosyidah@gmail.com', NULL, NULL, NULL, '2024-12-12 05:25:10', '2024-12-12 05:25:10'),
(413, 674, 'Rosyidah kurniati', 'ocyrosyidah@gmail.com', NULL, NULL, NULL, '2024-12-12 05:25:12', '2024-12-12 05:25:12'),
(414, 675, 'Rosyidah kurniati', 'ocyrosyidah@gmail.com', NULL, NULL, NULL, '2024-12-12 05:25:13', '2024-12-12 05:25:13'),
(415, 676, 'Rosyidah kurniati', 'ocyrosyidah@gmail.com', NULL, NULL, NULL, '2024-12-12 05:25:14', '2024-12-12 05:25:14'),
(416, 677, 'Rosyidah kurniati', 'ocyrosyidah@gmail.com', NULL, NULL, NULL, '2024-12-12 05:25:16', '2024-12-12 05:25:16'),
(417, 678, 'Rosyidah kurniati', 'ocyrosyidah@gmail.com', NULL, NULL, NULL, '2024-12-12 05:25:20', '2024-12-12 05:25:20'),
(418, 679, 'Rosyidah kurniati', 'ocyrosyidah@gmail.com', NULL, NULL, NULL, '2024-12-12 05:25:22', '2024-12-12 05:25:22'),
(419, 680, 'Rosyidah kurniati', 'ocyrosyidah@gmail.com', NULL, NULL, NULL, '2024-12-12 05:25:23', '2024-12-12 05:25:23'),
(420, 681, 'NILA TREESTIANTY', 'nila.treestianty@gmail.com', NULL, NULL, NULL, '2024-12-12 07:34:39', '2024-12-12 07:34:39'),
(421, 682, 'Achmad Muhlis', 'sincereachmad@gmail.com', NULL, NULL, NULL, '2024-12-12 07:51:33', '2024-12-12 07:51:33'),
(422, 683, 'Achmad Muhlis', 'sincereachmad@gmail.com', NULL, NULL, NULL, '2024-12-12 07:51:37', '2024-12-12 07:51:37'),
(423, 684, 'Achmad Muhlis', 'sincereachmad@gmail.com', NULL, NULL, NULL, '2024-12-12 07:51:38', '2024-12-12 07:51:38'),
(424, 685, 'Achmad Muhlis', 'sincereachmad@gmail.com', NULL, NULL, NULL, '2024-12-12 07:51:40', '2024-12-12 07:51:40'),
(425, 686, 'Prayono', 'cvberkahmandiri1@gmail.com', NULL, NULL, NULL, '2024-12-12 08:01:17', '2024-12-12 08:01:17'),
(426, 687, 'Rudy Gunawan', 'rudy.gunano1@gmail.com', NULL, NULL, NULL, '2024-12-12 08:43:51', '2024-12-12 08:43:51');
INSERT INTO `transaction_guests` (`id`, `transaction_id`, `name`, `email`, `birth_date`, `nik`, `gender`, `created_at`, `updated_at`) VALUES
(427, 688, 'Rudy Gunawan', 'rudy.gunano1@gmail.com', NULL, NULL, NULL, '2024-12-12 09:16:56', '2024-12-12 09:16:56'),
(428, 689, 'Feranida', 'feraengga@gmail.com', NULL, NULL, NULL, '2024-12-12 10:58:23', '2024-12-12 10:58:23'),
(429, 690, 'Feranida', 'feraengga@gmail.com', NULL, NULL, NULL, '2024-12-12 10:58:25', '2024-12-12 10:58:25'),
(430, 691, 'Feranida', 'feraengga@gmail.com', NULL, NULL, NULL, '2024-12-12 10:58:27', '2024-12-12 10:58:27'),
(431, 692, 'Sutrisno', 'trisno.3535@gmail.com', NULL, NULL, NULL, '2024-12-12 15:03:32', '2024-12-12 15:03:32'),
(432, 693, 'Sutrisno', 'trisno.3535@gmail.com', NULL, NULL, NULL, '2024-12-12 15:03:36', '2024-12-12 15:03:36'),
(433, 694, 'Rosmini', 'rosmini.ahyusni@gmail.com', NULL, NULL, NULL, '2024-12-12 15:07:26', '2024-12-12 15:07:26'),
(434, 695, 'Yuli Tri', 'kiosdigital19@gmail.com', NULL, NULL, NULL, '2024-12-12 15:13:18', '2024-12-12 15:13:18'),
(435, 696, 'Yuli Tri', 'kiosdigital19@gmail.com', NULL, NULL, NULL, '2024-12-12 15:13:21', '2024-12-12 15:13:21'),
(436, 697, 'Cinta', 'atnican@yahoo.com', NULL, NULL, NULL, '2024-12-12 16:43:12', '2024-12-12 16:43:12'),
(437, 698, 'Sulistiawati', 'isy8ok@gmail.com', NULL, NULL, NULL, '2024-12-12 17:10:13', '2024-12-12 17:10:13'),
(438, 699, 'Latifah', 'sugengrachyudi76@gmail.com', NULL, NULL, NULL, '2024-12-12 17:48:43', '2024-12-12 17:48:43'),
(439, 700, 'Melati  Nadiarani', 'm.nadiarani@gmail.com', NULL, NULL, NULL, '2024-12-12 17:53:30', '2024-12-12 17:53:30'),
(440, 701, 'Melati  Nadiarani', 'm.nadiarani@gmail.com', NULL, NULL, NULL, '2024-12-12 17:53:31', '2024-12-12 17:53:31'),
(441, 702, 'Sugeng Rachyudi', 'sugengrachyudi76@gmail.com', NULL, NULL, NULL, '2024-12-12 18:02:48', '2024-12-12 18:02:48'),
(442, 703, 'Tammy Hariny', 'tammyhariny@gmail.com', NULL, NULL, NULL, '2024-12-12 19:31:40', '2024-12-12 19:31:40'),
(443, 704, 'Tammy Hariny', 'tammyhariny@gmail.com', NULL, NULL, NULL, '2024-12-12 19:31:41', '2024-12-12 19:31:41'),
(444, 705, 'Tammy Hariny', 'tammyhariny@gmail.com', NULL, NULL, NULL, '2024-12-12 19:31:42', '2024-12-12 19:31:42'),
(445, 706, 'Tammy Hariny', 'tammyhariny@gmail.com', NULL, NULL, NULL, '2024-12-12 19:31:42', '2024-12-12 19:31:42'),
(446, 707, 'Tammy Hariny', 'tammyhariny@gmail.com', NULL, NULL, NULL, '2024-12-12 19:31:43', '2024-12-12 19:31:43'),
(447, 708, 'Endah', 'risyantiendah24@gmail.com', NULL, NULL, NULL, '2024-12-12 20:07:58', '2024-12-12 20:07:58'),
(448, 709, 'Endah', 'risyantiendah24@gmail.com', NULL, NULL, NULL, '2024-12-12 20:08:01', '2024-12-12 20:08:01'),
(449, 710, 'Endah', 'risyantiendah24@gmail.com', NULL, NULL, NULL, '2024-12-12 20:08:03', '2024-12-12 20:08:03'),
(450, 711, 'Alfa Ni\'mah', 'alfanikmah72@gmail.com', NULL, NULL, NULL, '2024-12-12 22:06:37', '2024-12-12 22:06:37'),
(451, 712, 'Alfa Ni\'mah', 'alfanikmah72@gmail.com', NULL, NULL, NULL, '2024-12-12 22:06:39', '2024-12-12 22:06:39'),
(452, 713, 'Alfa Ni\'mah', 'alfanikmah72@gmail.com', NULL, NULL, NULL, '2024-12-12 22:06:40', '2024-12-12 22:06:40'),
(453, 714, 'Siti muflihah', 'ocyrosyidah@gmail.com', NULL, NULL, NULL, '2024-12-12 23:49:50', '2024-12-12 23:49:50');

--
-- Indexes for dumped tables
--

--
-- Indexes for table `about_us`
--
ALTER TABLE `about_us`
  ADD PRIMARY KEY (`id`);

--
-- Indexes for table `addresses`
--
ALTER TABLE `addresses`
  ADD PRIMARY KEY (`id`),
  ADD KEY `addresses_member_id_foreign` (`member_id`),
  ADD KEY `addresses_province_id_foreign` (`province_id`);

--
-- Indexes for table `articles`
--
ALTER TABLE `articles`
  ADD PRIMARY KEY (`id`);

--
-- Indexes for table `businesses`
--
ALTER TABLE `businesses`
  ADD PRIMARY KEY (`id`),
  ADD KEY `businesses_member_id_foreign` (`member_id`),
  ADD KEY `businesses_business_type_id_foreign` (`business_type_id`),
  ADD KEY `businesses_business_scale_id_foreign` (`business_scale_id`),
  ADD KEY `businesses_business_sector_id_foreign` (`business_sector_id`);

--
-- Indexes for table `business_matchings`
--
ALTER TABLE `business_matchings`
  ADD PRIMARY KEY (`id`),
  ADD KEY `business_matchings_event_id_foreign` (`event_id`),
  ADD KEY `business_matchings_member_id_foreign` (`member_id`);

--
-- Indexes for table `business_scales`
--
ALTER TABLE `business_scales`
  ADD PRIMARY KEY (`id`);

--
-- Indexes for table `business_sectors`
--
ALTER TABLE `business_sectors`
  ADD PRIMARY KEY (`id`);

--
-- Indexes for table `business_types`
--
ALTER TABLE `business_types`
  ADD PRIMARY KEY (`id`);

--
-- Indexes for table `category_articles`
--
ALTER TABLE `category_articles`
  ADD PRIMARY KEY (`id`),
  ADD UNIQUE KEY `tbl_kategori_artikel_slug_unique` (`slug`);

--
-- Indexes for table `category_courses`
--
ALTER TABLE `category_courses`
  ADD PRIMARY KEY (`id`);

--
-- Indexes for table `category_events`
--
ALTER TABLE `category_events`
  ADD PRIMARY KEY (`id`),
  ADD UNIQUE KEY `tbl_kategori_event_slug_unique` (`slug`);

--
-- Indexes for table `collaborations`
--
ALTER TABLE `collaborations`
  ADD PRIMARY KEY (`id`),
  ADD KEY `collaborations_event_id_foreign` (`event_id`),
  ADD KEY `collaborations_member_id_foreign` (`member_id`),
  ADD KEY `collaborations_from_member_id_foreign` (`from_member_id`);

--
-- Indexes for table `completed_lessons`
--
ALTER TABLE `completed_lessons`
  ADD PRIMARY KEY (`id`),
  ADD KEY `completed_lessons_lesson_id_foreign` (`lesson_id`),
  ADD KEY `completed_lessons_member_id_foreign` (`member_id`);

--
-- Indexes for table `courses`
--
ALTER TABLE `courses`
  ADD PRIMARY KEY (`id`),
  ADD UNIQUE KEY `courses_slug_unique` (`slug`),
  ADD KEY `courses_category_course_id_foreign` (`category_course_id`),
  ADD KEY `courses_user_id_foreign` (`user_id`);

--
-- Indexes for table `courses_old`
--
ALTER TABLE `courses_old`
  ADD PRIMARY KEY (`id`),
  ADD UNIQUE KEY `courses_slug_unique` (`slug`) USING HASH,
  ADD KEY `courses_category_course_id_foreign` (`category_course_id`),
  ADD KEY `courses_user_id_foreign` (`user_id`);

--
-- Indexes for table `course_classes`
--
ALTER TABLE `course_classes`
  ADD PRIMARY KEY (`id`),
  ADD KEY `course_classes_course_id_foreign` (`course_id`);

--
-- Indexes for table `course_class_transactions`
--
ALTER TABLE `course_class_transactions`
  ADD PRIMARY KEY (`id`),
  ADD KEY `course_class_transactions_course_class_id_foreign` (`course_class_id`),
  ADD KEY `course_class_transactions_transaction_id_foreign` (`transaction_id`);

--
-- Indexes for table `enrollments`
--
ALTER TABLE `enrollments`
  ADD PRIMARY KEY (`id`),
  ADD UNIQUE KEY `enrollments_slug_unique` (`slug`),
  ADD KEY `enrollments_course_id_foreign` (`course_id`),
  ADD KEY `enrollments_member_id_foreign` (`member_id`),
  ADD KEY `enrollments_transaction_id_foreign` (`transaction_id`);

--
-- Indexes for table `events`
--
ALTER TABLE `events`
  ADD PRIMARY KEY (`id`),
  ADD UNIQUE KEY `events_slug_unique` (`slug`),
  ADD KEY `events_user_id_foreign` (`user_id`),
  ADD KEY `events_category_event_id_foreign` (`category_event_id`),
  ADD KEY `events_province_id_foreign` (`province_id`);

--
-- Indexes for table `event_payment_configs`
--
ALTER TABLE `event_payment_configs`
  ADD PRIMARY KEY (`id`),
  ADD UNIQUE KEY `event_payment_configs_event_id_unique` (`event_id`);

--
-- Indexes for table `jobs`
--
ALTER TABLE `jobs`
  ADD PRIMARY KEY (`id`),
  ADD KEY `jobs_queue_index` (`queue`);

--
-- Indexes for table `job_batches`
--
ALTER TABLE `job_batches`
  ADD PRIMARY KEY (`id`);

--
-- Indexes for table `lessons`
--
ALTER TABLE `lessons`
  ADD PRIMARY KEY (`id`),
  ADD KEY `lessons_course_id_foreign` (`course_id`),
  ADD KEY `lessons_set_id_foreign` (`set_id`);

--
-- Indexes for table `lesson_attendances`
--
ALTER TABLE `lesson_attendances`
  ADD PRIMARY KEY (`id`),
  ADD KEY `lesson_attendances_lesson_id_foreign` (`lesson_id`),
  ADD KEY `lesson_attendances_member_id_foreign` (`member_id`);

--
-- Indexes for table `member_private_courses`
--
ALTER TABLE `member_private_courses`
  ADD PRIMARY KEY (`id`),
  ADD KEY `member_private_courses_course_id_foreign` (`course_id`),
  ADD KEY `member_private_courses_member_id_foreign` (`member_id`);

--
-- Indexes for table `migrations`
--
ALTER TABLE `migrations`
  ADD PRIMARY KEY (`id`);

--
-- Indexes for table `payments`
--
ALTER TABLE `payments`
  ADD PRIMARY KEY (`id`),
  ADD KEY `payments_transaction_id_foreign` (`transaction_id`);

--
-- Indexes for table `premium_settings`
--
ALTER TABLE `premium_settings`
  ADD PRIMARY KEY (`id`),
  ADD KEY `premium_settings_business_scale_id_foreign` (`business_scale_id`);

--
-- Indexes for table `provinces`
--
ALTER TABLE `provinces`
  ADD PRIMARY KEY (`id`);

--
-- Indexes for table `sessions`
--
ALTER TABLE `sessions`
  ADD PRIMARY KEY (`id`),
  ADD KEY `sessions_user_id_index` (`user_id`),
  ADD KEY `sessions_last_activity_index` (`last_activity`);

--
-- Indexes for table `sets`
--
ALTER TABLE `sets`
  ADD PRIMARY KEY (`id`),
  ADD KEY `sets_course_id_foreign` (`course_id`);

--
-- Indexes for table `sets_old`
--
ALTER TABLE `sets_old`
  ADD PRIMARY KEY (`id`),
  ADD KEY `sets_course_id_foreign` (`course_id`);

--
-- Indexes for table `sliders`
--
ALTER TABLE `sliders`
  ADD PRIMARY KEY (`id`);

--
-- Indexes for table `social_accounts`
--
ALTER TABLE `social_accounts`
  ADD PRIMARY KEY (`id`),
  ADD UNIQUE KEY `social_accounts_provider_id_unique` (`provider_id`),
  ADD KEY `social_accounts_member_id_foreign` (`member_id`);

--
-- Indexes for table `social_media`
--
ALTER TABLE `social_media`
  ADD PRIMARY KEY (`id`),
  ADD KEY `social_media_member_id_foreign` (`member_id`);

--
-- Indexes for table `subscriptions`
--
ALTER TABLE `subscriptions`
  ADD PRIMARY KEY (`id`),
  ADD KEY `subscriptions_member_id_foreign` (`member_id`);

--
-- Indexes for table `subscription_premiums`
--
ALTER TABLE `subscription_premiums`
  ADD PRIMARY KEY (`id`),
  ADD KEY `subscription_premiums_member_id_foreign` (`member_id`);

--
-- Indexes for table `tbl_komen_artikel`
--
ALTER TABLE `tbl_komen_artikel`
  ADD PRIMARY KEY (`id`);

--
-- Indexes for table `tickets`
--
ALTER TABLE `tickets`
  ADD PRIMARY KEY (`id`),
  ADD KEY `tickets_event_id_foreign` (`event_id`);

--
-- Indexes for table `ticket_transaction`
--
ALTER TABLE `ticket_transaction`
  ADD PRIMARY KEY (`id`),
  ADD UNIQUE KEY `ticket_transaction_invoice_unique` (`invoice`),
  ADD KEY `ticket_transaction_transaction_id_foreign` (`transaction_id`),
  ADD KEY `ticket_transaction_ticket_id_foreign` (`ticket_id`);

--
-- Indexes for table `transaction_guests`
--
ALTER TABLE `transaction_guests`
  ADD PRIMARY KEY (`id`),
  ADD UNIQUE KEY `transaction_guests_transaction_id_unique` (`transaction_id`);

--
-- AUTO_INCREMENT for dumped tables
--

--
-- AUTO_INCREMENT for table `about_us`
--
ALTER TABLE `about_us`
  MODIFY `id` bigint(20) UNSIGNED NOT NULL AUTO_INCREMENT, AUTO_INCREMENT=2;

--
-- AUTO_INCREMENT for table `addresses`
--
ALTER TABLE `addresses`
  MODIFY `id` bigint(20) UNSIGNED NOT NULL AUTO_INCREMENT, AUTO_INCREMENT=1730;

--
-- AUTO_INCREMENT for table `articles`
--
ALTER TABLE `articles`
  MODIFY `id` int(11) NOT NULL AUTO_INCREMENT, AUTO_INCREMENT=67;

--
-- AUTO_INCREMENT for table `businesses`
--
ALTER TABLE `businesses`
  MODIFY `id` bigint(20) UNSIGNED NOT NULL AUTO_INCREMENT, AUTO_INCREMENT=341;

--
-- AUTO_INCREMENT for table `business_matchings`
--
ALTER TABLE `business_matchings`
  MODIFY `id` bigint(20) UNSIGNED NOT NULL AUTO_INCREMENT, AUTO_INCREMENT=51;

--
-- AUTO_INCREMENT for table `business_scales`
--
ALTER TABLE `business_scales`
  MODIFY `id` bigint(20) UNSIGNED NOT NULL AUTO_INCREMENT, AUTO_INCREMENT=6;

--
-- AUTO_INCREMENT for table `business_sectors`
--
ALTER TABLE `business_sectors`
  MODIFY `id` bigint(20) UNSIGNED NOT NULL AUTO_INCREMENT, AUTO_INCREMENT=16;

--
-- AUTO_INCREMENT for table `business_types`
--
ALTER TABLE `business_types`
  MODIFY `id` bigint(20) UNSIGNED NOT NULL AUTO_INCREMENT, AUTO_INCREMENT=12;

--
-- AUTO_INCREMENT for table `category_articles`
--
ALTER TABLE `category_articles`
  MODIFY `id` bigint(20) UNSIGNED NOT NULL AUTO_INCREMENT, AUTO_INCREMENT=2;

--
-- AUTO_INCREMENT for table `category_courses`
--
ALTER TABLE `category_courses`
  MODIFY `id` bigint(20) UNSIGNED NOT NULL AUTO_INCREMENT, AUTO_INCREMENT=3;

--
-- AUTO_INCREMENT for table `category_events`
--
ALTER TABLE `category_events`
  MODIFY `id` bigint(20) UNSIGNED NOT NULL AUTO_INCREMENT, AUTO_INCREMENT=6;

--
-- AUTO_INCREMENT for table `collaborations`
--
ALTER TABLE `collaborations`
  MODIFY `id` bigint(20) UNSIGNED NOT NULL AUTO_INCREMENT, AUTO_INCREMENT=9;

--
-- AUTO_INCREMENT for table `completed_lessons`
--
ALTER TABLE `completed_lessons`
  MODIFY `id` bigint(20) UNSIGNED NOT NULL AUTO_INCREMENT;

--
-- AUTO_INCREMENT for table `courses`
--
ALTER TABLE `courses`
  MODIFY `id` bigint(20) UNSIGNED NOT NULL AUTO_INCREMENT, AUTO_INCREMENT=5;

--
-- AUTO_INCREMENT for table `courses_old`
--
ALTER TABLE `courses_old`
  MODIFY `id` bigint(20) UNSIGNED NOT NULL AUTO_INCREMENT, AUTO_INCREMENT=5;

--
-- AUTO_INCREMENT for table `course_classes`
--
ALTER TABLE `course_classes`
  MODIFY `id` bigint(20) UNSIGNED NOT NULL AUTO_INCREMENT;

--
-- AUTO_INCREMENT for table `course_class_transactions`
--
ALTER TABLE `course_class_transactions`
  MODIFY `id` bigint(20) UNSIGNED NOT NULL AUTO_INCREMENT;

--
-- AUTO_INCREMENT for table `enrollments`
--
ALTER TABLE `enrollments`
  MODIFY `id` bigint(20) UNSIGNED NOT NULL AUTO_INCREMENT;

--
-- AUTO_INCREMENT for table `events`
--
ALTER TABLE `events`
  MODIFY `id` bigint(20) UNSIGNED NOT NULL AUTO_INCREMENT, AUTO_INCREMENT=11;

--
-- AUTO_INCREMENT for table `event_payment_configs`
--
ALTER TABLE `event_payment_configs`
  MODIFY `id` bigint(20) UNSIGNED NOT NULL AUTO_INCREMENT, AUTO_INCREMENT=5;

--
-- AUTO_INCREMENT for table `jobs`
--
ALTER TABLE `jobs`
  MODIFY `id` bigint(20) UNSIGNED NOT NULL AUTO_INCREMENT;

--
-- AUTO_INCREMENT for table `lessons`
--
ALTER TABLE `lessons`
  MODIFY `id` bigint(20) UNSIGNED NOT NULL AUTO_INCREMENT, AUTO_INCREMENT=5;

--
-- AUTO_INCREMENT for table `lesson_attendances`
--
ALTER TABLE `lesson_attendances`
  MODIFY `id` bigint(20) UNSIGNED NOT NULL AUTO_INCREMENT;

--
-- AUTO_INCREMENT for table `member_private_courses`
--
ALTER TABLE `member_private_courses`
  MODIFY `id` bigint(20) UNSIGNED NOT NULL AUTO_INCREMENT;

--
-- AUTO_INCREMENT for table `migrations`
--
ALTER TABLE `migrations`
  MODIFY `id` int(10) UNSIGNED NOT NULL AUTO_INCREMENT, AUTO_INCREMENT=97;

--
-- AUTO_INCREMENT for table `payments`
--
ALTER TABLE `payments`
  MODIFY `id` bigint(20) UNSIGNED NOT NULL AUTO_INCREMENT, AUTO_INCREMENT=24;

--
-- AUTO_INCREMENT for table `premium_settings`
--
ALTER TABLE `premium_settings`
  MODIFY `id` bigint(20) UNSIGNED NOT NULL AUTO_INCREMENT, AUTO_INCREMENT=3;

--
-- AUTO_INCREMENT for table `provinces`
--
ALTER TABLE `provinces`
  MODIFY `id` bigint(20) UNSIGNED NOT NULL AUTO_INCREMENT, AUTO_INCREMENT=95;

--
-- AUTO_INCREMENT for table `sets`
--
ALTER TABLE `sets`
  MODIFY `id` bigint(20) UNSIGNED NOT NULL AUTO_INCREMENT, AUTO_INCREMENT=11;

--
-- AUTO_INCREMENT for table `sets_old`
--
ALTER TABLE `sets_old`
  MODIFY `id` bigint(20) UNSIGNED NOT NULL AUTO_INCREMENT, AUTO_INCREMENT=11;

--
-- AUTO_INCREMENT for table `sliders`
--
ALTER TABLE `sliders`
  MODIFY `id` bigint(20) UNSIGNED NOT NULL AUTO_INCREMENT, AUTO_INCREMENT=9;

--
-- AUTO_INCREMENT for table `social_accounts`
--
ALTER TABLE `social_accounts`
  MODIFY `id` bigint(20) UNSIGNED NOT NULL AUTO_INCREMENT;

--
-- AUTO_INCREMENT for table `social_media`
--
ALTER TABLE `social_media`
  MODIFY `id` bigint(20) UNSIGNED NOT NULL AUTO_INCREMENT, AUTO_INCREMENT=112;

--
-- AUTO_INCREMENT for table `subscriptions`
--
ALTER TABLE `subscriptions`
  MODIFY `id` bigint(20) UNSIGNED NOT NULL AUTO_INCREMENT, AUTO_INCREMENT=16;

--
-- AUTO_INCREMENT for table `subscription_premiums`
--
ALTER TABLE `subscription_premiums`
  MODIFY `id` bigint(20) UNSIGNED NOT NULL AUTO_INCREMENT;

--
-- AUTO_INCREMENT for table `tbl_komen_artikel`
--
ALTER TABLE `tbl_komen_artikel`
  MODIFY `id` bigint(20) UNSIGNED NOT NULL AUTO_INCREMENT, AUTO_INCREMENT=9;

--
-- AUTO_INCREMENT for table `tickets`
--
ALTER TABLE `tickets`
  MODIFY `id` bigint(20) UNSIGNED NOT NULL AUTO_INCREMENT, AUTO_INCREMENT=15;

--
-- AUTO_INCREMENT for table `ticket_transaction`
--
ALTER TABLE `ticket_transaction`
  MODIFY `id` bigint(20) UNSIGNED NOT NULL AUTO_INCREMENT, AUTO_INCREMENT=765;

--
-- AUTO_INCREMENT for table `transaction_guests`
--
ALTER TABLE `transaction_guests`
  MODIFY `id` bigint(20) UNSIGNED NOT NULL AUTO_INCREMENT, AUTO_INCREMENT=454;

--
-- Constraints for dumped tables
--

--
-- Constraints for table `addresses`
--
ALTER TABLE `addresses`
  ADD CONSTRAINT `addresses_member_id_foreign` FOREIGN KEY (`member_id`) REFERENCES `members` (`id`) ON DELETE CASCADE,
  ADD CONSTRAINT `addresses_province_id_foreign` FOREIGN KEY (`province_id`) REFERENCES `provinces` (`id`) ON DELETE CASCADE;

--
-- Constraints for table `businesses`
--
ALTER TABLE `businesses`
  ADD CONSTRAINT `businesses_business_scale_id_foreign` FOREIGN KEY (`business_scale_id`) REFERENCES `business_scales` (`id`) ON DELETE CASCADE,
  ADD CONSTRAINT `businesses_business_sector_id_foreign` FOREIGN KEY (`business_sector_id`) REFERENCES `business_sectors` (`id`) ON DELETE CASCADE,
  ADD CONSTRAINT `businesses_business_type_id_foreign` FOREIGN KEY (`business_type_id`) REFERENCES `business_types` (`id`) ON DELETE CASCADE,
  ADD CONSTRAINT `businesses_member_id_foreign` FOREIGN KEY (`member_id`) REFERENCES `members` (`id`) ON DELETE CASCADE;

--
-- Constraints for table `business_matchings`
--
ALTER TABLE `business_matchings`
  ADD CONSTRAINT `business_matchings_event_id_foreign` FOREIGN KEY (`event_id`) REFERENCES `events` (`id`) ON DELETE CASCADE,
  ADD CONSTRAINT `business_matchings_member_id_foreign` FOREIGN KEY (`member_id`) REFERENCES `members` (`id`) ON DELETE CASCADE;

--
-- Constraints for table `collaborations`
--
ALTER TABLE `collaborations`
  ADD CONSTRAINT `collaborations_event_id_foreign` FOREIGN KEY (`event_id`) REFERENCES `events` (`id`) ON DELETE CASCADE,
  ADD CONSTRAINT `collaborations_from_member_id_foreign` FOREIGN KEY (`from_member_id`) REFERENCES `members` (`id`) ON DELETE CASCADE,
  ADD CONSTRAINT `collaborations_member_id_foreign` FOREIGN KEY (`member_id`) REFERENCES `members` (`id`) ON DELETE CASCADE;

--
-- Constraints for table `completed_lessons`
--
ALTER TABLE `completed_lessons`
  ADD CONSTRAINT `completed_lessons_lesson_id_foreign` FOREIGN KEY (`lesson_id`) REFERENCES `lessons` (`id`) ON DELETE CASCADE,
  ADD CONSTRAINT `completed_lessons_member_id_foreign` FOREIGN KEY (`member_id`) REFERENCES `members` (`id`) ON DELETE CASCADE;

--
-- Constraints for table `courses`
--
ALTER TABLE `courses`
  ADD CONSTRAINT `courses_category_course_id_foreign` FOREIGN KEY (`category_course_id`) REFERENCES `category_courses` (`id`) ON DELETE CASCADE,
  ADD CONSTRAINT `courses_user_id_foreign` FOREIGN KEY (`user_id`) REFERENCES `users` (`id`) ON DELETE CASCADE;

--
-- Constraints for table `course_classes`
--
ALTER TABLE `course_classes`
  ADD CONSTRAINT `course_classes_course_id_foreign` FOREIGN KEY (`course_id`) REFERENCES `courses` (`id`) ON DELETE CASCADE;

--
-- Constraints for table `course_class_transactions`
--
ALTER TABLE `course_class_transactions`
  ADD CONSTRAINT `course_class_transactions_course_class_id_foreign` FOREIGN KEY (`course_class_id`) REFERENCES `course_classes` (`id`) ON DELETE CASCADE,
  ADD CONSTRAINT `course_class_transactions_transaction_id_foreign` FOREIGN KEY (`transaction_id`) REFERENCES `transactions` (`id`) ON DELETE CASCADE;

--
-- Constraints for table `enrollments`
--
ALTER TABLE `enrollments`
  ADD CONSTRAINT `enrollments_course_id_foreign` FOREIGN KEY (`course_id`) REFERENCES `courses` (`id`) ON DELETE CASCADE,
  ADD CONSTRAINT `enrollments_member_id_foreign` FOREIGN KEY (`member_id`) REFERENCES `members` (`id`) ON DELETE CASCADE,
  ADD CONSTRAINT `enrollments_transaction_id_foreign` FOREIGN KEY (`transaction_id`) REFERENCES `transactions` (`id`) ON DELETE CASCADE;

--
-- Constraints for table `events`
--
ALTER TABLE `events`
  ADD CONSTRAINT `events_category_event_id_foreign` FOREIGN KEY (`category_event_id`) REFERENCES `category_events` (`id`) ON DELETE CASCADE,
  ADD CONSTRAINT `events_province_id_foreign` FOREIGN KEY (`province_id`) REFERENCES `provinces` (`id`) ON DELETE CASCADE,
  ADD CONSTRAINT `events_user_id_foreign` FOREIGN KEY (`user_id`) REFERENCES `users` (`id`) ON DELETE CASCADE;

--
-- Constraints for table `event_payment_configs`
--
ALTER TABLE `event_payment_configs`
  ADD CONSTRAINT `event_payment_configs_event_id_foreign` FOREIGN KEY (`event_id`) REFERENCES `events` (`id`) ON DELETE CASCADE;

--
-- Constraints for table `lessons`
--
ALTER TABLE `lessons`
  ADD CONSTRAINT `lessons_course_id_foreign` FOREIGN KEY (`course_id`) REFERENCES `courses` (`id`) ON DELETE CASCADE,
  ADD CONSTRAINT `lessons_set_id_foreign` FOREIGN KEY (`set_id`) REFERENCES `sets` (`id`) ON DELETE CASCADE;

--
-- Constraints for table `lesson_attendances`
--
ALTER TABLE `lesson_attendances`
  ADD CONSTRAINT `lesson_attendances_lesson_id_foreign` FOREIGN KEY (`lesson_id`) REFERENCES `lessons` (`id`) ON DELETE CASCADE,
  ADD CONSTRAINT `lesson_attendances_member_id_foreign` FOREIGN KEY (`member_id`) REFERENCES `members` (`id`) ON DELETE CASCADE;

--
-- Constraints for table `member_private_courses`
--
ALTER TABLE `member_private_courses`
  ADD CONSTRAINT `member_private_courses_course_id_foreign` FOREIGN KEY (`course_id`) REFERENCES `courses` (`id`) ON DELETE CASCADE,
  ADD CONSTRAINT `member_private_courses_member_id_foreign` FOREIGN KEY (`member_id`) REFERENCES `members` (`id`) ON DELETE CASCADE;

--
-- Constraints for table `payments`
--
ALTER TABLE `payments`
  ADD CONSTRAINT `payments_transaction_id_foreign` FOREIGN KEY (`transaction_id`) REFERENCES `transactions` (`id`) ON DELETE CASCADE;

--
-- Constraints for table `sets`
--
ALTER TABLE `sets`
  ADD CONSTRAINT `sets_course_id_foreign` FOREIGN KEY (`course_id`) REFERENCES `courses` (`id`) ON DELETE CASCADE;

--
-- Constraints for table `social_accounts`
--
ALTER TABLE `social_accounts`
  ADD CONSTRAINT `social_accounts_member_id_foreign` FOREIGN KEY (`member_id`) REFERENCES `members` (`id`) ON DELETE CASCADE;

--
-- Constraints for table `social_media`
--
ALTER TABLE `social_media`
  ADD CONSTRAINT `social_media_member_id_foreign` FOREIGN KEY (`member_id`) REFERENCES `members` (`id`) ON DELETE CASCADE;

--
-- Constraints for table `subscriptions`
--
ALTER TABLE `subscriptions`
  ADD CONSTRAINT `subscriptions_member_id_foreign` FOREIGN KEY (`member_id`) REFERENCES `members` (`id`) ON DELETE CASCADE;

--
-- Constraints for table `tickets`
--
ALTER TABLE `tickets`
  ADD CONSTRAINT `tickets_event_id_foreign` FOREIGN KEY (`event_id`) REFERENCES `events` (`id`) ON DELETE CASCADE;

--
-- Constraints for table `ticket_transaction`
--
ALTER TABLE `ticket_transaction`
  ADD CONSTRAINT `ticket_transaction_ticket_id_foreign` FOREIGN KEY (`ticket_id`) REFERENCES `tickets` (`id`) ON DELETE CASCADE,
  ADD CONSTRAINT `ticket_transaction_transaction_id_foreign` FOREIGN KEY (`transaction_id`) REFERENCES `transactions` (`id`) ON DELETE CASCADE;

--
-- Constraints for table `transaction_guests`
--
ALTER TABLE `transaction_guests`
  ADD CONSTRAINT `transaction_guests_transaction_id_foreign` FOREIGN KEY (`transaction_id`) REFERENCES `transactions` (`id`) ON DELETE CASCADE;
COMMIT;

